 {"id":29,"date":"2023-12-15T11:27:29","date_gmt":"2023-12-15T10:27:29","guid":{"rendered":"https:\/\/blogs.univ-tlse2.fr\/2e2d\/?page_id=29"},"modified":"2024-03-17T14:42:28","modified_gmt":"2024-03-17T13:42:28","slug":"programme","status":"publish","type":"page","link":"https:\/\/blogs.univ-tlse2.fr\/2e2d\/le-master\/programme\/","title":{"rendered":"Programme"},"content":{"rendered":"\n<p class=\"has-large-font-size\"><strong>Le d\u00e9tail des cours<\/strong><\/p>\n\n\n\n<div class=\"wp-block-columns is-layout-flex wp-container-core-columns-is-layout-9d6595d7 wp-block-columns-is-layout-flex\">\n<div class=\"wp-block-column is-layout-flow wp-block-column-is-layout-flow\">\n<p class=\"has-text-align-center has-text-color has-link-color has-medium-font-size wp-elements-b6ffb6a2ddec0aa07de7b37f8d0d75ce\" style=\"color:#4c804b\"><strong>Master 1<\/strong><\/p>\n\n\n\n<p><strong>Les fondamentaux de l\u2019\u00e9conomie \u00e9cologique<\/strong><br>Ce cours a pour objectif d\u2019analyser l\u2019\u00e9conomie \u00e9cologique comme centre de gravit\u00e9 des d\u00e9bats essentiels autour des questions d\u2019environnement et de d\u00e9veloppement soutenable.<br><br><strong>L\u2019\u00e9conomie \u00e9cologique : un enjeu majeur du secteur agricole et agroalimentaire<\/strong><br>L&rsquo;objectif est d&rsquo;analyser les enjeux particuliers pos\u00e9s par l&rsquo;\u00e9conomie \u00e9cologique dans le secteur agricole et agroalimentaire dans des contextes de pays du Nord comme du Sud.<br><br><strong>Th\u00e9ories et politiques du d\u00e9veloppement<\/strong><br>Ce cours est consacr\u00e9 \u00e0 l\u2019\u00e9tude des th\u00e9ories et politiques de d\u00e9veloppement.&nbsp;<br><br><strong>R\u00e9silience alimentaire et microfinance <\/strong><br>Ce cours, centr\u00e9 sur une \u00e9tude de cas sur le Burkina Faso, porte sur la r\u00e9silience alimentaire et la microfinance dans les m\u00e9nages ruraux.<br><br><strong>Approche des communs<\/strong><br>Ce cours a pour objectif de permettre aux \u00e9tudiants de mener une r\u00e9flexion th\u00e9orique, conceptuelle et critique sur les communs.<br><br><strong>M\u00e9thodes quantitatives pour les sciences sociales 1<\/strong><br>L&rsquo;objectif de cet enseignement est triple:&nbsp;<br>\u2028- Comprendre les enjeux de la quantification des ph\u00e9nom\u00e8nes sociaux;<br>\u2028- Acqu\u00e9rir une capacit\u00e9 \u00e0 lire et interpr\u00e9ter des donn\u00e9es chiffr\u00e9es;<br>&#8211; Apprendre \u00e0 r\u00e9aliser des analyses statistiques et \u00e0 raisonner \u00e0 partir de ces analyses.<br><br><strong>M\u00e9moire de recherche<\/strong><br>R\u00e9alisation d&rsquo;un m\u00e9moire de recherche sur l&rsquo;une des th\u00e9matiques du master.<br><br><strong>Conflits socio-environnementaux dans les Suds<\/strong><br>\u00c0 partir d\u2019une grille de lecture pluridisciplinaire, ce cours vise \u00e0 expliciter et d\u00e9crypter les conflits socio-environnementaux dans les pays des Suds. <br><br><strong>Institutionnalismes<\/strong><br>Prenant appui sur diff\u00e9rents travaux \u00e9conomiques conduits d\u00e8s le d\u00e9but du XXe si\u00e8cle, le cours part du postulat selon lequel les id\u00e9es et les id\u00e9ologies cristallis\u00e9es dans les institutions d\u2019une soci\u00e9t\u00e9 comptent.<br><br><strong>Approches critiques du d\u00e9veloppement<\/strong><br>Ce cours approfondit les approches critiques du d\u00e9veloppement, ainsi que les alternatives. <br><br><strong>S\u00e9minaires th\u00e9matiques et m\u00e9thodologiques<\/strong><br>Une s\u00e9rie de s\u00e9minaires de chercheur.ses et d&rsquo;intervenant.es professionnel.les (ONG, organisations internationales, d\u00e9cideurs) sur des th\u00e9matiques vari\u00e9es li\u00e9es au d\u00e9veloppement durable, aux transitions et \u00e0 l&rsquo;\u00e9tude du d\u00e9veloppement (politiques climatiques, transition agro\u00e9cologique, biodiversit\u00e9, eau, risques, ODD&#8230;).<br><br><strong>Anglais appliqu\u00e9 \u00e0 l\u2019\u00e9conomie<\/strong><br>Ce cours se donne pour double objectif d\u2019amener les \u00e9tudiant.e.s \u00e0 se sp\u00e9cialiser dans le domaine de l\u2019\u00e9conomie \u00e9cologique et du d\u00e9veloppement durable, tout en am\u00e9liorant leur niveau d\u2019anglais dans les comp\u00e9tences de compr\u00e9hension de l\u2019\u00e9crit et de l\u2019oral.<br><br><strong>Politiques publiques et d\u00e9veloppement territorial<\/strong><br>Le premier objectif du cours est de livrer les cl\u00e9s de compr\u00e9hension de ce qu\u2019il est convenu d\u2019appeler le processus de territorialisation de l\u2019action publique. Le second objectif est de permettre aux \u00e9tudiants d\u2019appr\u00e9hender les modalit\u00e9s de construction d\u2019une politique publique et la mani\u00e8re dont les acteurs s\u2019en emparent.<\/p>\n<\/div>\n\n\n\n<div class=\"wp-block-column is-layout-flow wp-block-column-is-layout-flow\">\n<p class=\"has-text-align-center has-regular-font-size\"> <strong>Master 2<\/strong><\/p>\n\n\n\n<p><strong>Th\u00e9orie socio-\u00e9conomique de la valeur&nbsp;<\/strong><br>Ce cours a pour objectif de pr\u00e9senter un cadre conceptuel permettant de saisir la diversit\u00e9 des valeurs que l\u2019on attribue \u00e0 l\u2019environnement, ainsi que des types de transition et modalit\u00e9s de gouvernance qui y sont associ\u00e9es.<\/p>\n\n\n\n<p><strong>Gouvernance de services \u00e9cosyst\u00e9miques : eau et haies&nbsp;<\/strong><br>Ce cours porte sur la gouvernance et les politiques de l\u2019eau (comme ressource, service, droit et commun) et des haies. Il vise \u00e0 comprendre les enjeux de l\u2019eau et des haies aux diff\u00e9rentes \u00e9chelles mais \u00e9galement \u00e0 conna\u00eetre les principales r\u00e9ponses pour surmonter ces enjeux.<\/p>\n\n\n\n<p><strong>Th\u00e9orie des organisations&nbsp;<\/strong><br>Ce cours s\u2019int\u00e9resse aux pratiques manag\u00e9riales et \u00e0 leur th\u00e9orisation. Il consiste \u00e0 examiner les diff\u00e9rents mod\u00e8les qui d\u00e9finissent l\u2019organisation, des th\u00e9ories classiques aux approches contemporaines.<\/p>\n\n\n\n<p><strong>Management des syst\u00e8mes productifs<\/strong><br>L\u2019objectif est d\u2019appr\u00e9hender l\u2019organisation en tant que syst\u00e8me productif \u00e0 travers ses diff\u00e9rentes dimensions, et ce de mani\u00e8re th\u00e9orique et appliqu\u00e9e.<\/p>\n\n\n\n<p><strong>Responsabilit\u00e9 sociale et environnementale des entreprises<\/strong> <strong>(RSE)<\/strong><br>L\u2019objectif est d\u2019une part d&rsquo;expliciter le concept de RSE, ses fondements ainsi que les d\u00e9bats qu\u2019il suscite, et d\u2019autre part de mettre les \u00e9tudiant.e.s en situation r\u00e9elle d\u2019expertise en analysant la strat\u00e9gie RSE d\u2019une entreprise.<\/p>\n\n\n\n<p><strong>\u00c9valuation environnementale&nbsp;<\/strong><br>Ce cours porte sur les diff\u00e9rentes m\u00e9thodes d\u2019\u00e9valuation \u00e9conomique des impacts de projets sur l\u2019environnement et les outils d\u2019aide \u00e0 la d\u00e9cision, avec plusieurs applications.<\/p>\n\n\n\n<p><strong>Comptabilit\u00e9 environnementale&nbsp;<\/strong><br>Ce cours est consacr\u00e9 \u00e0 la th\u00e9matique de la comptatibilit\u00e9 environnementale (critique du mod\u00e8le comptable traditionnel et de la forme actuelle de la RSE ; ouverture sur des perspectives de comptabilit\u00e9s int\u00e9gr\u00e9es \u00e0 l\u2019\u00e9chelle de l\u2019organisation et \u00e9cosyst\u00e9miques ; application au cas du climat.)<\/p>\n\n\n\n<p><strong>S\u00e9minaires et conduite de projets<\/strong><br>L\u2019objectif est de donner aux \u00e9tudiants des outils pratiques en mati\u00e8re de gestion de projet : travailler sur des cas concrets de projets d\u00e9velopp\u00e9s dans la r\u00e9gion ou sur d\u2019autres territoires et r\u00e9aliser des exercices pratiques de m\u00e9thodologies en gestion de projet.<\/p>\n\n\n\n<p><strong>M\u00e9thodes quantitatives pour les sciences sociales 2<\/strong><br>Ce cours, dans la continuit\u00e9 du M1, sera centr\u00e9 sur des questions relatives \u00e0 l&rsquo;environnement et \u00e0 l&rsquo;\u00e9cologie.<\/p>\n\n\n\n<p><strong>S\u00e9minaires th\u00e9matiques et m\u00e9thodologiques<\/strong><br>Une s\u00e9rie de s\u00e9minaires de chercheur.ses et d&rsquo;intervenant.es professionnel.les (ONG, organisations internationales, d\u00e9cideurs) sur des th\u00e9matiques vari\u00e9es li\u00e9es au d\u00e9veloppement durable, aux transitions et \u00e0 l&rsquo;\u00e9tude du d\u00e9veloppement (politiques climatiques, transition agro\u00e9cologique, biodiversit\u00e9, eau, risques, ODD&#8230;).<\/p>\n\n\n\n<p><strong>G\u00e9opolitique et analyse risque pays&nbsp;<\/strong><br>Le cours vise \u00e0 donner les comp\u00e9tences n\u00e9cessaires \u00e0 la r\u00e9alisation d\u2019analyses risque pays. Il se concentre sur des \u00e9tudes de cas situ\u00e9es au Moyen-Orient afin de proposer des cl\u00e9s de lecture sur les contextes politiques des pays de la r\u00e9gion, ainsi que sur la fa\u00e7on dont les acteurs locaux se projettent \u00e0 l\u2019international.<\/p>\n\n\n\n<p><strong>Anglais de sp\u00e9cialit\u00e9 <\/strong><br>Il s&rsquo;agit d&rsquo;un cours d&rsquo;anglais technique appliqu\u00e9 \u00e0 l&rsquo;\u00e9conomie dont les objectifs sont les suivants : Compr\u00e9hension de l\u2019\u00e9crit afin de pouvoir lire efficacement et comprendre de mani\u00e8re pr\u00e9cise et approfondie des articles scientifiques, des dossiers ou notices techniques en lien avec les grandes th\u00e9matiques abord\u00e9es dans ce master.<\/p>\n<\/div>\n<\/div>\n\n\n\n<hr class=\"wp-block-separator has-alpha-channel-opacity\" \/>\n\n\n\n<div class=\"wp-block-file\"><a id=\"wp-block-file--media-2e9b30b3-8c2d-4c2e-a935-4e6d1afcee0d\" href=\"https:\/\/blogs.univ-tlse2.fr\/2e2d\/files\/2024\/03\/Catalogue-Master-2021-2025-2e2d-economie-ecologique-et-developpement-durable-1.pdf\">Le catalogue du Master<\/a><a href=\"https:\/\/blogs.univ-tlse2.fr\/2e2d\/files\/2024\/03\/Catalogue-Master-2021-2025-2e2d-economie-ecologique-et-developpement-durable-1.pdf\" class=\"wp-block-file__button wp-element-button\" download aria-describedby=\"wp-block-file--media-2e9b30b3-8c2d-4c2e-a935-4e6d1afcee0d\">T\u00e9l\u00e9charger<\/a><\/div>\n\n\n\n<div class=\"wp-block-file aligncenter\"><a id=\"wp-block-file--media-5a9dbc8a-cd2d-4736-8393-d87eb0ae06bf\" href=\"https:\/\/blogs.univ-tlse2.fr\/2e2d\/files\/2024\/03\/Master-EEDD-2020_2.pdf\">La plaquette du Master<\/a><a href=\"https:\/\/blogs.univ-tlse2.fr\/2e2d\/files\/2024\/03\/Master-EEDD-2020_2.pdf\" class=\"wp-block-file__button wp-element-button\" download aria-describedby=\"wp-block-file--media-5a9dbc8a-cd2d-4736-8393-d87eb0ae06bf\">T\u00e9l\u00e9charger<\/a><\/div>\n\n\n","protected":false},"excerpt":{"rendered":"<p>Le d\u00e9tail des cours Master 1 Les fondamentaux de l\u2019\u00e9conomie \u00e9cologiqueCe cours a pour objectif d\u2019analyser l\u2019\u00e9conomie \u00e9cologique comme centre de gravit\u00e9 des d\u00e9bats essentiels autour des questions d\u2019environnement et de d\u00e9veloppement soutenable. L\u2019\u00e9conomie \u00e9cologique : un enjeu majeur du secteur agricole et agroalimentaireL&rsquo;objectif est d&rsquo;analyser les enjeux particuliers pos\u00e9s par l&rsquo;\u00e9conomie \u00e9cologique dans le [&hellip;]<\/p>\n","protected":false},"author":1388,"featured_media":0,"parent":18,"menu_order":-2,"comment_status":"closed","ping_status":"closed","template":"","meta":{"footnotes":""},"class_list":["post-29","page","type-page","status-publish","hentry","post-preview"],"_links":{"self":[{"href":"https:\/\/blogs.univ-tlse2.fr\/2e2d\/wp-json\/wp\/v2\/pages\/29","targetHints":{"allow":["GET"]}}],"collection":[{"href":"https:\/\/blogs.univ-tlse2.fr\/2e2d\/wp-json\/wp\/v2\/pages"}],"about":[{"href":"https:\/\/blogs.univ-tlse2.fr\/2e2d\/wp-json\/wp\/v2\/types\/page"}],"author":[{"embeddable":true,"href":"https:\/\/blogs.univ-tlse2.fr\/2e2d\/wp-json\/wp\/v2\/users\/1388"}],"replies":[{"embeddable":true,"href":"https:\/\/blogs.univ-tlse2.fr\/2e2d\/wp-json\/wp\/v2\/comments?post=29"}],"version-history":[{"count":21,"href":"https:\/\/blogs.univ-tlse2.fr\/2e2d\/wp-json\/wp\/v2\/pages\/29\/revisions"}],"predecessor-version":[{"id":441,"href":"https:\/\/blogs.univ-tlse2.fr\/2e2d\/wp-json\/wp\/v2\/pages\/29\/revisions\/441"}],"up":[{"embeddable":true,"href":"https:\/\/blogs.univ-tlse2.fr\/2e2d\/wp-json\/wp\/v2\/pages\/18"}],"wp:attachment":[{"href":"https:\/\/blogs.univ-tlse2.fr\/2e2d\/wp-json\/wp\/v2\/media?parent=29"}],"curies":[{"name":"wp","href":"https:\/\/api.w.org\/{rel}","templated":true}]}}