 {"id":37,"date":"2023-12-15T11:29:51","date_gmt":"2023-12-15T10:29:51","guid":{"rendered":"https:\/\/blogs.univ-tlse2.fr\/2e2d\/?page_id=37"},"modified":"2025-01-20T11:13:41","modified_gmt":"2025-01-20T10:13:41","slug":"contacts","status":"publish","type":"page","link":"https:\/\/blogs.univ-tlse2.fr\/2e2d\/contacts-et-faq\/contacts\/","title":{"rendered":"Contacts"},"content":{"rendered":"\n<p>Vous avez des questions sur le master 2E2D et vous ne trouvez pas les r\u00e9ponses sur notre site ? Aucun probl\u00e8me, l&rsquo;\u00e9quipe du master est l\u00e0 pour vous r\u00e9pondre, n&rsquo;h\u00e9sitez pas \u00e0 la contacter !<\/p>\n\n\n\n<h2 class=\"wp-block-heading has-large-font-size\"><strong>Les co-responsables du master<\/strong><\/h2>\n\n\n\n<p>G\u00e9raldine Froger, g&#x65;&#x72;a&#108;&#x64;i&#110;&#x65;&#x2e;f&#x72;&#x6f;g&#101;&#x72;&#64;&#117;&#x6e;&#x69;v&#x2d;&#x74;l&#115;&#x65;2&#46;&#x66;&#x72;<\/p>\n\n\n\n<p>H\u00e9lo\u00efse Valette, &#x68;&#x65;&#x6c;&#x6f;&#x69;&#x73;&#x65;&#x2e;&#x76;&#x61;&#x6c;&#x65;&#x74;&#x74;&#x65;&#x40;&#x75;&#x6e;&#x69;&#x76;&#x2d;&#x74;&#108;&#115;&#101;&#50;&#46;&#102;&#114;<\/p>\n\n\n\n<p>Fran\u00e7ois Fall, &#x66;&#x72;&#x61;&#x6e;&#x63;&#x6f;&#x69;&#x73;&#x2e;&#x66;&#x61;&#x6c;&#x6c;&#x40;&#x75;&#x6e;&#x69;&#x76;&#x2d;&#x74;&#x6c;&#x73;&#x65;&#x32;&#x2e;&#x66;&#x72;<\/p>\n\n\n\n<p><\/p>\n\n\n\n<h2 class=\"wp-block-heading has-large-font-size\"><strong>La gestionnaire de scolarit\u00e9<\/strong><\/h2>\n\n\n\n<p>Am\u00e9lie Chagnon, mast&#101;&#114;&#x32;&#x65;&#x32;&#x64;&#x40;univ&#45;&#116;&#x6c;&#x73;&#x65;&#x32;&#x2e;fr<\/p>\n","protected":false},"excerpt":{"rendered":"<p>Vous avez des questions sur le master 2E2D et vous ne trouvez pas les r\u00e9ponses sur notre site ? Aucun probl\u00e8me, l&rsquo;\u00e9quipe du master est l\u00e0 pour vous r\u00e9pondre, n&rsquo;h\u00e9sitez pas \u00e0 la contacter ! Les co-responsables du master G\u00e9raldine Froger, &#x67;&#x65;ra&#x6c;&#x64;&#105;ne&#x2e;&#x66;ro&#x67;&#x65;&#114;&#64;u&#x6e;&#x69;v-&#x74;&#x6c;&#115;e2&#x2e;&#x66;&#114; H\u00e9lo\u00efse Valette, &#104;&#x65;&#108;&#x6f;&#105;&#x73;&#101;&#x2e;&#118;&#x61;&#108;&#x65;&#116;&#x74;&#101;&#x40;&#117;&#x6e;&#105;&#x76;&#45;&#x74;&#108;&#x73;&#101;&#x32;&#46;&#x66;&#114; Fran\u00e7ois Fall, &#x66;&#x72;&#97;nc&#x6f;&#x69;&#x73;&#46;fa&#x6c;&#x6c;&#x40;&#117;ni&#x76;&#x2d;&#x74;&#108;se&#x32;&#x2e;&#x66;&#114; La gestionnaire de scolarit\u00e9 Am\u00e9lie Chagnon, m&#x61;st&#x65;r2&#x65;2&#100;&#x40;u&#110;&#x69;v&#45;&#x74;l&#115;&#x65;2&#46;&#x66;r<\/p>\n","protected":false},"author":1388,"featured_media":0,"parent":34,"menu_order":-2,"comment_status":"closed","ping_status":"closed","template":"","meta":{"footnotes":""},"class_list":["post-37","page","type-page","status-publish","hentry","post-preview"],"_links":{"self":[{"href":"https:\/\/blogs.univ-tlse2.fr\/2e2d\/wp-json\/wp\/v2\/pages\/37","targetHints":{"allow":["GET"]}}],"collection":[{"href":"https:\/\/blogs.univ-tlse2.fr\/2e2d\/wp-json\/wp\/v2\/pages"}],"about":[{"href":"https:\/\/blogs.univ-tlse2.fr\/2e2d\/wp-json\/wp\/v2\/types\/page"}],"author":[{"embeddable":true,"href":"https:\/\/blogs.univ-tlse2.fr\/2e2d\/wp-json\/wp\/v2\/users\/1388"}],"replies":[{"embeddable":true,"href":"https:\/\/blogs.univ-tlse2.fr\/2e2d\/wp-json\/wp\/v2\/comments?post=37"}],"version-history":[{"count":4,"href":"https:\/\/blogs.univ-tlse2.fr\/2e2d\/wp-json\/wp\/v2\/pages\/37\/revisions"}],"predecessor-version":[{"id":596,"href":"https:\/\/blogs.univ-tlse2.fr\/2e2d\/wp-json\/wp\/v2\/pages\/37\/revisions\/596"}],"up":[{"embeddable":true,"href":"https:\/\/blogs.univ-tlse2.fr\/2e2d\/wp-json\/wp\/v2\/pages\/34"}],"wp:attachment":[{"href":"https:\/\/blogs.univ-tlse2.fr\/2e2d\/wp-json\/wp\/v2\/media?parent=37"}],"curies":[{"name":"wp","href":"https:\/\/api.w.org\/{rel}","templated":true}]}}

<p>Vous avez des questions sur le master 2E2D et vous ne trouvez pas les réponses sur notre site ? Aucun problème, l&rsquo;équipe du master est là pour vous répondre, n&rsquo;hésitez pas à la contacter !</p>



<h2 class="wp-block-heading has-large-font-size"><strong>Les co-responsables du master</strong></h2>



<p>Géraldine Froger, g&#x65;&#x72;a&#108;&#x64;i&#110;&#x65;&#x2e;f&#x72;&#x6f;g&#101;&#x72;&#64;&#117;&#x6e;&#x69;v&#x2d;&#x74;l&#115;&#x65;2&#46;&#x66;&#x72;</p>



<p>Héloïse Valette, &#x68;&#x65;&#x6c;&#x6f;&#x69;&#x73;&#x65;&#x2e;&#x76;&#x61;&#x6c;&#x65;&#x74;&#x74;&#x65;&#x40;&#x75;&#x6e;&#x69;&#x76;&#x2d;&#x74;&#108;&#115;&#101;&#50;&#46;&#102;&#114;</p>



<p>François Fall, &#x66;&#x72;&#x61;&#x6e;&#x63;&#x6f;&#x69;&#x73;&#x2e;&#x66;&#x61;&#x6c;&#x6c;&#x40;&#x75;&#x6e;&#x69;&#x76;&#x2d;&#x74;&#x6c;&#x73;&#x65;&#x32;&#x2e;&#x66;&#x72;</p>



<p></p>



<h2 class="wp-block-heading has-large-font-size"><strong>La gestionnaire de scolarité</strong></h2>



<p>Amélie Chagnon, mast&#101;&#114;&#x32;&#x65;&#x32;&#x64;&#x40;univ&#45;&#116;&#x6c;&#x73;&#x65;&#x32;&#x2e;fr</p>

<p>Vous avez des questions sur le master 2E2D et vous ne trouvez pas les réponses sur notre site ? Aucun problème, l&rsquo;équipe du master est là pour vous répondre, n&rsquo;hésitez pas à la contacter ! Les co-responsables du master Géraldine Froger, &#x67;&#x65;ra&#x6c;&#x64;&#105;ne&#x2e;&#x66;ro&#x67;&#x65;&#114;&#64;u&#x6e;&#x69;v-&#x74;&#x6c;&#115;e2&#x2e;&#x66;&#114; Héloïse Valette, &#104;&#x65;&#108;&#x6f;&#105;&#x73;&#101;&#x2e;&#118;&#x61;&#108;&#x65;&#116;&#x74;&#101;&#x40;&#117;&#x6e;&#105;&#x76;&#45;&#x74;&#108;&#x73;&#101;&#x32;&#46;&#x66;&#114; François Fall, &#x66;&#x72;&#97;nc&#x6f;&#x69;&#x73;&#46;fa&#x6c;&#x6c;&#x40;&#117;ni&#x76;&#x2d;&#x74;&#108;se&#x32;&#x2e;&#x66;&#114; La gestionnaire de scolarité Amélie Chagnon, m&#x61;st&#x65;r2&#x65;2&#100;&#x40;u&#110;&#x69;v&#45;&#x74;l&#115;&#x65;2&#46;&#x66;r</p>
