 {"id":50,"date":"2023-12-15T11:31:59","date_gmt":"2023-12-15T10:31:59","guid":{"rendered":"https:\/\/blogs.univ-tlse2.fr\/2e2d\/?page_id=50"},"modified":"2026-02-19T10:04:46","modified_gmt":"2026-02-19T09:04:46","slug":"actualites","status":"publish","type":"page","link":"https:\/\/blogs.univ-tlse2.fr\/2e2d\/actualites\/","title":{"rendered":"Actualit\u00e9s"},"content":{"rendered":"\n<p>Dans la rubrique actualit\u00e9s, vous trouverez les derni\u00e8res sorties de terrain, des comptes-rendus de s\u00e9minaires avec les dates, ainsi que des articles de recherche, offrant ainsi une vue de l&rsquo;actualit\u00e9 dans le domaine.<\/p>\n\n\n\n<p>Les actualit\u00e9s sont aussi disponibles sur notre <a href=\"https:\/\/www.linkedin.com\/company\/master-%C3%A9conomie-%C3%A9cologique-et-d%C3%A9veloppement-durable-2e2d\/?viewAsMember=true\" data-type=\"link\" data-id=\"https:\/\/www.linkedin.com\/company\/master-%C3%A9conomie-%C3%A9cologique-et-d%C3%A9veloppement-durable-2e2d\/?viewAsMember=true\">page LinkedIn<\/a>, n&rsquo;h\u00e9sitez pas \u00e0 la consulter !<\/p>\n\n\n\n<hr class=\"wp-block-separator has-alpha-channel-opacity\" \/>\n\n\n\n<h3 class=\"wp-block-heading has-text-align-center\"><strong>Ouverture des plateformes pour les candidatures en M1 et M2 2026\/2027<\/strong><\/h3>\n\n\n\n<p>Si vous souhaitez postuler dans le master 2E2D, les candidatures sont ouvertes pour les M1 (plateforme Mon master) et les M2 (plateforme eCandidat) du <strong>17 f\u00e9vrier au 16 mars 2026<\/strong>. Consultez la page <a href=\"https:\/\/blogs.univ-tlse2.fr\/2e2d\/admission\/\">Admissions <\/a>pour plus de renseignements.<\/p>\n\n\n\n<hr class=\"wp-block-separator has-alpha-channel-opacity\" \/>\n\n\n\n<h3 class=\"wp-block-heading has-text-align-center\"><strong>G\u00e9raldine Froger nous parle d&rsquo;\u00e9conomie \u00e9cologique sur On \u00ab\u00a0R\u00a0\u00bb<\/strong><\/h3>\n\n\n\n<p>Une ressource peut-elle syst\u00e9matiquement se substituer \u00e0 une autre ? Non vous r\u00e9pondra la socio-\u00e9conomie \u00e9cologique. Ce courant pluridisciplinaire place les \u00e9cosyst\u00e8mes et les ressources naturelles au c\u0153ur de son approche \u00e9conomique avec pour marqueur le principe de soutenabilit\u00e9 forte.<\/p>\n\n\n\n<p>C\u2019est au regard de la socio-\u00e9conomie \u00e9cologique que G\u00e9raldine Froger Professeur des universit\u00e9s et chercheuse au LEREPS (Laboratoire d\u2019\u00c9tudes et de Recherches sur l\u2019\u00c9conomie, les Politiques et les Syst\u00e8mes Sociaux &#8211; Sciences Po Toulouse), analyse les dispositifs \u00e9cologiques actuels.<\/p>\n\n\n\n<p>Le posdcast est disponible <a href=\"https:\/\/miroir.univ-tlse2.fr\/2024\/11\/21\/leconomie-ecologique-on-r-s02e06\/\" data-type=\"link\" data-id=\"https:\/\/miroir.univ-tlse2.fr\/2024\/11\/21\/leconomie-ecologique-on-r-s02e06\/\">en cliquant ici<\/a><\/p>\n\n\n\n<div class=\"wp-block-group\"><div class=\"wp-block-group__inner-container is-layout-constrained wp-block-group-is-layout-constrained\">\n<hr class=\"wp-block-separator has-alpha-channel-opacity\" \/>\n<\/div><\/div>\n\n\n\n<h3 class=\"wp-block-heading has-text-align-center\"><strong>Le logo du master est cr\u00e9\u00e9 !<\/strong><\/h3>\n\n\n\n<p>Le master vient de se doter d&rsquo;un logo, gr\u00e2ce au soutien b\u00e9n\u00e9vole de tout un ensemble de personnes que nous tenons \u00e0 remercier chaleureusement, en particulier G\u00e9rard V., Sylvain B. et C\u00e9cile B. On esp\u00e8re qu&rsquo;il vous plaira !<\/p>\n\n\n\n<div class=\"wp-block-group is-vertical is-layout-flex wp-container-core-group-is-layout-8cf370e7 wp-block-group-is-layout-flex\">\n<figure class=\"wp-block-image size-full is-resized\"><img loading=\"lazy\" decoding=\"async\" width=\"2478\" height=\"1195\" src=\"https:\/\/blogs.univ-tlse2.fr\/2e2d\/files\/2024\/12\/cropped-logo-VF-PNG-ALPHA-1.png\" alt=\"\" class=\"wp-image-575\" style=\"width:657px;height:auto\" srcset=\"https:\/\/blogs.univ-tlse2.fr\/2e2d\/files\/2024\/12\/cropped-logo-VF-PNG-ALPHA-1.png 2478w, https:\/\/blogs.univ-tlse2.fr\/2e2d\/files\/2024\/12\/cropped-logo-VF-PNG-ALPHA-1-300x145.png 300w, https:\/\/blogs.univ-tlse2.fr\/2e2d\/files\/2024\/12\/cropped-logo-VF-PNG-ALPHA-1-1024x494.png 1024w, https:\/\/blogs.univ-tlse2.fr\/2e2d\/files\/2024\/12\/cropped-logo-VF-PNG-ALPHA-1-768x370.png 768w, https:\/\/blogs.univ-tlse2.fr\/2e2d\/files\/2024\/12\/cropped-logo-VF-PNG-ALPHA-1-1536x741.png 1536w, https:\/\/blogs.univ-tlse2.fr\/2e2d\/files\/2024\/12\/cropped-logo-VF-PNG-ALPHA-1-2048x988.png 2048w, https:\/\/blogs.univ-tlse2.fr\/2e2d\/files\/2024\/12\/cropped-logo-VF-PNG-ALPHA-1-676x326.png 676w\" sizes=\"auto, (max-width: 2478px) 100vw, 2478px\" \/><\/figure>\n<\/div>\n\n\n\n<div class=\"wp-block-columns is-layout-flex wp-container-core-columns-is-layout-9d6595d7 wp-block-columns-is-layout-flex\">\n<div class=\"wp-block-column is-layout-flow wp-block-column-is-layout-flow\">\n<hr class=\"wp-block-separator has-alpha-channel-opacity\" \/>\n<\/div>\n<\/div>\n\n\n\n<div class=\"wp-block-columns are-vertically-aligned-center is-layout-flex wp-container-core-columns-is-layout-9d6595d7 wp-block-columns-is-layout-flex\">\n<div class=\"wp-block-column is-vertically-aligned-center is-layout-flow wp-block-column-is-layout-flow\" style=\"flex-basis:100%\">\n<div class=\"wp-block-group is-layout-grid wp-container-core-group-is-layout-9649a0d9 wp-block-group-is-layout-grid\">\n<h4 class=\"wp-block-heading has-text-align-center wp-container-content-5f80b302\"><strong>Retour en image de la visite de site avec le SYMAR Val d&rsquo;Ari\u00e8ge \u00e0 Cintegabelle sur le retour des haies en bord de cours d&rsquo;eau<\/strong><\/h4>\n\n\n\n<p class=\"wp-container-content-69bc4bdf\">Au programme : la protection des cours d&rsquo;eau par la pr\u00e9servation et plantation de haies. Un grand merci au SYMAR pour l&rsquo;organisation de cette journ\u00e9e et la pr\u00e9sentation tr\u00e8s compl\u00e8te de ces enjeux, \u00e0 la commune de Cintegalle pour leur accueil et disponibilit\u00e9, et \u00e0 RENOVA pour ce partage d&rsquo;exp\u00e9rience !<\/p>\n\n\n\n<figure class=\"wp-block-image size-large\"><img loading=\"lazy\" decoding=\"async\" width=\"768\" height=\"1024\" src=\"https:\/\/blogs.univ-tlse2.fr\/2e2d\/files\/2024\/11\/PXL_20241107_131605974-768x1024.jpg\" alt=\"\" class=\"wp-image-556\" srcset=\"https:\/\/blogs.univ-tlse2.fr\/2e2d\/files\/2024\/11\/PXL_20241107_131605974-768x1024.jpg 768w, https:\/\/blogs.univ-tlse2.fr\/2e2d\/files\/2024\/11\/PXL_20241107_131605974-225x300.jpg 225w, https:\/\/blogs.univ-tlse2.fr\/2e2d\/files\/2024\/11\/PXL_20241107_131605974-1152x1536.jpg 1152w, https:\/\/blogs.univ-tlse2.fr\/2e2d\/files\/2024\/11\/PXL_20241107_131605974-1536x2048.jpg 1536w, https:\/\/blogs.univ-tlse2.fr\/2e2d\/files\/2024\/11\/PXL_20241107_131605974-676x901.jpg 676w, https:\/\/blogs.univ-tlse2.fr\/2e2d\/files\/2024\/11\/PXL_20241107_131605974-scaled.jpg 1920w\" sizes=\"auto, (max-width: 768px) 100vw, 768px\" \/><\/figure>\n\n\n\n<figure class=\"wp-block-image size-large\"><img loading=\"lazy\" decoding=\"async\" width=\"768\" height=\"1024\" src=\"https:\/\/blogs.univ-tlse2.fr\/2e2d\/files\/2024\/11\/PXL_20241107_134519270-768x1024.jpg\" alt=\"\" class=\"wp-image-559\" srcset=\"https:\/\/blogs.univ-tlse2.fr\/2e2d\/files\/2024\/11\/PXL_20241107_134519270-768x1024.jpg 768w, https:\/\/blogs.univ-tlse2.fr\/2e2d\/files\/2024\/11\/PXL_20241107_134519270-225x300.jpg 225w, https:\/\/blogs.univ-tlse2.fr\/2e2d\/files\/2024\/11\/PXL_20241107_134519270-1152x1536.jpg 1152w, https:\/\/blogs.univ-tlse2.fr\/2e2d\/files\/2024\/11\/PXL_20241107_134519270-1536x2048.jpg 1536w, https:\/\/blogs.univ-tlse2.fr\/2e2d\/files\/2024\/11\/PXL_20241107_134519270-676x901.jpg 676w, https:\/\/blogs.univ-tlse2.fr\/2e2d\/files\/2024\/11\/PXL_20241107_134519270-scaled.jpg 1920w\" sizes=\"auto, (max-width: 768px) 100vw, 768px\" \/><\/figure>\n\n\n\n<figure class=\"wp-block-image size-large\"><img loading=\"lazy\" decoding=\"async\" width=\"1024\" height=\"942\" src=\"https:\/\/blogs.univ-tlse2.fr\/2e2d\/files\/2024\/11\/PXL_20241107_132028847-1024x942.jpg\" alt=\"\" class=\"wp-image-557\" srcset=\"https:\/\/blogs.univ-tlse2.fr\/2e2d\/files\/2024\/11\/PXL_20241107_132028847-1024x942.jpg 1024w, https:\/\/blogs.univ-tlse2.fr\/2e2d\/files\/2024\/11\/PXL_20241107_132028847-300x276.jpg 300w, https:\/\/blogs.univ-tlse2.fr\/2e2d\/files\/2024\/11\/PXL_20241107_132028847-768x706.jpg 768w, https:\/\/blogs.univ-tlse2.fr\/2e2d\/files\/2024\/11\/PXL_20241107_132028847-1536x1413.jpg 1536w, https:\/\/blogs.univ-tlse2.fr\/2e2d\/files\/2024\/11\/PXL_20241107_132028847-2048x1884.jpg 2048w, https:\/\/blogs.univ-tlse2.fr\/2e2d\/files\/2024\/11\/PXL_20241107_132028847-676x622.jpg 676w\" sizes=\"auto, (max-width: 1024px) 100vw, 1024px\" \/><\/figure>\n\n\n\n<figure class=\"wp-block-image size-large wp-container-content-69bc4bdf\"><img loading=\"lazy\" decoding=\"async\" width=\"1024\" height=\"768\" src=\"https:\/\/blogs.univ-tlse2.fr\/2e2d\/files\/2024\/11\/PXL_20241107_130621219-1024x768.jpg\" alt=\"\" class=\"wp-image-555\" srcset=\"https:\/\/blogs.univ-tlse2.fr\/2e2d\/files\/2024\/11\/PXL_20241107_130621219-1024x768.jpg 1024w, https:\/\/blogs.univ-tlse2.fr\/2e2d\/files\/2024\/11\/PXL_20241107_130621219-300x225.jpg 300w, https:\/\/blogs.univ-tlse2.fr\/2e2d\/files\/2024\/11\/PXL_20241107_130621219-768x576.jpg 768w, https:\/\/blogs.univ-tlse2.fr\/2e2d\/files\/2024\/11\/PXL_20241107_130621219-1536x1152.jpg 1536w, https:\/\/blogs.univ-tlse2.fr\/2e2d\/files\/2024\/11\/PXL_20241107_130621219-2048x1536.jpg 2048w, https:\/\/blogs.univ-tlse2.fr\/2e2d\/files\/2024\/11\/PXL_20241107_130621219-676x507.jpg 676w\" sizes=\"auto, (max-width: 1024px) 100vw, 1024px\" \/><\/figure>\n\n\n\n<figure class=\"wp-block-image size-large\"><img loading=\"lazy\" decoding=\"async\" width=\"1024\" height=\"768\" src=\"https:\/\/blogs.univ-tlse2.fr\/2e2d\/files\/2024\/11\/PXL_20241107_081927338-1024x768.jpg\" alt=\"\" class=\"wp-image-558\" srcset=\"https:\/\/blogs.univ-tlse2.fr\/2e2d\/files\/2024\/11\/PXL_20241107_081927338-1024x768.jpg 1024w, https:\/\/blogs.univ-tlse2.fr\/2e2d\/files\/2024\/11\/PXL_20241107_081927338-300x225.jpg 300w, https:\/\/blogs.univ-tlse2.fr\/2e2d\/files\/2024\/11\/PXL_20241107_081927338-768x576.jpg 768w, https:\/\/blogs.univ-tlse2.fr\/2e2d\/files\/2024\/11\/PXL_20241107_081927338-1536x1152.jpg 1536w, https:\/\/blogs.univ-tlse2.fr\/2e2d\/files\/2024\/11\/PXL_20241107_081927338-2048x1536.jpg 2048w, https:\/\/blogs.univ-tlse2.fr\/2e2d\/files\/2024\/11\/PXL_20241107_081927338-676x507.jpg 676w\" sizes=\"auto, (max-width: 1024px) 100vw, 1024px\" \/><\/figure>\n\n\n\n<figure class=\"wp-block-image size-large\"><img loading=\"lazy\" decoding=\"async\" width=\"768\" height=\"1024\" src=\"https:\/\/blogs.univ-tlse2.fr\/2e2d\/files\/2024\/11\/PXL_20241107_133719370-768x1024.jpg\" alt=\"\" class=\"wp-image-561\" srcset=\"https:\/\/blogs.univ-tlse2.fr\/2e2d\/files\/2024\/11\/PXL_20241107_133719370-768x1024.jpg 768w, https:\/\/blogs.univ-tlse2.fr\/2e2d\/files\/2024\/11\/PXL_20241107_133719370-225x300.jpg 225w, https:\/\/blogs.univ-tlse2.fr\/2e2d\/files\/2024\/11\/PXL_20241107_133719370-1152x1536.jpg 1152w, https:\/\/blogs.univ-tlse2.fr\/2e2d\/files\/2024\/11\/PXL_20241107_133719370-1536x2048.jpg 1536w, https:\/\/blogs.univ-tlse2.fr\/2e2d\/files\/2024\/11\/PXL_20241107_133719370-676x901.jpg 676w, https:\/\/blogs.univ-tlse2.fr\/2e2d\/files\/2024\/11\/PXL_20241107_133719370-scaled.jpg 1920w\" sizes=\"auto, (max-width: 768px) 100vw, 768px\" \/><\/figure>\n\n\n\n<figure class=\"wp-block-image size-large wp-container-content-e29552f7\"><img loading=\"lazy\" decoding=\"async\" width=\"1024\" height=\"768\" src=\"https:\/\/blogs.univ-tlse2.fr\/2e2d\/files\/2024\/11\/PXL_20241107_151044217-1024x768.jpg\" alt=\"\" class=\"wp-image-560\" srcset=\"https:\/\/blogs.univ-tlse2.fr\/2e2d\/files\/2024\/11\/PXL_20241107_151044217-1024x768.jpg 1024w, https:\/\/blogs.univ-tlse2.fr\/2e2d\/files\/2024\/11\/PXL_20241107_151044217-300x225.jpg 300w, https:\/\/blogs.univ-tlse2.fr\/2e2d\/files\/2024\/11\/PXL_20241107_151044217-768x576.jpg 768w, https:\/\/blogs.univ-tlse2.fr\/2e2d\/files\/2024\/11\/PXL_20241107_151044217-1536x1152.jpg 1536w, https:\/\/blogs.univ-tlse2.fr\/2e2d\/files\/2024\/11\/PXL_20241107_151044217-2048x1536.jpg 2048w, https:\/\/blogs.univ-tlse2.fr\/2e2d\/files\/2024\/11\/PXL_20241107_151044217-676x507.jpg 676w\" sizes=\"auto, (max-width: 1024px) 100vw, 1024px\" \/><\/figure>\n<\/div>\n<\/div>\n<\/div>\n\n\n\n<div class=\"wp-block-group\"><div class=\"wp-block-group__inner-container is-layout-constrained wp-block-group-is-layout-constrained\">\n<hr class=\"wp-block-separator has-alpha-channel-opacity\" \/>\n<\/div><\/div>\n\n\n\n<div class=\"wp-block-group\"><div class=\"wp-block-group__inner-container is-layout-constrained wp-block-group-is-layout-constrained\">\n<div class=\"wp-block-group is-nowrap is-layout-flex wp-container-core-group-is-layout-d653275e wp-block-group-is-layout-flex\">\n<h4 class=\"wp-block-heading has-text-align-center\"><strong>Participation du master 2E2D \u00e0 la soir\u00e9e virtuelle des masters de l&rsquo;UT2J le 15 f\u00e9vrier 2024 de 18 \u00e0 20h (en visio)<\/strong><\/h4>\n<\/div>\n<\/div><\/div>\n\n\n\n<p>Le master 2E2D sera pr\u00e9sent \u00e0 la soir\u00e9e virtuelle des masters de l&rsquo;UT2J le 15 f\u00e9vrier de 18h \u00e0 19h30, en distanciel. <\/p>\n\n\n\n<ul class=\"wp-block-list\">\n<li>18h-18h30 &#8211; Conf\u00e9rence introductive : construire son projet et pr\u00e9parer sa candidature pour \u00e9tudier en master dans l\u2019acad\u00e9mie de Toulouse. <\/li>\n\n\n\n<li>18h30-20h &#8211; Pr\u00e9sentation des masters (en 3 sessions de 30 minutes): s&rsquo;informer sur les formations envisag\u00e9es et \u00e9changer avec les \u00e9quipes p\u00e9dagogiques.<\/li>\n<\/ul>\n\n\n\n<p>Pour s&rsquo;inscrire \u00e0 la SPO : <a href=\"https:\/\/www.univ-tlse2.fr\/accueil\/formation-insertion\/orientation-insertion\/participez-a-la-soiree-virtuelle-des-masters-de-lut2j\">Participez \u00e0 la soir\u00e9e virtuelle des masters de l&rsquo;UT2J &#8211; Universit\u00e9 Toulouse &#8211; Jean Jaur\u00e8s (univ-tlse2.fr)<\/a><\/p>\n\n\n\n<p>Le lien de pr\u00e9sentation du master 2E2D : <a href=\"https:\/\/univ-tlse2.zoom.us\/j\/97422990275\">https:\/\/univ-tlse2.zoom.us\/j\/97422990275<\/a> <\/p>\n\n\n\n<div class=\"wp-block-group\"><div class=\"wp-block-group__inner-container is-layout-constrained wp-block-group-is-layout-constrained\">\n<hr class=\"wp-block-separator has-alpha-channel-opacity\" \/>\n<\/div><\/div>\n\n\n\n<div class=\"wp-block-group is-vertical is-layout-flex wp-container-core-group-is-layout-8cf370e7 wp-block-group-is-layout-flex\">\n<h4 class=\"wp-block-heading has-text-align-center\"><strong>Ouverture des plateformes pour les candidatures en M1 et M2 2024\/2025<\/strong><\/h4>\n\n\n\n<p>Si vous souhaitez postuler dans le master 2E2D, les candidatures sont ouvertes pour les M1 (plateforme Mon master) et les M2 (plateforme eCandidat) du <strong>26 f\u00e9vrier au 24 mars 2024<\/strong>. Consultez la page <a href=\"https:\/\/blogs.univ-tlse2.fr\/2e2d\/admission\/\">Admissions <\/a>pour plus de renseignements. <\/p>\n\n\n\n<div class=\"wp-block-group is-vertical is-layout-flex wp-container-core-group-is-layout-8cf370e7 wp-block-group-is-layout-flex\"><\/div>\n\n\n\n<div class=\"wp-block-columns is-layout-flex wp-container-core-columns-is-layout-9d6595d7 wp-block-columns-is-layout-flex\">\n<div class=\"wp-block-column is-layout-flow wp-block-column-is-layout-flow\"><\/div>\n<\/div>\n\n\n\n<p><\/p>\n<\/div>\n","protected":false},"excerpt":{"rendered":"<p>Dans la rubrique actualit\u00e9s, vous trouverez les derni\u00e8res sorties de terrain, des comptes-rendus de s\u00e9minaires avec les dates, ainsi que des articles de recherche, offrant ainsi une vue de l&rsquo;actualit\u00e9 dans le domaine. Les actualit\u00e9s sont aussi disponibles sur notre page LinkedIn, n&rsquo;h\u00e9sitez pas \u00e0 la consulter ! Ouverture des plateformes pour les candidatures en [&hellip;]<\/p>\n","protected":false},"author":1388,"featured_media":0,"parent":0,"menu_order":5,"comment_status":"closed","ping_status":"closed","template":"","meta":{"footnotes":""},"class_list":["post-50","page","type-page","status-publish","hentry","post-preview"],"_links":{"self":[{"href":"https:\/\/blogs.univ-tlse2.fr\/2e2d\/wp-json\/wp\/v2\/pages\/50","targetHints":{"allow":["GET"]}}],"collection":[{"href":"https:\/\/blogs.univ-tlse2.fr\/2e2d\/wp-json\/wp\/v2\/pages"}],"about":[{"href":"https:\/\/blogs.univ-tlse2.fr\/2e2d\/wp-json\/wp\/v2\/types\/page"}],"author":[{"embeddable":true,"href":"https:\/\/blogs.univ-tlse2.fr\/2e2d\/wp-json\/wp\/v2\/users\/1388"}],"replies":[{"embeddable":true,"href":"https:\/\/blogs.univ-tlse2.fr\/2e2d\/wp-json\/wp\/v2\/comments?post=50"}],"version-history":[{"count":22,"href":"https:\/\/blogs.univ-tlse2.fr\/2e2d\/wp-json\/wp\/v2\/pages\/50\/revisions"}],"predecessor-version":[{"id":638,"href":"https:\/\/blogs.univ-tlse2.fr\/2e2d\/wp-json\/wp\/v2\/pages\/50\/revisions\/638"}],"wp:attachment":[{"href":"https:\/\/blogs.univ-tlse2.fr\/2e2d\/wp-json\/wp\/v2\/media?parent=50"}],"curies":[{"name":"wp","href":"https:\/\/api.w.org\/{rel}","templated":true}]}}