 {"id":62,"date":"2023-12-15T12:00:19","date_gmt":"2023-12-15T11:00:19","guid":{"rendered":"https:\/\/blogs.univ-tlse2.fr\/2e2d\/?page_id=62"},"modified":"2024-01-10T10:59:37","modified_gmt":"2024-01-10T09:59:37","slug":"objectifs-et-duree","status":"publish","type":"page","link":"https:\/\/blogs.univ-tlse2.fr\/2e2d\/stages\/objectifs-et-duree\/","title":{"rendered":"Objectifs et dur\u00e9e"},"content":{"rendered":"\n<h2 class=\"wp-block-heading has-large-font-size\"><strong>Bon \u00e0 savoir !<\/strong><\/h2>\n\n\n\n<p>Un stage est une p\u00e9riode temporaire au cours de laquelle l&rsquo;\u00e9tudiant.e acquiert des comp\u00e9tences professionnelles et met en pratique les connaissances acquises lors de la formation, en vue d&rsquo;obtenir son dipl\u00f4me et de favoriser son insertion professionnelle. Les stagiaires se voient confier une ou plusieurs t\u00e2ches en lien avec les th\u00e9matiques du master.<\/p>\n\n\n\n<p>Tout stage n\u00e9cessite l&rsquo;\u00e9tablissement et la signature d&rsquo;une convention formalisant les modalit\u00e9s d&rsquo;organisation du stage, qui doivent \u00eatre coh\u00e9rentes avec le cadre r\u00e9glementaire et le cadre p\u00e9dagogique.<\/p>\n\n\n\n<p>Dans la formation 2E2D, le stage est optionnel en Master 1 et obligatoire en Master 2. D&rsquo;une dur\u00e9e minimale de 12 semaines, il implique la r\u00e9alisation d&rsquo;un m\u00e9moire de stage assorti d&rsquo;une soutenance. Il se d\u00e9roule au sein d&rsquo;organismes publics, associatifs, priv\u00e9s ou internationaux dans les domaines du d\u00e9veloppement durable, de l&rsquo;\u00e9cologie, des transitions, du d\u00e9veloppement territorial ou encore de la coop\u00e9ration, en France comme \u00e0 l\u2019international.<\/p>\n\n\n\n<p><\/p>\n\n\n\n<h2 class=\"wp-block-heading has-large-font-size\"><strong>Modalit\u00e9s&nbsp;de stage<\/strong><\/h2>\n\n\n\n<ul class=\"wp-block-list\">\n<li>Le stage est int\u00e9gr\u00e9 \u00e0 un cursus de formation dont le volume d&rsquo;enseignement de 200h comporte un minimum de 50 heures dispens\u00e9es en pr\u00e9sence des \u00e9tudiants.&nbsp;<\/li>\n\n\n\n<li>Tout stage donne lieu \u00e0 une restitution de la part du stagiaire et \u00e0 une \u00e9valuation par l\u2019universit\u00e9.&nbsp;<\/li>\n\n\n\n<li>&nbsp;Lorsqu\u2019il est obligatoire, il donne lieu \u00e0 l\u2019attribution de cr\u00e9dits europ\u00e9ens (ECTS).<\/li>\n\n\n\n<li>&nbsp;Le stage peut \u00eatre r\u00e9alis\u00e9 en France ou \u00e0 l\u2019\u00e9tranger.<\/li>\n<\/ul>\n","protected":false},"excerpt":{"rendered":"<p>Bon \u00e0 savoir ! Un stage est une p\u00e9riode temporaire au cours de laquelle l&rsquo;\u00e9tudiant.e acquiert des comp\u00e9tences professionnelles et met en pratique les connaissances acquises lors de la formation, en vue d&rsquo;obtenir son dipl\u00f4me et de favoriser son insertion professionnelle. Les stagiaires se voient confier une ou plusieurs t\u00e2ches en lien avec les th\u00e9matiques [&hellip;]<\/p>\n","protected":false},"author":1388,"featured_media":0,"parent":46,"menu_order":-3,"comment_status":"closed","ping_status":"closed","template":"","meta":{"footnotes":""},"class_list":["post-62","page","type-page","status-publish","hentry","post-preview"],"_links":{"self":[{"href":"https:\/\/blogs.univ-tlse2.fr\/2e2d\/wp-json\/wp\/v2\/pages\/62","targetHints":{"allow":["GET"]}}],"collection":[{"href":"https:\/\/blogs.univ-tlse2.fr\/2e2d\/wp-json\/wp\/v2\/pages"}],"about":[{"href":"https:\/\/blogs.univ-tlse2.fr\/2e2d\/wp-json\/wp\/v2\/types\/page"}],"author":[{"embeddable":true,"href":"https:\/\/blogs.univ-tlse2.fr\/2e2d\/wp-json\/wp\/v2\/users\/1388"}],"replies":[{"embeddable":true,"href":"https:\/\/blogs.univ-tlse2.fr\/2e2d\/wp-json\/wp\/v2\/comments?post=62"}],"version-history":[{"count":2,"href":"https:\/\/blogs.univ-tlse2.fr\/2e2d\/wp-json\/wp\/v2\/pages\/62\/revisions"}],"predecessor-version":[{"id":124,"href":"https:\/\/blogs.univ-tlse2.fr\/2e2d\/wp-json\/wp\/v2\/pages\/62\/revisions\/124"}],"up":[{"embeddable":true,"href":"https:\/\/blogs.univ-tlse2.fr\/2e2d\/wp-json\/wp\/v2\/pages\/46"}],"wp:attachment":[{"href":"https:\/\/blogs.univ-tlse2.fr\/2e2d\/wp-json\/wp\/v2\/media?parent=62"}],"curies":[{"name":"wp","href":"https:\/\/api.w.org\/{rel}","templated":true}]}}