 {"id":68,"date":"2023-12-15T12:08:42","date_gmt":"2023-12-15T11:08:42","guid":{"rendered":"https:\/\/blogs.univ-tlse2.fr\/2e2d\/?page_id=68"},"modified":"2024-02-01T11:19:10","modified_gmt":"2024-02-01T10:19:10","slug":"metiers-et-poursuites-detudes","status":"publish","type":"page","link":"https:\/\/blogs.univ-tlse2.fr\/2e2d\/debouches\/metiers-et-poursuites-detudes\/","title":{"rendered":"M\u00e9tiers et poursuites d&rsquo;\u00e9tudes"},"content":{"rendered":"\n<p>Le Master 2E2D vous offre plusieurs possibilit\u00e9s pour votre avenir ! En voici quelques-unes<\/p>\n\n\n\n<p class=\"has-background-color has-text-color has-link-color wp-elements-db59aa64cbb5d14be11f9782e761e451\">&#8212;<\/p>\n\n\n\n<p class=\"has-source-serif-pro-font-family has-large-font-size\"><strong>Poursuite d\u2019\u00e9tudes<\/strong><\/p>\n\n\n\n<ul class=\"wp-block-list\">\n<li>Doctorat (avec des d\u00e9bouch\u00e9s dans le monde op\u00e9rationnel ou dans le monde de la recherche)<\/li>\n<\/ul>\n\n\n\n<p class=\"has-background-color has-text-color has-link-color wp-elements-db59aa64cbb5d14be11f9782e761e451\">&#8212;<\/p>\n\n\n\n<p class=\"has-source-serif-pro-font-family has-large-font-size\"><strong>D\u00e9bouch\u00e9s professionnels possibles<\/strong><\/p>\n\n\n\n<ul class=\"wp-block-list\">\n<li>Charg\u00e9.e de mission nature et biodiversit\u00e9 \/ Charg\u00e9.e d\u2019\u00e9tudes biodiversit\u00e9&nbsp;<\/li>\n\n\n\n<li>Charg\u00e9.e de mission de d\u00e9veloppement durable&nbsp;<\/li>\n\n\n\n<li>Charg\u00e9.e de mission relations internationales&nbsp;<\/li>\n\n\n\n<li>Charg\u00e9.e d\u2019\u00e9tudes environnement&nbsp;<\/li>\n\n\n\n<li>Charg\u00e9.e d\u2019\u00e9tudes en d\u00e9veloppement rural&nbsp;<\/li>\n\n\n\n<li>Charg\u00e9.e de projet et de d\u00e9veloppement territorial&nbsp;<\/li>\n\n\n\n<li>Charg\u00e9.e de d\u00e9veloppement \u00e9conomique&nbsp;<\/li>\n\n\n\n<li>Responsable d\u00e9veloppement durable&nbsp;<\/li>\n\n\n\n<li>Responsable RSE&nbsp;<\/li>\n\n\n\n<li>Chef de projet de d\u00e9veloppement local&nbsp;<\/li>\n\n\n\n<li>Responsable d\u2019\u00e9tudes socio-\u00e9conomiques&nbsp;<\/li>\n\n\n\n<li>Responsable de d\u00e9veloppement territorial<\/li>\n\n\n\n<li>Coordonnateur.ice de projet de d\u00e9veloppement local\u00a0<\/li>\n\n\n\n<li>Directeur.ice d\u2019\u00e9tudes socio-\u00e9conomiques<\/li>\n\n\n\n<li>Auto-entrepreneur.se<\/li>\n<\/ul>\n","protected":false},"excerpt":{"rendered":"<p>Le Master 2E2D vous offre plusieurs possibilit\u00e9s pour votre avenir ! En voici quelques-unes &#8212; Poursuite d\u2019\u00e9tudes &#8212; D\u00e9bouch\u00e9s professionnels possibles<\/p>\n","protected":false},"author":1388,"featured_media":0,"parent":48,"menu_order":-1,"comment_status":"closed","ping_status":"closed","template":"","meta":{"footnotes":""},"class_list":["post-68","page","type-page","status-publish","hentry","post-preview"],"_links":{"self":[{"href":"https:\/\/blogs.univ-tlse2.fr\/2e2d\/wp-json\/wp\/v2\/pages\/68","targetHints":{"allow":["GET"]}}],"collection":[{"href":"https:\/\/blogs.univ-tlse2.fr\/2e2d\/wp-json\/wp\/v2\/pages"}],"about":[{"href":"https:\/\/blogs.univ-tlse2.fr\/2e2d\/wp-json\/wp\/v2\/types\/page"}],"author":[{"embeddable":true,"href":"https:\/\/blogs.univ-tlse2.fr\/2e2d\/wp-json\/wp\/v2\/users\/1388"}],"replies":[{"embeddable":true,"href":"https:\/\/blogs.univ-tlse2.fr\/2e2d\/wp-json\/wp\/v2\/comments?post=68"}],"version-history":[{"count":6,"href":"https:\/\/blogs.univ-tlse2.fr\/2e2d\/wp-json\/wp\/v2\/pages\/68\/revisions"}],"predecessor-version":[{"id":294,"href":"https:\/\/blogs.univ-tlse2.fr\/2e2d\/wp-json\/wp\/v2\/pages\/68\/revisions\/294"}],"up":[{"embeddable":true,"href":"https:\/\/blogs.univ-tlse2.fr\/2e2d\/wp-json\/wp\/v2\/pages\/48"}],"wp:attachment":[{"href":"https:\/\/blogs.univ-tlse2.fr\/2e2d\/wp-json\/wp\/v2\/media?parent=68"}],"curies":[{"name":"wp","href":"https:\/\/api.w.org\/{rel}","templated":true}]}}