 {"id":133,"date":"2018-01-26T15:23:51","date_gmt":"2018-01-26T14:23:51","guid":{"rendered":"https:\/\/blogs.univ-tlse2.fr\/afls2018\/?page_id=133"},"modified":"2018-06-26T13:35:06","modified_gmt":"2018-06-26T11:35:06","slug":"programme-culturel","status":"publish","type":"page","link":"https:\/\/blogs.univ-tlse2.fr\/afls2018\/programme-culturel\/","title":{"rendered":"Programme culturel"},"content":{"rendered":"<p>Le colloque AFLS 2018 \u00e0 Toulouse sera aussi l&rsquo;occasion de d\u00e9couvrir \u00ab\u00a0la ville rose\u00a0\u00bb. Le comit\u00e9 d&rsquo;organisation vous a concoct\u00e9 un programme culturel en marge du colloque afin de vous donner un aper\u00e7u des charmes de la ville de Toulouse et de profiter en soir\u00e9e de la douceur de vivre sur le Canal du Midi.<\/p>\n<p>En effet, nous vous proposons une visite guid\u00e9e \u00e0 pied du centre-ville soit le jeudi apr\u00e8s-midi, soit le vendredi apr\u00e8s-midi (environ 1 heure).<\/p>\n<p>La soir\u00e9e de gala aura lieu le jeudi 28 juin sur la <a href=\"http:\/\/www.samsara.fr\" target=\"_blank\" rel=\"noopener\">p\u00e9niche Samsara<\/a>, autour d&rsquo;un ap\u00e9ritif dinatoire et musical.<\/p>\n<p>&nbsp;<\/p>\n<p>Lien :<br \/>\n&#8211; P\u00e9niche Samsara : <a href=\"http:\/\/www.samsara.fr\/\">http:\/\/www.samsara.fr\/<\/a><\/p>\n<p>Cr\u00e9dit photos :<br \/>\n&#8211; Photo de Toulouse (bandeau) : Jean-Louis VILON SANCHEZ<br \/>\n&#8211; Photos de la galerie : <a href=\"https:\/\/pixabay.com\/\">pixabay.com<\/a><\/p>\n<p>&nbsp;<\/p>\n\n\t\t<style type=\"text\/css\">\n\t\t\t#gallery-1 {\n\t\t\t\tmargin: auto;\n\t\t\t}\n\t\t\t#gallery-1 .gallery-item {\n\t\t\t\tfloat: left;\n\t\t\t\tmargin-top: 10px;\n\t\t\t\ttext-align: center;\n\t\t\t\twidth: 33%;\n\t\t\t}\n\t\t\t#gallery-1 img {\n\t\t\t\tborder: 2px solid #cfcfcf;\n\t\t\t}\n\t\t\t#gallery-1 .gallery-caption {\n\t\t\t\tmargin-left: 0;\n\t\t\t}\n\t\t\t\/* see gallery_shortcode() in wp-includes\/media.php *\/\n\t\t<\/style>\n\t\t<div id='gallery-1' class='gallery galleryid-133 gallery-columns-3 gallery-size-thumbnail'><dl class='gallery-item'>\n\t\t\t<dt class='gallery-icon landscape'>\n\t\t\t\t<a href='https:\/\/blogs.univ-tlse2.fr\/afls2018\/programme-culturel\/capitoletoulouse-2502209__340\/'><img loading=\"lazy\" decoding=\"async\" width=\"150\" height=\"150\" src=\"https:\/\/blogs.univ-tlse2.fr\/afls2018\/files\/2018\/05\/capitoletoulouse-2502209__340-150x150.jpg\" class=\"attachment-thumbnail size-thumbnail\" alt=\"\" \/><\/a>\n\t\t\t<\/dt><\/dl><dl class='gallery-item'>\n\t\t\t<dt class='gallery-icon portrait'>\n\t\t\t\t<a href='https:\/\/blogs.univ-tlse2.fr\/afls2018\/programme-culturel\/toulouse-2401540__340\/'><img loading=\"lazy\" decoding=\"async\" width=\"150\" height=\"150\" src=\"https:\/\/blogs.univ-tlse2.fr\/afls2018\/files\/2018\/05\/toulouse-2401540__340-150x150.jpg\" class=\"attachment-thumbnail size-thumbnail\" alt=\"\" \/><\/a>\n\t\t\t<\/dt><\/dl><dl class='gallery-item'>\n\t\t\t<dt class='gallery-icon portrait'>\n\t\t\t\t<a href='https:\/\/blogs.univ-tlse2.fr\/afls2018\/programme-culturel\/toulouse-2072851__340\/'><img loading=\"lazy\" decoding=\"async\" width=\"150\" height=\"150\" src=\"https:\/\/blogs.univ-tlse2.fr\/afls2018\/files\/2018\/05\/toulouse-2072851__340-150x150.jpg\" class=\"attachment-thumbnail size-thumbnail\" alt=\"\" \/><\/a>\n\t\t\t<\/dt><\/dl><br style=\"clear: both\" \/><dl class='gallery-item'>\n\t\t\t<dt class='gallery-icon landscape'>\n\t\t\t\t<a href='https:\/\/blogs.univ-tlse2.fr\/afls2018\/programme-culturel\/toulouse-1041320__340\/'><img loading=\"lazy\" decoding=\"async\" width=\"150\" height=\"150\" src=\"https:\/\/blogs.univ-tlse2.fr\/afls2018\/files\/2018\/05\/toulouse-1041320__340-150x150.jpg\" class=\"attachment-thumbnail size-thumbnail\" alt=\"\" \/><\/a>\n\t\t\t<\/dt><\/dl><dl class='gallery-item'>\n\t\t\t<dt class='gallery-icon landscape'>\n\t\t\t\t<a href='https:\/\/blogs.univ-tlse2.fr\/afls2018\/programme-culturel\/toulouse-2929211__340\/'><img loading=\"lazy\" decoding=\"async\" width=\"150\" height=\"150\" src=\"https:\/\/blogs.univ-tlse2.fr\/afls2018\/files\/2018\/05\/toulouse-2929211__340-150x150.jpg\" class=\"attachment-thumbnail size-thumbnail\" alt=\"\" \/><\/a>\n\t\t\t<\/dt><\/dl><dl class='gallery-item'>\n\t\t\t<dt class='gallery-icon portrait'>\n\t\t\t\t<a href='https:\/\/blogs.univ-tlse2.fr\/afls2018\/programme-culturel\/toulouse-1039034__340\/'><img loading=\"lazy\" decoding=\"async\" width=\"150\" height=\"150\" src=\"https:\/\/blogs.univ-tlse2.fr\/afls2018\/files\/2018\/05\/toulouse-1039034__340-150x150.jpg\" class=\"attachment-thumbnail size-thumbnail\" alt=\"\" \/><\/a>\n\t\t\t<\/dt><\/dl><br style=\"clear: both\" \/><dl class='gallery-item'>\n\t\t\t<dt class='gallery-icon landscape'>\n\t\t\t\t<a href='https:\/\/blogs.univ-tlse2.fr\/afls2018\/programme-culturel\/toulouse-642385__340\/'><img loading=\"lazy\" decoding=\"async\" width=\"150\" height=\"150\" src=\"https:\/\/blogs.univ-tlse2.fr\/afls2018\/files\/2018\/05\/toulouse-642385__340-150x150.jpg\" class=\"attachment-thumbnail size-thumbnail\" alt=\"\" \/><\/a>\n\t\t\t<\/dt><\/dl><dl class='gallery-item'>\n\t\t\t<dt class='gallery-icon portrait'>\n\t\t\t\t<a href='https:\/\/blogs.univ-tlse2.fr\/afls2018\/programme-culturel\/toulouse-1039030__340\/'><img loading=\"lazy\" decoding=\"async\" width=\"150\" height=\"150\" src=\"https:\/\/blogs.univ-tlse2.fr\/afls2018\/files\/2018\/05\/toulouse-1039030__340-150x150.jpg\" class=\"attachment-thumbnail size-thumbnail\" alt=\"\" \/><\/a>\n\t\t\t<\/dt><\/dl><dl class='gallery-item'>\n\t\t\t<dt class='gallery-icon landscape'>\n\t\t\t\t<a href='https:\/\/blogs.univ-tlse2.fr\/afls2018\/programme-culturel\/toulouse-1039026__340\/'><img loading=\"lazy\" decoding=\"async\" width=\"150\" height=\"150\" src=\"https:\/\/blogs.univ-tlse2.fr\/afls2018\/files\/2018\/05\/toulouse-1039026__340-150x150.jpg\" class=\"attachment-thumbnail size-thumbnail\" alt=\"\" \/><\/a>\n\t\t\t<\/dt><\/dl><br style=\"clear: both\" \/><dl class='gallery-item'>\n\t\t\t<dt class='gallery-icon landscape'>\n\t\t\t\t<a href='https:\/\/blogs.univ-tlse2.fr\/afls2018\/programme-culturel\/toulouse-642380__340\/'><img loading=\"lazy\" decoding=\"async\" width=\"150\" height=\"150\" src=\"https:\/\/blogs.univ-tlse2.fr\/afls2018\/files\/2018\/05\/toulouse-642380__340-150x150.jpg\" class=\"attachment-thumbnail size-thumbnail\" alt=\"\" \/><\/a>\n\t\t\t<\/dt><\/dl><dl class='gallery-item'>\n\t\t\t<dt class='gallery-icon landscape'>\n\t\t\t\t<a href='https:\/\/blogs.univ-tlse2.fr\/afls2018\/programme-culturel\/toulouse-527355__340\/'><img loading=\"lazy\" decoding=\"async\" width=\"150\" height=\"150\" src=\"https:\/\/blogs.univ-tlse2.fr\/afls2018\/files\/2018\/05\/toulouse-527355__340-150x150.jpg\" class=\"attachment-thumbnail size-thumbnail\" alt=\"\" \/><\/a>\n\t\t\t<\/dt><\/dl><dl class='gallery-item'>\n\t\t\t<dt class='gallery-icon landscape'>\n\t\t\t\t<a href='https:\/\/blogs.univ-tlse2.fr\/afls2018\/programme-culturel\/rocket-512825__340\/'><img loading=\"lazy\" decoding=\"async\" width=\"150\" height=\"150\" src=\"https:\/\/blogs.univ-tlse2.fr\/afls2018\/files\/2018\/05\/rocket-512825__340-150x150.jpg\" class=\"attachment-thumbnail size-thumbnail\" alt=\"\" \/><\/a>\n\t\t\t<\/dt><\/dl><br style=\"clear: both\" \/><dl class='gallery-item'>\n\t\t\t<dt class='gallery-icon portrait'>\n\t\t\t\t<a href='https:\/\/blogs.univ-tlse2.fr\/afls2018\/programme-culturel\/france-3174844__340\/'><img loading=\"lazy\" decoding=\"async\" width=\"150\" height=\"150\" src=\"https:\/\/blogs.univ-tlse2.fr\/afls2018\/files\/2018\/05\/france-3174844__340-150x150.jpg\" class=\"attachment-thumbnail size-thumbnail\" alt=\"\" \/><\/a>\n\t\t\t<\/dt><\/dl><dl class='gallery-item'>\n\t\t\t<dt class='gallery-icon landscape'>\n\t\t\t\t<a href='https:\/\/blogs.univ-tlse2.fr\/afls2018\/programme-culturel\/france-2338328__340\/'><img loading=\"lazy\" decoding=\"async\" width=\"150\" height=\"150\" src=\"https:\/\/blogs.univ-tlse2.fr\/afls2018\/files\/2018\/05\/france-2338328__340-150x150.jpg\" class=\"attachment-thumbnail size-thumbnail\" alt=\"\" \/><\/a>\n\t\t\t<\/dt><\/dl><dl class='gallery-item'>\n\t\t\t<dt class='gallery-icon landscape'>\n\t\t\t\t<a href='https:\/\/blogs.univ-tlse2.fr\/afls2018\/programme-culturel\/france-1466636__340\/'><img loading=\"lazy\" decoding=\"async\" width=\"150\" height=\"150\" src=\"https:\/\/blogs.univ-tlse2.fr\/afls2018\/files\/2018\/05\/france-1466636__340-150x150.jpg\" class=\"attachment-thumbnail size-thumbnail\" alt=\"\" \/><\/a>\n\t\t\t<\/dt><\/dl><br style=\"clear: both\" \/><dl class='gallery-item'>\n\t\t\t<dt class='gallery-icon landscape'>\n\t\t\t\t<a href='https:\/\/blogs.univ-tlse2.fr\/afls2018\/programme-culturel\/beluga-2665147__340\/'><img loading=\"lazy\" decoding=\"async\" width=\"150\" height=\"150\" src=\"https:\/\/blogs.univ-tlse2.fr\/afls2018\/files\/2018\/05\/beluga-2665147__340-150x150.jpg\" class=\"attachment-thumbnail size-thumbnail\" alt=\"\" \/><\/a>\n\t\t\t<\/dt><\/dl><dl class='gallery-item'>\n\t\t\t<dt class='gallery-icon portrait'>\n\t\t\t\t<a href='https:\/\/blogs.univ-tlse2.fr\/afls2018\/programme-culturel\/church-471464__340\/'><img loading=\"lazy\" decoding=\"async\" width=\"150\" height=\"150\" src=\"https:\/\/blogs.univ-tlse2.fr\/afls2018\/files\/2018\/05\/church-471464__340-150x150.jpg\" class=\"attachment-thumbnail size-thumbnail\" alt=\"\" \/><\/a>\n\t\t\t<\/dt><\/dl><dl class='gallery-item'>\n\t\t\t<dt class='gallery-icon landscape'>\n\t\t\t\t<a href='https:\/\/blogs.univ-tlse2.fr\/afls2018\/programme-culturel\/capitole-895044__340\/'><img loading=\"lazy\" decoding=\"async\" width=\"150\" height=\"150\" src=\"https:\/\/blogs.univ-tlse2.fr\/afls2018\/files\/2018\/05\/capitole-895044__340-150x150.jpg\" class=\"attachment-thumbnail size-thumbnail\" alt=\"\" \/><\/a>\n\t\t\t<\/dt><\/dl><br style=\"clear: both\" \/><dl class='gallery-item'>\n\t\t\t<dt class='gallery-icon landscape'>\n\t\t\t\t<a href='https:\/\/blogs.univ-tlse2.fr\/afls2018\/programme-culturel\/toulouse-527359__340\/'><img loading=\"lazy\" decoding=\"async\" width=\"150\" height=\"150\" src=\"https:\/\/blogs.univ-tlse2.fr\/afls2018\/files\/2018\/05\/toulouse-527359__340-150x150.jpg\" class=\"attachment-thumbnail size-thumbnail\" alt=\"\" \/><\/a>\n\t\t\t<\/dt><\/dl><dl class='gallery-item'>\n\t\t\t<dt class='gallery-icon landscape'>\n\t\t\t\t<a href='https:\/\/blogs.univ-tlse2.fr\/afls2018\/programme-culturel\/bridge-3421897__340\/'><img loading=\"lazy\" decoding=\"async\" width=\"150\" height=\"150\" src=\"https:\/\/blogs.univ-tlse2.fr\/afls2018\/files\/2018\/05\/bridge-3421897__340-150x150.jpg\" class=\"attachment-thumbnail size-thumbnail\" alt=\"\" \/><\/a>\n\t\t\t<\/dt><\/dl><dl class='gallery-item'>\n\t\t\t<dt class='gallery-icon landscape'>\n\t\t\t\t<a href='https:\/\/blogs.univ-tlse2.fr\/afls2018\/programme-culturel\/canaldumidi-3412865__340\/'><img loading=\"lazy\" decoding=\"async\" width=\"150\" height=\"150\" src=\"https:\/\/blogs.univ-tlse2.fr\/afls2018\/files\/2018\/05\/canaldumidi-3412865__340-150x150.jpg\" class=\"attachment-thumbnail size-thumbnail\" alt=\"\" \/><\/a>\n\t\t\t<\/dt><\/dl><br style=\"clear: both\" \/>\n\t\t<\/div>\n\n<p>&nbsp;<\/p>","protected":false},"excerpt":{"rendered":"<p>Le colloque AFLS 2018 \u00e0 Toulouse sera aussi l&rsquo;occasion de d\u00e9couvrir \u00ab\u00a0la ville rose\u00a0\u00bb. Le comit\u00e9 d&rsquo;organisation vous a concoct\u00e9 un programme culturel en marge du colloque afin de vous donner un aper\u00e7u des charmes de la ville de Toulouse et de profiter en soir\u00e9e de la douceur de vivre sur le Canal du Midi. [&hellip;]<\/p>\n","protected":false},"author":543,"featured_media":136,"parent":0,"menu_order":6,"comment_status":"closed","ping_status":"closed","template":"","meta":{"footnotes":""},"class_list":["post-133","page","type-page","status-publish","has-post-thumbnail","hentry","post-preview"],"_links":{"self":[{"href":"https:\/\/blogs.univ-tlse2.fr\/afls2018\/wp-json\/wp\/v2\/pages\/133","targetHints":{"allow":["GET"]}}],"collection":[{"href":"https:\/\/blogs.univ-tlse2.fr\/afls2018\/wp-json\/wp\/v2\/pages"}],"about":[{"href":"https:\/\/blogs.univ-tlse2.fr\/afls2018\/wp-json\/wp\/v2\/types\/page"}],"author":[{"embeddable":true,"href":"https:\/\/blogs.univ-tlse2.fr\/afls2018\/wp-json\/wp\/v2\/users\/543"}],"replies":[{"embeddable":true,"href":"https:\/\/blogs.univ-tlse2.fr\/afls2018\/wp-json\/wp\/v2\/comments?post=133"}],"version-history":[{"count":20,"href":"https:\/\/blogs.univ-tlse2.fr\/afls2018\/wp-json\/wp\/v2\/pages\/133\/revisions"}],"predecessor-version":[{"id":371,"href":"https:\/\/blogs.univ-tlse2.fr\/afls2018\/wp-json\/wp\/v2\/pages\/133\/revisions\/371"}],"wp:featuredmedia":[{"embeddable":true,"href":"https:\/\/blogs.univ-tlse2.fr\/afls2018\/wp-json\/wp\/v2\/media\/136"}],"wp:attachment":[{"href":"https:\/\/blogs.univ-tlse2.fr\/afls2018\/wp-json\/wp\/v2\/media?parent=133"}],"curies":[{"name":"wp","href":"https:\/\/api.w.org\/{rel}","templated":true}]}}