 {"id":240,"date":"2013-01-09T22:11:37","date_gmt":"2013-01-09T22:11:37","guid":{"rendered":"http:\/\/aieo2014.blog.cat\/?page_id=240"},"modified":"2016-03-05T12:18:29","modified_gmt":"2016-03-05T11:18:29","slug":"nos-contactar","status":"publish","type":"page","link":"https:\/\/blogs.univ-tlse2.fr\/aieo2017\/nos-contactar\/","title":{"rendered":"Nos contactar"},"content":{"rendered":"<p>&nbsp;<\/p>\n<p>Per contactar lo Comitat d\u2019Organizacion :<\/p>\n<p>&nbsp;<\/p>\n<p><strong>XII<sup>en<\/sup> Congr\u00e8s de l\u2019AIEO<\/strong><\/p>\n<p>Laborat\u00f2ri PLH (Joan-Franc\u00e9s Courouau)<\/p>\n<p>Ostal de la Recerca<\/p>\n<p>Universitat Tolosa-Joan Jaur\u00e9s<\/p>\n<p>5 l\u00e8as Antonio Machado<\/p>\n<p>F-31058 TOLOSA CEDEX 9<\/p>\n<p>Telef\u00f2n : \u00a0\u00a0\u00a0\u00a0\u00a0\u00a0\u00a0\u00a0\u00a0\u00a0\u00a0\u00a0\u00a0\u00a0\u00a0\u00a0\u00a0\u00a0\u00a0\u00a0\u00a0\u00a0 \u00a0 (0033) (0)5 61 50 47 16<\/p>\n<p>Corri\u00e8r electronic :\u00a0\u00a0\u00a0\u00a0\u00a0\u00a0\u00a0\u00a0 aieo2017 (at) univ-tlse2.fr<\/p>\n<p>&nbsp;<\/p>","protected":false},"excerpt":{"rendered":"<p>&nbsp; Per contactar lo Comitat d\u2019Organizacion : &nbsp; XIIen Congr\u00e8s de l\u2019AIEO Laborat\u00f2ri PLH (Joan-Franc\u00e9s Courouau) Ostal de la Recerca Universitat Tolosa-Joan Jaur\u00e9s 5 l\u00e8as Antonio Machado F-31058 TOLOSA CEDEX 9 Telef\u00f2n : \u00a0\u00a0\u00a0\u00a0\u00a0\u00a0\u00a0\u00a0\u00a0\u00a0\u00a0\u00a0\u00a0\u00a0\u00a0\u00a0\u00a0\u00a0\u00a0\u00a0\u00a0\u00a0 \u00a0 (0033) (0)5 61 50 47 &hellip; <a href=\"https:\/\/blogs.univ-tlse2.fr\/aieo2017\/nos-contactar\/\">Continue reading <span class=\"meta-nav\">&rarr;<\/span><\/a><\/p>\n","protected":false},"author":299,"featured_media":0,"parent":0,"menu_order":18,"comment_status":"closed","ping_status":"open","template":"","meta":{"footnotes":""},"class_list":["post-240","page","type-page","status-publish","hentry"],"_links":{"self":[{"href":"https:\/\/blogs.univ-tlse2.fr\/aieo2017\/wp-json\/wp\/v2\/pages\/240","targetHints":{"allow":["GET"]}}],"collection":[{"href":"https:\/\/blogs.univ-tlse2.fr\/aieo2017\/wp-json\/wp\/v2\/pages"}],"about":[{"href":"https:\/\/blogs.univ-tlse2.fr\/aieo2017\/wp-json\/wp\/v2\/types\/page"}],"author":[{"embeddable":true,"href":"https:\/\/blogs.univ-tlse2.fr\/aieo2017\/wp-json\/wp\/v2\/users\/299"}],"replies":[{"embeddable":true,"href":"https:\/\/blogs.univ-tlse2.fr\/aieo2017\/wp-json\/wp\/v2\/comments?post=240"}],"version-history":[{"count":12,"href":"https:\/\/blogs.univ-tlse2.fr\/aieo2017\/wp-json\/wp\/v2\/pages\/240\/revisions"}],"predecessor-version":[{"id":760,"href":"https:\/\/blogs.univ-tlse2.fr\/aieo2017\/wp-json\/wp\/v2\/pages\/240\/revisions\/760"}],"wp:attachment":[{"href":"https:\/\/blogs.univ-tlse2.fr\/aieo2017\/wp-json\/wp\/v2\/media?parent=240"}],"curies":[{"name":"wp","href":"https:\/\/api.w.org\/{rel}","templated":true}]}}