 {"id":23,"date":"2021-10-29T19:02:59","date_gmt":"2021-10-29T17:02:59","guid":{"rendered":"https:\/\/blogs.univ-tlse2.fr\/aloes2021\/?page_id=23"},"modified":"2021-11-10T12:23:57","modified_gmt":"2021-11-10T11:23:57","slug":"inscriptions","status":"publish","type":"page","link":"https:\/\/blogs.univ-tlse2.fr\/aloes2021\/inscriptions\/","title":{"rendered":"Inscriptions"},"content":{"rendered":"\n<h2 class=\"wp-block-heading\">Proc\u00e9dure d&rsquo;inscription<\/h2>\n\n\n\n<p>Les inscriptions sont ouvertes. Inscrivez-vous avant le <strong>18 novembre 2021<\/strong>.<\/p>\n\n\n\n<p>Inscriptions : <a href=\"https:\/\/jealoes2021.sciencesconf.org\">https:\/\/jealoes2021.sciencesconf.org<\/a><\/p>\n\n\n\n<p>Frais d&rsquo;inscriptions: <strong>GRATUIT<\/strong><\/p>\n\n\n\n<p>Onglet \u00ab\u00a0Inscription\u00a0\u00bb<\/p>\n\n\n\n<p>Connectez-vous avec vos identifiants sciencesconf (ou HAL) si vous avez d\u00e9j\u00e0 un compte.<\/p>\n\n\n\n<p>Sinon, cr\u00e9ez un nouveau compte en suivant les instructions du site.<\/p>\n\n\n\n<p>Compl\u00e9tez le formulaire d&rsquo;inscription (N.B. les dates d&rsquo;arriv\u00e9e et de d\u00e9part ne concernent que les participants en pr\u00e9sentiel).<\/p>\n\n\n\n<p>Une confirmation sera envoy\u00e9e par mail.<\/p>\n\n\n\n<p>En cas de probl\u00e8me ou pour toute question, contactez  <a href=\"&#109;a&#105;l&#116;o&#x3a;j&#x75;l&#x69;e&#x2e;r&#x6f;u&#x61;u&#x64;&#64;&#x75;n&#x69;v&#x2d;t&#x6c;s&#x65;2&#x2e;f&#x72;\">ju&#108;&#x69;&#x65;&#x2e;&#x72;ou&#97;&#117;&#x64;&#x40;&#x75;niv&#45;&#x74;&#x6c;&#x73;e2&#46;&#102;&#x72;<\/a> <\/p>\n\n\n\n<h2 class=\"wp-block-heading\">How to register?<\/h2>\n\n\n\n<p>The registration phase is open. Please register before <strong>November 18th 2021<\/strong>.<\/p>\n\n\n\n<p>Admission Fee: FREE<\/p>\n\n\n\n<p>Register at: <a href=\"https:\/\/jealoes2021.sciencesconf.org\">https:\/\/jealoes2021.sciencesconf.org<\/a> <\/p>\n\n\n\n<p>Go to: \u00ab\u00a0Inscription\u00a0\u00bb<\/p>\n\n\n\n<p>Log in with your account (if you have one) or create a new account.<\/p>\n\n\n\n<p>Once the form is filled in, you will receive a confirmation by email.<\/p>\n\n\n\n<p>In case of problems with your registration, please contact <a href=\"&#x6d;&#97;il&#x74;&#x6f;:j&#x75;&#x6c;ie&#x2e;&#x72;&#111;u&#x61;&#x75;&#100;&#64;&#x75;&#x6e;&#105;v&#x2d;&#x74;&#108;se&#x32;&#x2e;fr\">julie&#46;rou&#97;&#117;&#100;&#64;&#x75;&#x6e;&#x69;&#x76;&#x2d;&#x74;&#x6c;&#x73;&#x65;&#x32;&#x2e;&#x66;r<\/a><\/p>\n","protected":false},"excerpt":{"rendered":"<p>Proc\u00e9dure d&rsquo;inscription Les inscriptions sont ouvertes. Inscrivez-vous avant le 18 novembre 2021. Inscriptions : https:\/\/jealoes2021.sciencesconf.org Frais d&rsquo;inscriptions: GRATUIT Onglet \u00ab\u00a0Inscription\u00a0\u00bb Connectez-vous avec vos identifiants sciencesconf (ou HAL) si vous avez d\u00e9j\u00e0 un compte. Sinon, cr\u00e9ez un nouveau compte en suivant les instructions du site. Compl\u00e9tez le formulaire d&rsquo;inscription (N.B. les dates d&rsquo;arriv\u00e9e et de d\u00e9part [&hellip;]<\/p>\n","protected":false},"author":1068,"featured_media":0,"parent":0,"menu_order":0,"comment_status":"closed","ping_status":"closed","template":"","meta":{"footnotes":""},"class_list":["post-23","page","type-page","status-publish","hentry"],"_links":{"self":[{"href":"https:\/\/blogs.univ-tlse2.fr\/aloes2021\/wp-json\/wp\/v2\/pages\/23","targetHints":{"allow":["GET"]}}],"collection":[{"href":"https:\/\/blogs.univ-tlse2.fr\/aloes2021\/wp-json\/wp\/v2\/pages"}],"about":[{"href":"https:\/\/blogs.univ-tlse2.fr\/aloes2021\/wp-json\/wp\/v2\/types\/page"}],"author":[{"embeddable":true,"href":"https:\/\/blogs.univ-tlse2.fr\/aloes2021\/wp-json\/wp\/v2\/users\/1068"}],"replies":[{"embeddable":true,"href":"https:\/\/blogs.univ-tlse2.fr\/aloes2021\/wp-json\/wp\/v2\/comments?post=23"}],"version-history":[{"count":6,"href":"https:\/\/blogs.univ-tlse2.fr\/aloes2021\/wp-json\/wp\/v2\/pages\/23\/revisions"}],"predecessor-version":[{"id":55,"href":"https:\/\/blogs.univ-tlse2.fr\/aloes2021\/wp-json\/wp\/v2\/pages\/23\/revisions\/55"}],"wp:attachment":[{"href":"https:\/\/blogs.univ-tlse2.fr\/aloes2021\/wp-json\/wp\/v2\/media?parent=23"}],"curies":[{"name":"wp","href":"https:\/\/api.w.org\/{rel}","templated":true}]}}