 {"id":595,"date":"2021-05-18T08:01:00","date_gmt":"2021-05-18T06:01:00","guid":{"rendered":"https:\/\/blogs.univ-tlse2.fr\/ambassadeurs\/?page_id=595"},"modified":"2021-11-02T17:38:43","modified_gmt":"2021-11-02T16:38:43","slug":"2020-henry-v-territoires-dhistoire-territoires-litteraires-en-guerre-literary-and-historical-territories-at-war","status":"publish","type":"page","link":"https:\/\/blogs.univ-tlse2.fr\/ambassadeurs\/evenements-events\/2020-henry-v-territoires-dhistoire-territoires-litteraires-en-guerre-literary-and-historical-territories-at-war\/?lang=fr","title":{"rendered":"2020 Henry V : Territoires d\u2019histoire, territoires litt\u00e9raires en guerre \/ Literary and Historical Territories at War"},"content":{"rendered":"\r\n<p>A l\u2019occasion du 600\u00e8me anniversaire du trait\u00e9 diplomatique de Troyes sign\u00e9 entre la France et l\u2019Angleterre, le programme de recherche DiplomaticA du Laboratoire Cultures Anglo-Saxonnes (CAS, UR 801) a invit\u00e9 historiens, g\u00e9ographes et sp\u00e9cialistes de litt\u00e9rature du Moyen \u00c2ge et de la Renaissance en France et en Angleterre pour discuter du r\u00e8gne d&rsquo;Henry V, ses pratiques diplomatiques et militaires et sur la repr\u00e9sentation de ces faits d&rsquo;armes et de n\u00e9gociations sous l&rsquo;angle du concept de territoire tel que red\u00e9finit par Stuart Elden.<\/p>\r\n\r\n\r\n\r\n<p>2020 marked the 600th anniversary of the Treaty of Troyes between France and England. On that occasion, DiplomaticA invited historians, geographers and theatre scholars to discuss Henry V&rsquo;s military and diplomatic deeds through the prism of the concept of territory as redefined by Stuart Elden.<\/p>\r\n\r\n\r\n\r\n<p>Participants :<\/p>\r\n\r\n\r\n\r\n<p>Val\u00e9rie Toureille\u00a0(CY Cergy Paris Universit\u00e9)<br \/>Fr\u00e9d\u00e9rique Fouassier (CESR Tours)<br \/>Stuart Elden (University of Warwick)<br \/>Jean-Christophe Mayer (IRCL Paul Val\u00e9ry Montpellier 3)<br \/>Louise Fang (Universit\u00e9 Sorbonne Paris Nord)\u00a0<br \/>Patrick Gray (Durham University)<\/p>\r\n<p><a href=\"https:\/\/blogs.univ-tlse2.fr\/ambassadeurs\/files\/2021\/05\/H5-online-prog-final_0001.jpg\"><img loading=\"lazy\" decoding=\"async\" class=\"size-medium wp-image-600 alignright\" src=\"https:\/\/blogs.univ-tlse2.fr\/ambassadeurs\/files\/2021\/05\/H5-online-prog-final_0001-300x213.jpg\" alt=\"\" width=\"300\" height=\"213\" srcset=\"https:\/\/blogs.univ-tlse2.fr\/ambassadeurs\/files\/2021\/05\/H5-online-prog-final_0001-300x213.jpg 300w, https:\/\/blogs.univ-tlse2.fr\/ambassadeurs\/files\/2021\/05\/H5-online-prog-final_0001-1024x727.jpg 1024w, https:\/\/blogs.univ-tlse2.fr\/ambassadeurs\/files\/2021\/05\/H5-online-prog-final_0001-768x545.jpg 768w, https:\/\/blogs.univ-tlse2.fr\/ambassadeurs\/files\/2021\/05\/H5-online-prog-final_0001-1536x1090.jpg 1536w, https:\/\/blogs.univ-tlse2.fr\/ambassadeurs\/files\/2021\/05\/H5-online-prog-final_0001-2048x1453.jpg 2048w, https:\/\/blogs.univ-tlse2.fr\/ambassadeurs\/files\/2021\/05\/H5-online-prog-final_0001-676x480.jpg 676w\" sizes=\"auto, (max-width: 300px) 100vw, 300px\" \/><\/a><\/p>\r\n\r\n\r\n\r\n<p>Programme<\/p>\r\n\r\n\r\n\r\n<div class=\"wp-block-file\"><a href=\"https:\/\/blogs.univ-tlse2.fr\/ambassadeurs\/files\/2021\/05\/H5-online-prog-final.pdf\">H5-online-prog-final<\/a><a class=\"wp-block-file__button\" href=\"https:\/\/blogs.univ-tlse2.fr\/ambassadeurs\/files\/2021\/05\/H5-online-prog-final.pdf\">T\u00e9l\u00e9charger<\/a><\/div>\r\n\r\n\r\n\r\n<p>Regarder quelques extraits de la conf\u00e9rence \/ Watch some of the presentation on DiplomaticA Youtube Channel:<\/p>\r\n\r\n\r\n\r\n<p><a href=\"https:\/\/www.youtube.com\/channel\/UCaqOm58MoQTFimHWwh9zCTg\/\">https:\/\/www.youtube.com\/channel\/UCaqOm58MoQTFimHWwh9zCTg\/<\/a><\/p>\r\n\r\n\r\n\r\n<p>&nbsp;<\/p>\r\n","protected":false},"excerpt":{"rendered":"<p>A l\u2019occasion du 600\u00e8me anniversaire du trait\u00e9 diplomatique de Troyes sign\u00e9 entre la France et l\u2019Angleterre, le programme de recherche DiplomaticA du Laboratoire Cultures Anglo-Saxonnes (CAS, UR 801) a invit\u00e9 historiens, g\u00e9ographes et sp\u00e9cialistes de litt\u00e9rature du Moyen \u00c2ge et de la Renaissance en France et en Angleterre pour discuter du r\u00e8gne d&rsquo;Henry V, ses [&hellip;]<\/p>\n","protected":false},"author":111,"featured_media":0,"parent":644,"menu_order":0,"comment_status":"closed","ping_status":"closed","template":"","meta":{"footnotes":""},"class_list":["post-595","page","type-page","status-publish","hentry","post-preview"],"_links":{"self":[{"href":"https:\/\/blogs.univ-tlse2.fr\/ambassadeurs\/wp-json\/wp\/v2\/pages\/595","targetHints":{"allow":["GET"]}}],"collection":[{"href":"https:\/\/blogs.univ-tlse2.fr\/ambassadeurs\/wp-json\/wp\/v2\/pages"}],"about":[{"href":"https:\/\/blogs.univ-tlse2.fr\/ambassadeurs\/wp-json\/wp\/v2\/types\/page"}],"author":[{"embeddable":true,"href":"https:\/\/blogs.univ-tlse2.fr\/ambassadeurs\/wp-json\/wp\/v2\/users\/111"}],"replies":[{"embeddable":true,"href":"https:\/\/blogs.univ-tlse2.fr\/ambassadeurs\/wp-json\/wp\/v2\/comments?post=595"}],"version-history":[{"count":12,"href":"https:\/\/blogs.univ-tlse2.fr\/ambassadeurs\/wp-json\/wp\/v2\/pages\/595\/revisions"}],"predecessor-version":[{"id":694,"href":"https:\/\/blogs.univ-tlse2.fr\/ambassadeurs\/wp-json\/wp\/v2\/pages\/595\/revisions\/694"}],"up":[{"embeddable":true,"href":"https:\/\/blogs.univ-tlse2.fr\/ambassadeurs\/wp-json\/wp\/v2\/pages\/644"}],"wp:attachment":[{"href":"https:\/\/blogs.univ-tlse2.fr\/ambassadeurs\/wp-json\/wp\/v2\/media?parent=595"}],"curies":[{"name":"wp","href":"https:\/\/api.w.org\/{rel}","templated":true}]}}