 {"id":459,"date":"2024-03-11T11:04:50","date_gmt":"2024-03-11T10:04:50","guid":{"rendered":"https:\/\/blogs.univ-tlse2.fr\/americas\/?page_id=459"},"modified":"2024-03-11T11:52:47","modified_gmt":"2024-03-11T10:52:47","slug":"partenaires-et-mentions-legales","status":"publish","type":"page","link":"https:\/\/blogs.univ-tlse2.fr\/americas\/partenaires-et-mentions-legales\/","title":{"rendered":"Partenaires et mentions l\u00e9gales"},"content":{"rendered":"\n<p>Nous tenons \u00e0 remercier toutes les personnes qui ont pu contribuer \u00e0 ce blog !<\/p>\n\n\n\n<p><\/p>\n\n\n\n<p>. L&rsquo;IPEAT et la promo M1 (2023-2024)<\/p>\n\n\n\n<p>. Institut Cervantes<\/p>\n\n\n\n<p>. Festivals : festival Tangopostale, Cuba Hoy !, Tempo Latino, Cinelatino<\/p>\n\n\n\n<p>. Musique : Spotify<\/p>\n\n\n\n<p>. Restaurants latinos de Toulouse : Bien Taypa !, L&rsquo;esquina, Guayoyo, El Chivito et La Sandia. <\/p>\n\n\n\n<p>. T\u00e9moignages des anciens \u00e9tudiants : Oc\u00e9ane Aucour, Sophia Sabl\u00e9, Leonor Victoria Socarras Castilla, Julie Fourni\u00e9, Paulina Vosi Diba Menga, Pauline Augier et Savanah Mercier. <\/p>\n\n\n\n<p>Un blog sign\u00e9 par :<\/p>\n\n\n\n<p><em>Aguilera Morgado Alexis, Ainaoui Albarel Lola, Guibbaud Am\u00e9lie, Pregassam Ornella, Sen\u00e9e Ga\u00eblle, Mokdad Kenza, Manuel Nour et Bourdy Emma<\/em><\/p>\n","protected":false},"excerpt":{"rendered":"<p>Nous tenons \u00e0 remercier toutes les personnes qui ont pu contribuer \u00e0 ce blog ! . L&rsquo;IPEAT et la promo M1 (2023-2024) . Institut Cervantes . Festivals : festival Tangopostale, Cuba Hoy !, Tempo Latino, Cinelatino . Musique : Spotify . Restaurants latinos de Toulouse : Bien Taypa !, L&rsquo;esquina, Guayoyo, El Chivito et La &hellip; <\/p>\n<p class=\"link-more\"><a href=\"https:\/\/blogs.univ-tlse2.fr\/americas\/partenaires-et-mentions-legales\/\" class=\"more-link\">Continuer la lecture<span class=\"screen-reader-text\"> de &laquo;&nbsp;Partenaires et mentions l\u00e9gales&nbsp;&raquo;<\/span><\/a><\/p>\n","protected":false},"author":1423,"featured_media":0,"parent":0,"menu_order":0,"comment_status":"closed","ping_status":"closed","template":"","meta":{"footnotes":""},"class_list":["post-459","page","type-page","status-publish","hentry"],"_links":{"self":[{"href":"https:\/\/blogs.univ-tlse2.fr\/americas\/wp-json\/wp\/v2\/pages\/459","targetHints":{"allow":["GET"]}}],"collection":[{"href":"https:\/\/blogs.univ-tlse2.fr\/americas\/wp-json\/wp\/v2\/pages"}],"about":[{"href":"https:\/\/blogs.univ-tlse2.fr\/americas\/wp-json\/wp\/v2\/types\/page"}],"author":[{"embeddable":true,"href":"https:\/\/blogs.univ-tlse2.fr\/americas\/wp-json\/wp\/v2\/users\/1423"}],"replies":[{"embeddable":true,"href":"https:\/\/blogs.univ-tlse2.fr\/americas\/wp-json\/wp\/v2\/comments?post=459"}],"version-history":[{"count":4,"href":"https:\/\/blogs.univ-tlse2.fr\/americas\/wp-json\/wp\/v2\/pages\/459\/revisions"}],"predecessor-version":[{"id":470,"href":"https:\/\/blogs.univ-tlse2.fr\/americas\/wp-json\/wp\/v2\/pages\/459\/revisions\/470"}],"wp:attachment":[{"href":"https:\/\/blogs.univ-tlse2.fr\/americas\/wp-json\/wp\/v2\/media?parent=459"}],"curies":[{"name":"wp","href":"https:\/\/api.w.org\/{rel}","templated":true}]}}