 {"id":126,"date":"2017-03-22T14:17:58","date_gmt":"2017-03-22T13:17:58","guid":{"rendered":"https:\/\/blogs.univ-tlse2.fr\/anlea2017\/?page_id=126"},"modified":"2017-05-29T10:48:18","modified_gmt":"2017-05-29T08:48:18","slug":"vendredi-02-juin","status":"publish","type":"page","link":"https:\/\/blogs.univ-tlse2.fr\/anlea2017\/vendredi-02-juin\/","title":{"rendered":"Vendredi 02 juin"},"content":{"rendered":"<p><span style=\"text-decoration: underline;color: #000000\">Matin<\/span><\/p>\n<p><em><span style=\"color: #800080\">09:15 : Petit-d\u00e9jeuner &#8211; salle LA 204<\/span><\/em><\/p>\n<p>&nbsp;<\/p>\n<p><span style=\"color: #000000\"><strong>09:30 : Assembl\u00e9e g\u00e9n\u00e9rale &#8211; Amphi 12<\/strong><\/span><\/p>\n<p>&nbsp;<\/p>\n<p><em><span style=\"color: #800080\">12:00 : D\u00e9jeuner &#8211; salle LA 204<\/span><\/em><\/p>\n<p><span style=\"color: #000000\"><strong><br \/>\n14:00-16:00 : Atelier recherche &#8211; Amphi 12<br \/>\nMod\u00e9rateurs: Emmanuelle GARNIER (DEHHA) et Luis OROZCO (LEA)<\/strong><\/span><\/p>\n<p><span style=\"color: #000000\">-14:00 <b>Tatiana MUSINOVA<\/b><span style=\"font-weight: 400\">\u00a0(<\/span><b>MCF Univ. Haute-Alsace)<\/b>,<span style=\"font-weight: 400\">\u00a0\u00ab\u00a0Enseignement de la traduction m\u00e9dicale et l\u2019analyse du discours\u00a0\u00bb<\/span><\/span><\/p>\n<p><span style=\"color: #000000\">-14:30 <b>Yves GOURINAT <\/b><span style=\"font-weight: 400\">\u00a0(<\/span><b>PR ISAE-SUPAERO Toulouse)<\/b>,<span style=\"font-weight: 400\">\u00a0\u00ab\u00a0Les enjeux \u00a0de la recherche au carrefour des Langues et de l\u2019A\u00e9ronautique\/Astronautique : t\u00e9moignages et perspectives\u00a0\u00bb<\/span><\/span><\/p>\n<p><span style=\"color: #000000\">-15:00 <b>Rapha\u00ebl EPPREH-BUTET <\/b>(<b>MCF Univ.<\/b><strong> Lille)<\/strong>,<b>\u00a0<\/b>\u00ab\u00a0<span style=\"font-weight: 400\">Langues, civilisations \u00e9trang\u00e8res et mati\u00e8res d\u2019application : la recherche pluridisciplinaire \u00e0 l\u2019Universit\u00e9 de Lille\u00a0\u00bb<\/span><\/span><\/p>\n<p><span style=\"color: #000000\">-15:30 <b>Emmanuelle GARNIER\u00a0(PR Univ-Toulouse 2) et Luis OROZCO\u00a0(MCF Univ-Toulouse 2)<\/b>,<b>\u00a0<\/b>\u00ab\u00a0<span style=\"font-weight: 400\">R\u00e9alit\u00e9s et perspectives d&rsquo;une formation \u00ab\u00a0Recherche\u00a0\u00bb en LEA\u00a0\u00bb<\/span><\/span><\/p>\n<p><span style=\"color: #000000\"><strong><br \/>\n16:00 : Cl\u00f4ture du congr\u00e8s &#8211; salle LA204<\/strong><\/span><\/p>\n","protected":false},"excerpt":{"rendered":"<p>Matin 09:15 : Petit-d\u00e9jeuner &#8211; salle LA 204 &nbsp; 09:30 : Assembl\u00e9e g\u00e9n\u00e9rale &#8211; Amphi 12 &nbsp; 12:00 : D\u00e9jeuner &#8211; salle LA 204 14:00-16:00 : Atelier recherche &#8211; Amphi 12 Mod\u00e9rateurs: Emmanuelle GARNIER (DEHHA) et Luis OROZCO (LEA) -14:00 Tatiana MUSINOVA\u00a0(MCF Univ. Haute-Alsace),\u00a0\u00ab\u00a0Enseignement de la traduction m\u00e9dicale et l\u2019analyse du discours\u00a0\u00bb -14:30 Yves GOURINAT\u2026<\/p>\n","protected":false},"author":368,"featured_media":0,"parent":0,"menu_order":0,"comment_status":"closed","ping_status":"closed","template":"","meta":{"footnotes":""},"class_list":["post-126","page","type-page","status-publish","hentry"],"_links":{"self":[{"href":"https:\/\/blogs.univ-tlse2.fr\/anlea2017\/wp-json\/wp\/v2\/pages\/126","targetHints":{"allow":["GET"]}}],"collection":[{"href":"https:\/\/blogs.univ-tlse2.fr\/anlea2017\/wp-json\/wp\/v2\/pages"}],"about":[{"href":"https:\/\/blogs.univ-tlse2.fr\/anlea2017\/wp-json\/wp\/v2\/types\/page"}],"author":[{"embeddable":true,"href":"https:\/\/blogs.univ-tlse2.fr\/anlea2017\/wp-json\/wp\/v2\/users\/368"}],"replies":[{"embeddable":true,"href":"https:\/\/blogs.univ-tlse2.fr\/anlea2017\/wp-json\/wp\/v2\/comments?post=126"}],"version-history":[{"count":17,"href":"https:\/\/blogs.univ-tlse2.fr\/anlea2017\/wp-json\/wp\/v2\/pages\/126\/revisions"}],"predecessor-version":[{"id":256,"href":"https:\/\/blogs.univ-tlse2.fr\/anlea2017\/wp-json\/wp\/v2\/pages\/126\/revisions\/256"}],"wp:attachment":[{"href":"https:\/\/blogs.univ-tlse2.fr\/anlea2017\/wp-json\/wp\/v2\/media?parent=126"}],"curies":[{"name":"wp","href":"https:\/\/api.w.org\/{rel}","templated":true}]}}