 {"id":13,"date":"2013-09-17T12:48:18","date_gmt":"2013-09-17T11:48:18","guid":{"rendered":"http:\/\/www.aparea.fr\/?page_id=13"},"modified":"2025-10-10T09:17:34","modified_gmt":"2025-10-10T07:17:34","slug":"le-bureau","status":"publish","type":"page","link":"https:\/\/blogs.univ-tlse2.fr\/aparea\/le-bureau\/","title":{"rendered":"Bureau &#8211; CA"},"content":{"rendered":"\n<h3 class=\"wp-block-heading has-text-align-center\"><strong><mark style=\"background-color:#ffffff\" class=\"has-inline-color has-luminous-vivid-orange-color\">Les membres du Bureau et du CA<\/mark><\/strong><\/h3>\n\n\n\n<p><mark style=\"background-color:#ffffff;color:#934114\" class=\"has-inline-color\"><strong>Bureau et CA de l&rsquo;APAREA 2025 &#8211; 2026<\/strong><\/mark><\/p>\n\n\n\n<ul class=\"wp-block-list\">\n<li>Pr\u00e9sident : Logan MAZINGUE<\/li>\n\n\n\n<li>Secr\u00e9taire : Christine HECK<\/li>\n\n\n\n<li>Vice-Secr\u00e9taire : Juline CHENAL<\/li>\n\n\n\n<li>Tr\u00e9sori\u00e8re : Mathilde DIDIER<\/li>\n\n\n\n<li>Charg\u00e9s de communication : Elfie DESGUERRE et Alexis CLINARD<\/li>\n\n\n\n<li>Charg\u00e9e de projet : Eloane GEFFRAY<\/li>\n<\/ul>\n\n\n\n<p>             <mark style=\"background-color:#ffffff;color:#934114\" class=\"has-inline-color\"><strong>Bureau et CA de l&rsquo;APAREA 2024 &#8211; 2025<\/strong><\/mark><\/p>\n\n\n\n<ul class=\"wp-block-list\">\n<li>Pr\u00e9sident : Logan MAZINGUE<\/li>\n\n\n\n<li>Secr\u00e9taire : Alexis COLLARD<\/li>\n\n\n\n<li>Tr\u00e9sori\u00e8re : Mathilde DIDIER<\/li>\n\n\n\n<li>Charg\u00e9es de communication : Cl\u00e9mentine BOURBIAUX et Juline CHENAL<\/li>\n<\/ul>\n\n\n\n<figure class=\"wp-block-image size-full is-resized\"><img loading=\"lazy\" decoding=\"async\" width=\"636\" height=\"770\" src=\"https:\/\/blogs.univ-tlse2.fr\/aparea\/files\/2024\/11\/Capture-decran-2024-11-19-a-20.02.45.png\" alt=\"\" class=\"wp-image-2386\" style=\"width:325px;height:auto\" srcset=\"https:\/\/blogs.univ-tlse2.fr\/aparea\/files\/2024\/11\/Capture-decran-2024-11-19-a-20.02.45.png 636w, https:\/\/blogs.univ-tlse2.fr\/aparea\/files\/2024\/11\/Capture-decran-2024-11-19-a-20.02.45-248x300.png 248w\" sizes=\"auto, (max-width: 636px) 100vw, 636px\" \/><\/figure>\n\n\n\n<h5 class=\"wp-block-heading\"><mark style=\"background-color:#ffffff;color:#934114\" class=\"has-inline-color\">            <strong>Bureau et CA de l&rsquo;APAREA 2023 &#8211; 2024<\/strong><\/mark><\/h5>\n\n\n\n<ul class=\"wp-block-list\">\n<li>\n<ul class=\"wp-block-list\">\n<li>Pr\u00e9sident : Alexis COLLARD<\/li>\n\n\n\n<li>Secr\u00e9taire : Odeline TISSEYRE<\/li>\n\n\n\n<li>Tr\u00e9sori\u00e8re : Nolwenn RO\u00cfC SMITH<\/li>\n\n\n\n<li>Charg\u00e9s de communication : Cl\u00e9mentine BOURBIAUX et Cl\u00e9ment SARRET<\/li>\n<\/ul>\n<\/li>\n<\/ul>\n\n\n\n<figure class=\"wp-block-image size-large is-resized\"><img loading=\"lazy\" decoding=\"async\" width=\"960\" height=\"1024\" src=\"https:\/\/blogs.univ-tlse2.fr\/aparea\/files\/2023\/11\/Membre-du-bureau-2023_24-1-960x1024.png\" alt=\"\" class=\"wp-image-2260\" style=\"aspect-ratio:0.9375;width:520px;height:auto\" srcset=\"https:\/\/blogs.univ-tlse2.fr\/aparea\/files\/2023\/11\/Membre-du-bureau-2023_24-1-960x1024.png 960w, https:\/\/blogs.univ-tlse2.fr\/aparea\/files\/2023\/11\/Membre-du-bureau-2023_24-1-281x300.png 281w, https:\/\/blogs.univ-tlse2.fr\/aparea\/files\/2023\/11\/Membre-du-bureau-2023_24-1-768x819.png 768w, https:\/\/blogs.univ-tlse2.fr\/aparea\/files\/2023\/11\/Membre-du-bureau-2023_24-1-1440x1536.png 1440w, https:\/\/blogs.univ-tlse2.fr\/aparea\/files\/2023\/11\/Membre-du-bureau-2023_24-1-1919x2048.png 1919w\" sizes=\"auto, (max-width: 960px) 100vw, 960px\" \/><\/figure>\n\n\n<h5 style=\"padding-left: 40px\"><span style=\"color: #993300\">Bureau et CA de l&rsquo;APAREA 2022 &#8211; 2023<\/span><\/h5>\n<ul>\n<li style=\"list-style-type: none\">\n<ul>\n<li style=\"list-style-type: none\">\n<ul>\n<li>\n<p>Pr\u00e9sident : Alexis COLLARD<\/p>\n<\/li>\n<li>\n<p>Secr\u00e9taire : Dimitri WEEGER<\/p>\n<\/li>\n<li>\n<p>Tr\u00e9sorier : Gilbert VIENNE<\/p>\n<\/li>\n<li>\n<p>Charg\u00e9s de projets :<\/p>\n<ul>\n<li>\n<p>Responsable communication (Newsletter) : Cl\u00e9ment SARRET<\/p>\n<\/li>\n<\/ul>\n<\/li>\n<\/ul>\n<\/li>\n<li>\n<p>Membres :<\/p>\n<ul>\n<li>\n<p>Sortie Pech Merle : M\u00e9lissa LIEVRE<\/p>\n<\/li>\n<li>\n<p>Nouveau logo : Cl\u00e9mentine BOURBIAUX et Nolwenn RO\u00cfC SMITH<\/p>\n<\/li>\n<li>\n<p>T-shirt : Cl\u00e9mentine BOURBIAUX et Nolwenn RO\u00cfC SMITH<\/p>\n<\/li>\n<\/ul>\n<\/li>\n<\/ul>\n<\/li>\n<\/ul>\n<h5 style=\"padding-left: 80px\"><span style=\"color: #993300\">Bureau et CA de l&rsquo;APAREA F\u00e9vrier &#8211; Octobre 2022 :<\/span><\/h5>\n<ul>\n<li style=\"list-style-type: none\">\n<ul>\n<li style=\"list-style-type: none\">\n<ul>\n<li>Co-Pr\u00e9sidente : L\u00e9a PERLES<\/li>\n<li>Co-Pr\u00e9sident : Alexis COLLARD<\/li>\n<li>Secr\u00e9taire : Christine HECK<\/li>\n<li>Vice-secr\u00e9taire et responsable de projets : Pierre MOUTON-DUBOSC<\/li>\n<li>Tr\u00e9sorier : GILBERT VIENNE<\/li>\n<li>Vice-tr\u00e9sori\u00e8re : Elina GRAVELLE<\/li>\n<li>Charg\u00e9s de projets :\n<ul>\n<li>Festival Sexe, Genre et Arch\u00e9ologie : Andrea CHARIGNON<\/li>\n<li>Responsable du Comit\u00e9 de r\u00e9daction du BAPAREA : Dimitri WEEGER<\/li>\n<li>Responsable de communication (Newsletter) : Cl\u00e9ment SARRET<\/li>\n<\/ul>\n<\/li>\n<\/ul>\n<\/li>\n<\/ul>\n<\/li>\n<\/ul>\n<h5 style=\"padding-left: 80px\"><span style=\"color: #993300\">Bureau et CA de l&rsquo;APAREA Octobre 2021 &#8211; f\u00e9vrier 2022 :<\/span><\/h5>\n<ul>\n<li style=\"list-style-type: none\">\n<ul>\n<li style=\"list-style-type: none\">\n<ul>\n<li>Pr\u00e9sidente : Sabrina KHADIVI<\/li>\n<li>Secr\u00e9taire : Christine HECK<\/li>\n<li>Vice-secr\u00e9taire et responsable de projets : Pierre MOUTON-DUBOSC<\/li>\n<li>Tr\u00e9sorier : Gilbert VIENNE<\/li>\n<li>Vice-tr\u00e9sori\u00e8re : Elina GRAVELLE<\/li>\n<li>Charg\u00e9s de projets :\n<ul>\n<li>Festival Sexe, Genre et Arch\u00e9ologie : Andrea CHARIGNON<\/li>\n<\/ul>\n<\/li>\n<\/ul>\n<\/li>\n<\/ul>\n<\/li>\n<\/ul>\n<h5 style=\"padding-left: 80px\"><span style=\"color: #993300\">Bureau et CA de l&rsquo;APAREA 2020 &#8211; 2021 :<\/span><\/h5>\n<ul>\n<li style=\"list-style-type: none\">\n<ul>\n<li style=\"list-style-type: none\">\n<ul>\n<li>Pr\u00e9sident : Pierre MOUTON-DUBOSC<\/li>\n<li>Secr\u00e9taire : Lison CHASSAING<\/li>\n<li>Tr\u00e9sorier : Gilbert VIENNE<\/li>\n<li>Charg\u00e9s de projets :\n<ul>\n<li>Festival Sexe, Genre et Arch\u00e9ologie : Andrea CHARIGNON<\/li>\n<li>Forum de l&rsquo;Antiquit\u00e9 : Joris Moron<\/li>\n<\/ul>\n<\/li>\n<\/ul>\n<\/li>\n<\/ul>\n<\/li>\n<\/ul>\n<h5 style=\"padding-left: 80px\"><span style=\"color: #993300\">Bureau et CA de l&rsquo;APAREA F\u00e9vrier &#8211; Octobre 2020 :<\/span><\/h5>\n<ul>\n<li style=\"list-style-type: none\">\n<ul>\n<li style=\"list-style-type: none\">\n<ul>\n<li>Pr\u00e9sident : Pierre MOUTON-DUBOSC<\/li>\n<li>Secr\u00e9taire : Lison CHASSAING<\/li>\n<li>Tr\u00e9sorier : Gilbert VIENNE\n<ul>\n<li>Charg\u00e9s de projets :<\/li>\n<li>Festival Sexe, Genre et Arch\u00e9ologie : Andrea CHARIGNON<\/li>\n<li>Forum de l&rsquo;Antiquit\u00e9 : Joris Moron<\/li>\n<\/ul>\n<\/li>\n<\/ul>\n<\/li>\n<\/ul>\n<\/li>\n<\/ul>\n<h5 style=\"padding-left: 80px\"><span style=\"color: #993300\">Bureau et CA de l&rsquo;APAREA Octobre 2019 &#8211; F\u00e9vrier 2020<\/span><\/h5>\n<ul>\n<li style=\"list-style-type: none\">\n<ul>\n<li style=\"list-style-type: none\">\n<ul>\n<li>Pr\u00e9sidente : Ang\u00e9lique VANDELUITGAARDEN<\/li>\n<li>Secr\u00e9taire : Lison CHASSAING<\/li>\n<li>Tr\u00e9sorier : Gilbert VIENNE<\/li>\n<li>Charg\u00e9s de projets :\n<ul>\n<li>Festival Sexe, Genre et Arch\u00e9ologie : Andrea CHARIGNON<\/li>\n<li>Forum de l&rsquo;Antiquit\u00e9 : Joris Moron<\/li>\n<\/ul>\n<\/li>\n<\/ul>\n<\/li>\n<\/ul>\n<\/li>\n<\/ul>\n<h5 style=\"padding-left: 80px\"><span style=\"color: #993300\">Bureau et CA de l&rsquo;APAREA 2018-2019 :<\/span><\/h5>\n<ul>\n<li style=\"list-style-type: none\">\n<ul>\n<li style=\"list-style-type: none\">\n<ul>\n<li>Pr\u00e9sidente : Ang\u00e9lique VANDELUITGAARDEN<\/li>\n<li>Secr\u00e9taire : Lison CHASSAING<\/li>\n<li>Tr\u00e9sorier : Gilbert VIENNE<\/li>\n<\/ul>\n<\/li>\n<\/ul>\n<\/li>\n<\/ul>\n<h5 style=\"padding-left: 80px\"><span style=\"color: #993300\"><strong>Bureau et CA de\u00a0 l&rsquo;APAREA 2017-2018 :<\/strong><\/span><\/h5>\n<p><strong><img loading=\"lazy\" decoding=\"async\" class=\"alignnone  wp-image-1063\" src=\"https:\/\/blogs.univ-tlse2.fr\/aparea\/files\/2018\/02\/membres-bureau-2e-semestre.jpeg\" alt=\"\" width=\"321\" height=\"454\" srcset=\"https:\/\/blogs.univ-tlse2.fr\/aparea\/files\/2018\/02\/membres-bureau-2e-semestre.jpeg 826w, https:\/\/blogs.univ-tlse2.fr\/aparea\/files\/2018\/02\/membres-bureau-2e-semestre-212x300.jpeg 212w, https:\/\/blogs.univ-tlse2.fr\/aparea\/files\/2018\/02\/membres-bureau-2e-semestre-768x1087.jpeg 768w, https:\/\/blogs.univ-tlse2.fr\/aparea\/files\/2018\/02\/membres-bureau-2e-semestre-724x1024.jpeg 724w\" sizes=\"auto, (max-width: 321px) 100vw, 321px\" \/>\u00a0<img loading=\"lazy\" decoding=\"async\" class=\"alignnone wp-image-952\" src=\"https:\/\/blogs.univ-tlse2.fr\/aparea\/files\/2013\/09\/membres-CA-1.jpeg\" alt=\"\" width=\"329\" height=\"466\" srcset=\"https:\/\/blogs.univ-tlse2.fr\/aparea\/files\/2013\/09\/membres-CA-1.jpeg 826w, https:\/\/blogs.univ-tlse2.fr\/aparea\/files\/2013\/09\/membres-CA-1-212x300.jpeg 212w, https:\/\/blogs.univ-tlse2.fr\/aparea\/files\/2013\/09\/membres-CA-1-768x1087.jpeg 768w, https:\/\/blogs.univ-tlse2.fr\/aparea\/files\/2013\/09\/membres-CA-1-724x1024.jpeg 724w\" sizes=\"auto, (max-width: 329px) 100vw, 329px\" \/><\/strong><\/p>\n<p style=\"padding-left: 80px\"><span style=\"color: #993300\"><strong>Bureau de l&rsquo;APAREA 2016-2017 :<\/strong><\/span><br \/>-Pr\u00e9sident : Hugo BOISSIER<br \/>-Vice-pr\u00e9sident : Maximilien COSTA<br \/>-Secr\u00e9taire : Marine GARDEUR<br \/>-Vice-secr\u00e9taire : Anne BARTOLI<br \/>-Tr\u00e9sorier : Bastien ROUSSET<br \/>-Vice-tr\u00e9sori\u00e8re : Elise GUY-MOYAT<br \/>-Responsable communication : Sarah PARILLA<br \/>-Webmestre : Pierre MOUTON-DUBOSC<br \/>-Vice-webmestre : Caroline BENAZET<\/p>\n<p style=\"text-align: left;padding-left: 80px\"><span style=\"color: #993300\"><strong>Bureau de l&rsquo;APAREA 2015-2016 :<\/strong><\/span><br \/>-Pr\u00e9sident : Hugo BOISSIER<br \/>-Secr\u00e9taire : Marine GARDEUR<br \/>-Tr\u00e9sorier : Bastien ROUSSET<br \/>-Tr\u00e9sorier adjoint : Guilhem CONSTANS<br \/><span style=\"color: #993300\"><strong>CA :<\/strong><\/span><br \/>-Pierre MOUTON-DUBOSC (webmestre)<br \/>-Sarah\u00a0PARRILLA (Communication)<br \/>-Flore MARTIN, Alice PITON, L\u00e9a DE JOANTHO,<br \/>Marie LEPLAT, Laure\u00a0MANAS, Marion NOUVEL<br \/>(charg\u00e9es de missions)<\/p>\n<p style=\"text-align: left;padding-left: 80px\"><span style=\"color: #993300\"><strong>Bureau de l&rsquo;APAREA 2013-2014 :<\/strong><\/span><br \/>Alice, PITON, Toulouse (31) &#8211; Pr\u00e9sidente<br \/>Marion NOUVEL, Toulouse (31) &#8211;\u00a0 Secr\u00e9taire et lien inter-associatif avec P\u00e9riples<br \/>Guilhem CONSTANS, Toulouse (31) ; Laure MANAS, Toulouse (31) ; Flore MARTIN, Toulouse(31) &#8211; Tr\u00e9soriers<br \/>L\u00e8a De JOANTHO, Toulouse (31) &#8211; Webmestre<\/p>\n<p style=\"text-align: left;padding-left: 80px\"><span style=\"color: #993300\"><strong>Bureau de l&rsquo;APAREA 2012-2013 :<\/strong><\/span><br \/>Pauline RAMIS, Toulouse (31) &#8211; Pr\u00e9sidente<br \/>Guilhem CONSTANS, Toulouse (31) ; Laure MANAS, Toulouse (31) ; Flore MARTIN, Toulouse (31) &#8211;\u00a0 Secr\u00e9taires<br \/>Camille LACROIX, Toulouse(31) &#8211; Tr\u00e9sori\u00e8re<br \/>S\u00e9bastien SIMIONI, Carbonne (31) ; C\u00e9cilia DURA, Toulouse (31) &#8211; Communication et promotion<br \/>Alice PITON, Toulouse (31) &#8211; Webmestre<\/p>\n<p style=\"text-align: left;padding-left: 80px\"><span style=\"color: #993300\"><strong>Bureau de l&rsquo;APAREA 2011-2012 :<\/strong><\/span><br \/>Pauline RAMIS, Toulouse (31) &#8211; Pr\u00e9sidente<br \/>Camille LACROIX, Toulouse (31) &#8211; Secr\u00e9taire<br \/>Ana\u00efs COMET, Toulouse (31) &#8211; Tr\u00e9sori\u00e8re<br \/>S\u00e9bastien SIMIONI, Carbonne (31) &#8211; Communication et promotion<br \/>Magali BAUDOIN, Toulouse (31) &#8211; Edition et diffusion du BAPAREA<br \/>C\u00e9cilia DURA, Toulouse (31) &#8211; Webmestre<\/p>\n<p style=\"text-align: left;padding-left: 80px\"><span style=\"color: #993300\"><strong>Bureau de l&rsquo;APAREA 2010-2011 :<\/strong><\/span><br \/>Ana\u00efs COMET, Toulouse (31) &#8211; Pr\u00e9sidente<br \/>Pauline RAMIS, Toulouse (31) &#8211; Secr\u00e9taire<br \/>Camille LACROIX, Toulouse (31) &#8211; Tr\u00e9sori\u00e8re<br \/>Magali BAUDOIN, Toulouse (31) &#8211; Edition et diffusion du BAPAREA<br \/>Pierre DEJARNAC, Toulouse (31) &#8211; Edition et diffusion du BAPAREA<\/p>\n<p style=\"text-align: left;padding-left: 80px\"><span style=\"color: #993300\"><strong>Bureau de l&rsquo;APAREA 2009-2010 :<\/strong><\/span><br \/>Camille LACROIX, Toulouse (31) &#8211; Pr\u00e9sidente<br \/>Pauline RAMIS, Toulouse (31) &#8211; Vice-pr\u00e9sidente<br \/>Ana\u00efs COMET, Caussade (82) &#8211; Secr\u00e9taire<br \/>Claire PERONNET, Cahors (46) &#8211; Tr\u00e9sori\u00e8re<br \/>Loren SOUCHARD, Toulouse (31) &#8211; Communication<br \/>Thomas LE DREFF, Toulouse (31) &#8211; Promotion<br \/>Anne-Zahra CHEMSSEDDOHA, Toulouse (31) &#8211; Promotion<br \/>Magali BAUDOIN, Toulouse (31) &#8211; Subvention<\/p>\n<p style=\"text-align: left;padding-left: 80px\"><span style=\"color: #993300\"><strong>Bureau de l\u2019APAREA 2008-2009 :<\/strong><\/span><br \/>Camille LACROIX, Toulouse (31) &#8211; Pr\u00e9sidente<br \/>Marion FOURCAYRAN, Toulouse (31) &#8211; Vice-Pr\u00e9sidente<br \/>Ana\u00efs COMET, Toulouse (31) &#8211; Secr\u00e9taire<br \/>Claire PEREZ, Madrid (Espagne) &#8211; Tr\u00e9sori\u00e8re<br \/>Alexis CORROCHANO, Saint-Mand\u00e9 (94)- Communication<br \/>Claire PERONNET, Toulouse (31) &#8211; Promotion<br \/>Thomas LE DREFF, Vendine (31) &#8211; Promotion<br \/>Pauline RAMIS, Toulouse (31) &#8211; Subvention<br \/>Loren SOUCHARD, Toulouse (31) &#8211; Subvention<\/p>\n<table class=\" alignleft\" width=\"100%\" cellspacing=\"3\" cellpadding=\"2\">\n<colgroup>\n<col width=\"73*\" \/>\n<col width=\"183*\" \/> <\/colgroup>\n<tbody>\n<tr>\n<td width=\"29%\"><span style=\"font-family: book antiqua,palatino\"><span style=\"font-size: medium\">Pr\u00e9sident<\/span><\/span><\/td>\n<td width=\"71%\"><span style=\"font-family: book antiqua,palatino\"><span style=\"font-size: medium\">&#8211; Pr\u00e9side l&rsquo;association et est le d\u00e9cisionnaire final lors des r\u00e9unions, assembl\u00e9es, etc.,<\/span><\/span><span style=\"font-family: book antiqua,palatino\"><span style=\"font-size: small\">&#8211; <\/span><\/span><span style=\"font-family: book antiqua,palatino\"><span style=\"font-size: medium\">S&rsquo;assure que toutes les d\u00e9marches sont correctement effectu\u00e9es, supervise et centralise les activit\u00e9s,<\/span><\/span><span style=\"font-family: book antiqua,palatino\"><span style=\"font-size: medium\">&#8211; Est responsable de l&rsquo;association.<\/span><\/span><\/td>\n<\/tr>\n<tr>\n<td width=\"29%\"><span style=\"font-family: book antiqua,palatino\"><span style=\"font-size: medium\">Secr\u00e9taire<\/span><\/span><\/td>\n<td width=\"71%\">\n<p align=\"JUSTIFY\"><span style=\"font-family: book antiqua,palatino\"><span style=\"font-size: medium\">&#8211; Rend compte des r\u00e9unions et assembl\u00e9es,<\/span><\/span><\/p>\n<p align=\"JUSTIFY\"><span style=\"font-family: book antiqua,palatino\"><span style=\"font-size: medium\">&#8211; Est charg\u00e9 de la communication aupr\u00e8s des adh\u00e9rents.<\/span><\/span><\/p>\n<\/td>\n<\/tr>\n<tr>\n<td width=\"29%\">\n<p align=\"JUSTIFY\"><span style=\"font-family: book antiqua,palatino\"><span style=\"font-size: medium\">Tr\u00e9sorier<\/span><\/span><\/p>\n<\/td>\n<td width=\"71%\">\n<p align=\"JUSTIFY\"><span style=\"font-family: book antiqua,palatino\"><span style=\"font-size: medium\">&#8211; Est charg\u00e9 de la tenue du compte bancaire et de la comptabilit\u00e9 de l&rsquo;association,<\/span><\/span><\/p>\n<p align=\"JUSTIFY\"><span style=\"font-family: book antiqua,palatino\"><span style=\"font-size: medium\">&#8211; Est charg\u00e9 des demandes de subvention aupr\u00e8s des institutions comp\u00e9tentes,<\/span><\/span><\/p>\n<p align=\"JUSTIFY\"><span style=\"font-family: book antiqua,palatino\"><span style=\"font-size: medium\">&#8211; Est charg\u00e9 de tout ce qui concerne les produits d\u00e9riv\u00e9s (T-shirts, badges, autres \u00e0 venir).<\/span><\/span><\/p>\n<\/td>\n<\/tr>\n<tr>\n<td width=\"29%\"><span style=\"font-family: book antiqua,palatino\"><span style=\"font-size: medium\">Edition et diffusion<\/span><\/span><\/td>\n<td width=\"71%\">\n<p align=\"JUSTIFY\"><span style=\"font-family: book antiqua,palatino\"><span style=\"font-size: medium\">&#8211; Est charg\u00e9 de l&rsquo;\u00e9laboration du bulletin (collecte des articles, gestion des relectures, mise en page&#8230;),<\/span><\/span><\/p>\n<p align=\"JUSTIFY\"><span style=\"font-family: book antiqua,palatino\"><span style=\"font-size: medium\">&#8211; Est responsable de l&rsquo;\u00e9dition du bulletin et de sa diffusion.<\/span><\/span><\/p>\n<\/td>\n<\/tr>\n<tr>\n<td width=\"29%\"><span style=\"font-family: book antiqua,palatino\"><span style=\"font-size: medium\"><br \/>Communication<\/span><\/span><\/td>\n<td width=\"71%\"><span style=\"font-family: book antiqua,palatino\"><span style=\"font-family: book antiqua,palatino\"><span style=\"font-size: medium\"><br \/>&#8211; Est charg\u00e9 de la communication aupr\u00e8s du public,<\/span><\/span><\/span>&#8211; Est charg\u00e9 de la mise en relation de l&rsquo;Aparea avec d&rsquo;autres associations et institutions culturelles,<span style=\"color: #174b8c\"><span style=\"font-family: Helvetica\"><span style=\"font-size: large\"><span style=\"color: #000000\"><span style=\"font-family: book antiqua,palatino\"><span style=\"font-size: medium\">&#8211; R\u00e9alise les affiches.<\/span><\/span><\/span><\/span><\/span><\/span><\/td>\n<\/tr>\n<tr>\n<td width=\"29%\"><span style=\"font-family: book antiqua,palatino\"><span style=\"font-size: small\"><br \/><span style=\"font-size: medium\">Webmestre<\/span><\/span><\/span><\/td>\n<td width=\"71%\"><span style=\"font-family: book antiqua,palatino\"><span style=\"font-family: book antiqua,palatino\"><span style=\"font-size: medium\"><br \/>&#8211; Est responsable du site Internet,<\/span><\/span><\/span>&#8211; Est responsable de la page Facebook.<\/td>\n<\/tr>\n<\/tbody>\n<\/table>","protected":false},"excerpt":{"rendered":"<p>Les membres du Bureau et du CA Bureau et CA de l&rsquo;APAREA 2025 &#8211; 2026 Bureau et CA de l&rsquo;APAREA 2024 &#8211; 2025 Bureau et CA de l&rsquo;APAREA 2023 &#8211; [&hellip;]<\/p>\n","protected":false},"author":320,"featured_media":0,"parent":0,"menu_order":3,"comment_status":"closed","ping_status":"open","template":"","meta":{"_acf_changed":false,"_price":"","_stock":"","_tribe_ticket_header":"","_tribe_default_ticket_provider":"","_tribe_ticket_capacity":"0","_ticket_start_date":"","_ticket_end_date":"","_tribe_ticket_show_description":"","_tribe_ticket_show_not_going":false,"_tribe_ticket_use_global_stock":"","_tribe_ticket_global_stock_level":"","_global_stock_mode":"","_global_stock_cap":"","_tribe_rsvp_for_event":"","_tribe_ticket_going_count":"","_tribe_ticket_not_going_count":"","_tribe_tickets_list":"[]","_tribe_ticket_has_attendee_info_fields":false,"ocean_post_layout":"","ocean_both_sidebars_style":"","ocean_both_sidebars_content_width":0,"ocean_both_sidebars_sidebars_width":0,"ocean_sidebar":"","ocean_second_sidebar":"","ocean_disable_margins":"enable","ocean_add_body_class":"","ocean_shortcode_before_top_bar":"","ocean_shortcode_after_top_bar":"","ocean_shortcode_before_header":"","ocean_shortcode_after_header":"","ocean_has_shortcode":"","ocean_shortcode_after_title":"","ocean_shortcode_before_footer_widgets":"","ocean_shortcode_after_footer_widgets":"","ocean_shortcode_before_footer_bottom":"","ocean_shortcode_after_footer_bottom":"","ocean_display_top_bar":"default","ocean_display_header":"default","ocean_header_style":"","ocean_center_header_left_menu":"","ocean_custom_header_template":"","ocean_custom_logo":0,"ocean_custom_retina_logo":0,"ocean_custom_logo_max_width":0,"ocean_custom_logo_tablet_max_width":0,"ocean_custom_logo_mobile_max_width":0,"ocean_custom_logo_max_height":0,"ocean_custom_logo_tablet_max_height":0,"ocean_custom_logo_mobile_max_height":0,"ocean_header_custom_menu":"","ocean_menu_typo_font_family":"","ocean_menu_typo_font_subset":"","ocean_menu_typo_font_size":0,"ocean_menu_typo_font_size_tablet":0,"ocean_menu_typo_font_size_mobile":0,"ocean_menu_typo_font_size_unit":"px","ocean_menu_typo_font_weight":"","ocean_menu_typo_font_weight_tablet":"","ocean_menu_typo_font_weight_mobile":"","ocean_menu_typo_transform":"","ocean_menu_typo_transform_tablet":"","ocean_menu_typo_transform_mobile":"","ocean_menu_typo_line_height":0,"ocean_menu_typo_line_height_tablet":0,"ocean_menu_typo_line_height_mobile":0,"ocean_menu_typo_line_height_unit":"","ocean_menu_typo_spacing":0,"ocean_menu_typo_spacing_tablet":0,"ocean_menu_typo_spacing_mobile":0,"ocean_menu_typo_spacing_unit":"","ocean_menu_link_color":"","ocean_menu_link_color_hover":"","ocean_menu_link_color_active":"","ocean_menu_link_background":"","ocean_menu_link_hover_background":"","ocean_menu_link_active_background":"","ocean_menu_social_links_bg":"","ocean_menu_social_hover_links_bg":"","ocean_menu_social_links_color":"","ocean_menu_social_hover_links_color":"","ocean_disable_title":"default","ocean_disable_heading":"default","ocean_post_title":"","ocean_post_subheading":"","ocean_post_title_style":"","ocean_post_title_background_color":"","ocean_post_title_background":0,"ocean_post_title_bg_image_position":"","ocean_post_title_bg_image_attachment":"","ocean_post_title_bg_image_repeat":"","ocean_post_title_bg_image_size":"","ocean_post_title_height":0,"ocean_post_title_bg_overlay":0.5,"ocean_post_title_bg_overlay_color":"","ocean_disable_breadcrumbs":"default","ocean_breadcrumbs_color":"","ocean_breadcrumbs_separator_color":"","ocean_breadcrumbs_links_color":"","ocean_breadcrumbs_links_hover_color":"","ocean_display_footer_widgets":"default","ocean_display_footer_bottom":"default","ocean_custom_footer_template":"","footnotes":"","_tec_slr_enabled":"","_tec_slr_layout":""},"class_list":["post-13","page","type-page","status-publish","hentry","entry"],"acf":[],"ticketed":false,"_links":{"self":[{"href":"https:\/\/blogs.univ-tlse2.fr\/aparea\/wp-json\/wp\/v2\/pages\/13","targetHints":{"allow":["GET"]}}],"collection":[{"href":"https:\/\/blogs.univ-tlse2.fr\/aparea\/wp-json\/wp\/v2\/pages"}],"about":[{"href":"https:\/\/blogs.univ-tlse2.fr\/aparea\/wp-json\/wp\/v2\/types\/page"}],"author":[{"embeddable":true,"href":"https:\/\/blogs.univ-tlse2.fr\/aparea\/wp-json\/wp\/v2\/users\/320"}],"replies":[{"embeddable":true,"href":"https:\/\/blogs.univ-tlse2.fr\/aparea\/wp-json\/wp\/v2\/comments?post=13"}],"version-history":[{"count":37,"href":"https:\/\/blogs.univ-tlse2.fr\/aparea\/wp-json\/wp\/v2\/pages\/13\/revisions"}],"predecessor-version":[{"id":2509,"href":"https:\/\/blogs.univ-tlse2.fr\/aparea\/wp-json\/wp\/v2\/pages\/13\/revisions\/2509"}],"wp:attachment":[{"href":"https:\/\/blogs.univ-tlse2.fr\/aparea\/wp-json\/wp\/v2\/media?parent=13"}],"curies":[{"name":"wp","href":"https:\/\/api.w.org\/{rel}","templated":true}]}}