 {"id":11,"date":"2013-07-05T09:41:47","date_gmt":"2013-07-05T08:41:47","guid":{"rendered":"https:\/\/blogs.univ-tlse2.fr\/enseigner-la-geographie\/?page_id=11"},"modified":"2018-08-25T11:47:54","modified_gmt":"2018-08-25T09:47:54","slug":"page-2","status":"publish","type":"page","link":"https:\/\/blogs.univ-tlse2.fr\/apprendre-la-geographie\/","title":{"rendered":"Accueil"},"content":{"rendered":"<p><strong><span style=\"color: #993300\">Sur ce blog,\u00a0<\/span><\/strong><strong><span style=\"color: #993300\">quelques rep\u00e8res bibliographiques pour\u00a0<\/span><\/strong><strong><span style=\"color: #993300\">celles et ceux qui s&rsquo;int\u00e9ressent :<br \/>\n<\/span><\/strong><span style=\"color: #993300\"><strong style=\"color: #141412\"><span style=\"color: #993300\">\u00a0 \u00a0 . \u00e0\u00a0<\/span><\/strong><strong>la <span style=\"color: #000000\">g\u00e9ographie<\/span> et \u00e0 son apprentissage et\/ou<br \/>\n<\/strong><\/span><span style=\"color: #993300\"><strong><strong style=\"color: #141412\">\u00a0 \u00a0 <\/strong>. aux probl\u00e9matiques des<span style=\"color: #000000\"> espaces de vie<\/span>, de <span style=\"color: #000000\">l&rsquo;habiter<\/span>,<br \/>\n<\/strong><\/span><strong style=\"color: #993300;text-align: justify\"><span style=\"color: #993300\"><strong style=\"color: #141412\">\u00a0 \u00a0 \u00a0\u00a0<\/strong><\/span>selon des points de vue <span style=\"color: #000000\">&lsquo;humaniste&rsquo;<\/span>, <span style=\"color: #000000\">sensible<\/span>,<br \/>\n<\/strong><span style=\"color: #993300\"><strong><strong style=\"color: #141412\">\u00a0 \u00a0 <\/strong>. en particulier \u00e0 l&rsquo;intention des\u00a0<span style=\"color: #000000\">enfants<\/span>,<br \/>\n<\/strong><\/span><strong style=\"text-align: justify\"><span style=\"color: #993300\"><strong style=\"color: #141412\">\u00a0 \u00a0 <\/strong>. \u00e0 partir d&rsquo;\u0153uvres\u00a0de <span style=\"color: #000000\">fiction<\/span>, surtout d\u2019\u0153uvres\u00a0de <span style=\"color: #000000\">litt\u00e9rature<span style=\"color: #993300\">,<br \/>\n<\/span><\/span><\/span><\/strong><strong style=\"text-align: justify\"><span style=\"color: #993300\"><span style=\"color: #000000\"><span style=\"color: #993300\">\u00a0 \u00a0 \u00a0 surtout\u00a0<\/span><\/span>de <span style=\"color: #000000\">jeunesse<span style=\"color: #993300\"> (illustr\u00e9es)<\/span><\/span>.<\/span><\/strong><\/p>\n<p style=\"text-align: justify\"><span style=\"color: #993300\"><a href=\"https:\/\/blogs.univ-tlse2.fr\/apprendre-la-geographie\/files\/2018\/08\/essai8.jpg\"><img loading=\"lazy\" decoding=\"async\" class=\"wp-image-1612 alignleft\" src=\"https:\/\/blogs.univ-tlse2.fr\/apprendre-la-geographie\/files\/2018\/08\/essai8-300x154.jpg\" alt=\"\" width=\"75\" height=\"38\" srcset=\"https:\/\/blogs.univ-tlse2.fr\/apprendre-la-geographie\/files\/2018\/08\/essai8-300x154.jpg 300w, https:\/\/blogs.univ-tlse2.fr\/apprendre-la-geographie\/files\/2018\/08\/essai8.jpg 542w\" sizes=\"auto, (max-width: 75px) 100vw, 75px\" \/><\/a><strong>Fabienne Cavaill\u00e9<\/strong>, Ma\u00eetre de Conf\u00e9rence au D\u00e9partement de G\u00e9ographie,<br \/>\nLaboratoire LISST &#8211; Dynamiques Rurales,<br \/>\nUniversit\u00e9 Toulouse 2 (Campus du Mirail).<br \/>\n<\/span><span style=\"color: #993300\">\u00a0 \u00a0 \u00a0 \u00a0 \u00a0 \u00a0Contact :\u00a0<strong>fabienne<\/strong>.<strong>cavaille<\/strong>\u00a0arobase\u00a0<strong>univ<\/strong>&#8211;<strong>tlse2.<\/strong><strong>fr<\/strong><\/span><\/p>\n<p style=\"text-align: justify\"><span style=\"color: #999999\">NB : Aucun document issu de ce site ne peut faire l&rsquo;objet d&rsquo;une utilisation commerciale ; pour \u00eatre utilis\u00e9, tout document issu de ce site devra \u00eatre accompagn\u00e9 de ses r\u00e9f\u00e9rences originelles selon les normes en vigueur.<\/span><\/p>\n<p style=\"text-align: justify\"><span style=\"color: #999999\">NB : La mise en ligne de textes facilite les recherches mais si un auteur refuse que l&rsquo;un de ses textes figure sur ce blog, qu&rsquo;il le signale et le document sera imm\u00e9diatement retir\u00e9.<\/span><\/p>\n","protected":false},"excerpt":{"rendered":"<p>Sur ce blog,\u00a0quelques rep\u00e8res bibliographiques pour\u00a0celles et ceux qui s&rsquo;int\u00e9ressent : \u00a0 \u00a0 . \u00e0\u00a0la g\u00e9ographie et \u00e0 son apprentissage et\/ou \u00a0 \u00a0 . aux probl\u00e9matiques des espaces de vie, de l&rsquo;habiter, \u00a0 \u00a0 \u00a0\u00a0selon des points de vue &lsquo;humaniste&rsquo;, sensible, \u00a0 \u00a0 . en particulier \u00e0 l&rsquo;intention des\u00a0enfants, \u00a0 \u00a0 . \u00e0 partir d&rsquo;\u0153uvres\u00a0de &hellip; <a href=\"https:\/\/blogs.univ-tlse2.fr\/apprendre-la-geographie\/\" class=\"more-link\">Continuer la lecture de <span class=\"screen-reader-text\">Accueil<\/span> <span class=\"meta-nav\">&rarr;<\/span><\/a><\/p>\n","protected":false},"author":1,"featured_media":0,"parent":0,"menu_order":0,"comment_status":"closed","ping_status":"open","template":"","meta":{"footnotes":""},"class_list":["post-11","page","type-page","status-publish","hentry"],"_links":{"self":[{"href":"https:\/\/blogs.univ-tlse2.fr\/apprendre-la-geographie\/wp-json\/wp\/v2\/pages\/11","targetHints":{"allow":["GET"]}}],"collection":[{"href":"https:\/\/blogs.univ-tlse2.fr\/apprendre-la-geographie\/wp-json\/wp\/v2\/pages"}],"about":[{"href":"https:\/\/blogs.univ-tlse2.fr\/apprendre-la-geographie\/wp-json\/wp\/v2\/types\/page"}],"author":[{"embeddable":true,"href":"https:\/\/blogs.univ-tlse2.fr\/apprendre-la-geographie\/wp-json\/wp\/v2\/users\/1"}],"replies":[{"embeddable":true,"href":"https:\/\/blogs.univ-tlse2.fr\/apprendre-la-geographie\/wp-json\/wp\/v2\/comments?post=11"}],"version-history":[{"count":80,"href":"https:\/\/blogs.univ-tlse2.fr\/apprendre-la-geographie\/wp-json\/wp\/v2\/pages\/11\/revisions"}],"predecessor-version":[{"id":1752,"href":"https:\/\/blogs.univ-tlse2.fr\/apprendre-la-geographie\/wp-json\/wp\/v2\/pages\/11\/revisions\/1752"}],"wp:attachment":[{"href":"https:\/\/blogs.univ-tlse2.fr\/apprendre-la-geographie\/wp-json\/wp\/v2\/media?parent=11"}],"curies":[{"name":"wp","href":"https:\/\/api.w.org\/{rel}","templated":true}]}}