 {"id":1121,"date":"2013-12-14T07:53:01","date_gmt":"2013-12-14T06:53:01","guid":{"rendered":"https:\/\/blogs.univ-tlse2.fr\/enseigner-la-geographie\/?page_id=1121"},"modified":"2017-06-07T17:23:40","modified_gmt":"2017-06-07T15:23:40","slug":"geographie-et-litterature","status":"publish","type":"page","link":"https:\/\/blogs.univ-tlse2.fr\/apprendre-la-geographie\/geographie-et-litterature\/","title":{"rendered":"G\u00e9ographie et litt\u00e9rature"},"content":{"rendered":"<ul>\n<li><span style=\"color: #000000\"><a href=\"https:\/\/blogs.univ-tlse2.fr\/apprendre-la-geographie\/files\/2013\/09\/Antoine_2008_Litter_et_Geo_Les-liaisons-dangereuses.pdf\"><span style=\"color: #000000\">ANTOINE S\u00e9bastien, 2008, Litt\u00e9rature et g\u00e9ographies : les liaisons dangereuses<\/span><\/a><\/span><\/li>\n<li><span style=\"color: #000000\"><a href=\"https:\/\/blogs.univ-tlse2.fr\/apprendre-la-geographie\/files\/2013\/09\/Baron_2011_Litte_et-geo_-lieux_-espaces_paysages-et-ecritures.pdf\"><span style=\"color: #000000\">BARON Christine, 2011, Litt\u00e9rature et g\u00e9ographie : lieux, espaces, paysages et \u00e9critures<\/span><\/a><\/span><\/li>\n<li><span style=\"color: #000000\"><a href=\"https:\/\/blogs.univ-tlse2.fr\/apprendre-la-geographie\/files\/2013\/12\/Brosseau_Cambon_2003_Entre-geo-et-litte-frontieres-et-perspectives_ok.pdf\"><span style=\"color: #000000\">BROSSEAU Marc, CAMBON, 2003, Entre g\u00e9ographie et litt\u00e9rature : fronti\u00e8res et perspectives<\/span><\/a><\/span><\/li>\n<li><span style=\"color: #000000\"><a href=\"https:\/\/blogs.univ-tlse2.fr\/apprendre-la-geographie\/files\/2013\/07\/Depaule_2002_L-impossibilite_du-vide_Fiction_et_espaces_habites.pdf\"><span style=\"color: #000000\">DEPAULE Jean-Charles, 2002, L\u2019impossibilit\u00e9 du vide : fiction litt\u00e9raire et espaces habit\u00e9s<\/span><\/a><\/span><\/li>\n<li><span style=\"color: #000000\"><a href=\"https:\/\/blogs.univ-tlse2.fr\/apprendre-la-geographie\/files\/2013\/12\/Levy_2006_Geographie-et-litterarture-Synthese-historique_ok.pdf\"><span style=\"color: #000000\">LEVI Bertrand, 2006, G\u00e9ographie et litt\u00e9rature. Synth\u00e8se historique<\/span><\/a><\/span><\/li>\n<li><span style=\"color: #000000\"><a href=\"https:\/\/blogs.univ-tlse2.fr\/apprendre-la-geographie\/files\/2013\/12\/Molina_2007_L-influence-de-la-litte-sur-les-repres-de-la-ville_ok.pdf\"><span style=\"color: #000000\">MOLINA G\u00e9raldine, 2007, L&rsquo;influence de la litt\u00e9rature sur les repr\u00e9sentations de la ville<\/span><\/a><\/span><\/li>\n<li><span style=\"color: #000000\"><a href=\"https:\/\/blogs.univ-tlse2.fr\/apprendre-la-geographie\/files\/2013\/12\/Ravenel_1992_Les-aventures-de-Sherlock-Holmes-Espace_ok.pdf\"><span style=\"color: #000000\">RAVENEL, 1992, Les aventures de Sherlock Holmes Espace<\/span><\/a><\/span><\/li>\n<li><span style=\"color: #000000\"><a href=\"https:\/\/blogs.univ-tlse2.fr\/apprendre-la-geographie\/files\/2013\/12\/Savary_2004_Barcelone-par-ses-paysages-contee-romans_ok.pdf\"><span style=\"color: #000000\">SAVARY, 2004, Barcelone par ses paysages cont\u00e9e &#8211; romans<\/span><\/a><\/span><\/li>\n<\/ul>\n","protected":false},"excerpt":{"rendered":"<p>ANTOINE S\u00e9bastien, 2008, Litt\u00e9rature et g\u00e9ographies : les liaisons dangereuses BARON Christine, 2011, Litt\u00e9rature et g\u00e9ographie : lieux, espaces, paysages et \u00e9critures BROSSEAU Marc, CAMBON, 2003, Entre g\u00e9ographie et litt\u00e9rature : fronti\u00e8res et perspectives DEPAULE Jean-Charles, 2002, L\u2019impossibilit\u00e9 du vide : fiction litt\u00e9raire et espaces habit\u00e9s LEVI Bertrand, 2006, G\u00e9ographie et litt\u00e9rature. Synth\u00e8se historique MOLINA &hellip; <a href=\"https:\/\/blogs.univ-tlse2.fr\/apprendre-la-geographie\/geographie-et-litterature\/\" class=\"more-link\">Continuer la lecture de <span class=\"screen-reader-text\">G\u00e9ographie et litt\u00e9rature<\/span> <span class=\"meta-nav\">&rarr;<\/span><\/a><\/p>\n","protected":false},"author":203,"featured_media":0,"parent":0,"menu_order":0,"comment_status":"closed","ping_status":"open","template":"","meta":{"footnotes":""},"class_list":["post-1121","page","type-page","status-publish","hentry"],"_links":{"self":[{"href":"https:\/\/blogs.univ-tlse2.fr\/apprendre-la-geographie\/wp-json\/wp\/v2\/pages\/1121","targetHints":{"allow":["GET"]}}],"collection":[{"href":"https:\/\/blogs.univ-tlse2.fr\/apprendre-la-geographie\/wp-json\/wp\/v2\/pages"}],"about":[{"href":"https:\/\/blogs.univ-tlse2.fr\/apprendre-la-geographie\/wp-json\/wp\/v2\/types\/page"}],"author":[{"embeddable":true,"href":"https:\/\/blogs.univ-tlse2.fr\/apprendre-la-geographie\/wp-json\/wp\/v2\/users\/203"}],"replies":[{"embeddable":true,"href":"https:\/\/blogs.univ-tlse2.fr\/apprendre-la-geographie\/wp-json\/wp\/v2\/comments?post=1121"}],"version-history":[{"count":10,"href":"https:\/\/blogs.univ-tlse2.fr\/apprendre-la-geographie\/wp-json\/wp\/v2\/pages\/1121\/revisions"}],"predecessor-version":[{"id":1459,"href":"https:\/\/blogs.univ-tlse2.fr\/apprendre-la-geographie\/wp-json\/wp\/v2\/pages\/1121\/revisions\/1459"}],"wp:attachment":[{"href":"https:\/\/blogs.univ-tlse2.fr\/apprendre-la-geographie\/wp-json\/wp\/v2\/media?parent=1121"}],"curies":[{"name":"wp","href":"https:\/\/api.w.org\/{rel}","templated":true}]}}