 {"id":760,"date":"2013-09-14T12:43:04","date_gmt":"2013-09-14T10:43:04","guid":{"rendered":"https:\/\/blogs.univ-tlse2.fr\/enseigner-la-geographie\/?page_id=760"},"modified":"2017-06-01T22:50:43","modified_gmt":"2017-06-01T20:50:43","slug":"des-activites-a-partir-de-lalbum-scritch-scratch-dip-clapote-cp-ce1","status":"publish","type":"page","link":"https:\/\/blogs.univ-tlse2.fr\/apprendre-la-geographie\/des-activites-pour-les-enfants\/des-activites-a-partir-de-lalbum-scritch-scratch-dip-clapote-cp-ce1\/","title":{"rendered":"Des activit\u00e9s \u00e0 partir de l\u2019album Scritch scratch dip clapote (CP, CE1)"},"content":{"rendered":"<p style=\"text-align: justify\"><span style=\"color: #993366\"><a href=\"https:\/\/blogs.univ-tlse2.fr\/apprendre-la-geographie\/files\/2013\/09\/l_crowscri69.jpg\"><img loading=\"lazy\" decoding=\"async\" class=\"alignright wp-image-864\" src=\"https:\/\/blogs.univ-tlse2.fr\/enseigner-la-geographie\/files\/2013\/09\/l_crowscri69-240x300.jpg\" alt=\"l_crowscri69\" width=\"184\" height=\"230\" srcset=\"https:\/\/blogs.univ-tlse2.fr\/apprendre-la-geographie\/files\/2013\/09\/l_crowscri69-240x300.jpg 240w, https:\/\/blogs.univ-tlse2.fr\/apprendre-la-geographie\/files\/2013\/09\/l_crowscri69-624x777.jpg 624w, https:\/\/blogs.univ-tlse2.fr\/apprendre-la-geographie\/files\/2013\/09\/l_crowscri69.jpg 822w\" sizes=\"auto, (max-width: 184px) 100vw, 184px\" \/><\/a><span style=\"color: #c05549\">Sont propos\u00e9es plusieurs activit\u00e9s pour la <strong>d\u00e9couverte de la spatialit\u00e9<\/strong>\u00a0\u00e0 partir de l\u2019album\u00a0<strong><em>Scritch scratch dip clapote<\/em><\/strong>\u00a0de Kitty Crowther.\u00a0<\/span><\/span><span style=\"color: #c05549\">Ces activit\u00e9s peuvent \u00eatre effectu\u00e9es\u00a0ind\u00e9pendamment\u00a0&#8211; m\u00eame si elles ont \u00e9t\u00e9 con\u00e7ues selon une progression et se compl\u00e8tent les unes les autres.<\/span><\/p>\n<ul>\n<li><span style=\"color: #000000\"><a title=\"L'album \u00e0 l'Ecole des loisirs\" href=\"https:\/\/www.ecoledesloisirs.fr\/livre\/scritch-scratch-dip-clapote\"><span style=\"color: #000000\">L&rsquo;album<strong><em> Scritch scratch dip clapote<\/em><\/strong><strong>\u00a0de Kitty Crowther<\/strong>\u00a0(Ecole des loisirs)<\/span><\/a><\/span><\/li>\n<li><span style=\"color: #000000\">0-\u00a0<a href=\"https:\/\/blogs.univ-tlse2.fr\/apprendre-la-geographie\/files\/2013\/07\/PEG_0_Scritch-scratch_Presentation_de_l-album_Fiche_Enseignant.pdf\"><span style=\"color: #000000\">Scritch-scratch :_Pr\u00e9sentation_de_l\u2019album -_Pr\u00e9p._Enseignant<\/span><\/a>\u00a0(2 p.)<\/span><\/li>\n<li><span style=\"color: #000000;line-height: 1.714285714;font-size: 1rem\">0-\u00a0<\/span><a style=\"line-height: 1.714285714;font-size: 1rem\" href=\"https:\/\/blogs.univ-tlse2.fr\/apprendre-la-geographie\/files\/2013\/07\/PEG_0_Scritch-scratch_Presentation_de_l-album_Fiches_Eleve.pdf\"><span style=\"color: #000000\">Scritch-scratch_: Pr\u00e9sentation_de_l\u2019album \u2013 Trace_\u00c9l\u00e8ve<\/span><\/a><\/li>\n<li><span style=\"color: #000000\">1-<\/span>\u00a0<span style=\"color: #000000\"><a href=\"https:\/\/blogs.univ-tlse2.fr\/apprendre-la-geographie\/files\/2013\/07\/PEG_1_La_maison_de_Jerome_Completer_un_plan_Fiche_Enseignant.pdf\"><span style=\"color: #000000\">La_maison_de_J\u00e9r\u00f4me_: Compl\u00e9ter_un_plan -_Pr\u00e9p._Enseignant<\/span><\/a><\/span><\/li>\n<li><span style=\"color: #000000\">1- <a href=\"https:\/\/blogs.univ-tlse2.fr\/apprendre-la-geographie\/files\/2013\/09\/PEG_1_La_maison_de_Jerome_Completer_un_plan_Fiches_Eleve.pdf\"><span style=\"color: #000000\">La_maison_de_J\u00e9r\u00f4me : Compl\u00e8te_le_plan -_Fiches_\u00c9l\u00e8ve<\/span><\/a>\u00a0<\/span><span style=\"line-height: 1.714285714;font-size: 1rem\">(2 p.)<\/span><\/li>\n<li>2-\u00a0<span style=\"color: #000000\"><a href=\"https:\/\/blogs.univ-tlse2.fr\/apprendre-la-geographie\/files\/2013\/07\/PEG_2_La_vie_de_Jerome_Commenter_un_plan_Fiche_Enseignant.pdf\"><span style=\"color: #000000\">La_vie_de_J\u00e9r\u00f4me_: Commenter_un_plan \u2013 Pr\u00e9p._Enseignant<\/span><\/a><\/span><\/li>\n<li><span style=\"color: #000000\">2-\u00a0<a href=\"https:\/\/blogs.univ-tlse2.fr\/apprendre-la-geographie\/files\/2013\/09\/PEG_2_La_vie_de_Jerome_Commenter_un_plan_Fiches_Eleve.pdf\"><span style=\"color: #000000\">La_vie_de_J\u00e9r\u00f4me_: Commente_le_plan_- Fiches_\u00c9l\u00e8ve<\/span><\/a>\u00a0<\/span><span style=\"line-height: 1.714285714;font-size: 1rem\">( 2p. au choix)<\/span><\/li>\n<li>4-\u00a0<span style=\"color: #000000\"><a href=\"https:\/\/blogs.univ-tlse2.fr\/apprendre-la-geographie\/files\/2013\/09\/PEG_4_L-Etang_des_grenouilles_Reconstituer_un_milieu_Fiches_Eleve.pdf\"><span style=\"color: #000000\">L&rsquo;\u00e9tang_des_grenouilles :_Reconstitue_le_milieu -_Fiches_\u00c9l\u00e8ve<\/span><\/a>\u00a0(2 p.)<\/span><\/li>\n<li><span style=\"color: #000000\">5- <a href=\"https:\/\/blogs.univ-tlse2.fr\/apprendre-la-geographie\/files\/2013\/09\/PEG_5_L-Etang_des_grenouilles_Lire_une_carte_Fiches_Eleve.pdf\"><span style=\"color: #000000\">L&rsquo;\u00e9tang_des_grenouilles :_Lire_une_carte -_Fiches_\u00c9l\u00e8ve<\/span><\/a>\u00a0(2 p.)<\/span><\/li>\n<\/ul>\n<ul>\n<li><span style=\"color: #999999\">X-\u00a0<a href=\"https:\/\/blogs.univ-tlse2.fr\/apprendre-la-geographie\/files\/2013\/07\/PEG_X_Scritch-scratch_Couverture_Carnet_A4_Enseignant.pdf\"><span style=\"color: #999999\">Scritch-scratch -_Couverture_Carnet_A4 -_Enseignant<\/span><\/a><\/span><span style=\"color: #c0c0c0;line-height: 1.5\">\u00a0<\/span><em style=\"color: #c0c0c0;line-height: 1.5\">(\u00e0 imprimer en A4 ou A3 pour fabriquer un carnet de lecture dans lequel glisser les fiches d\u2019activit\u00e9)<\/em><\/li>\n<li><span style=\"color: #c0c0c0\"><span style=\"color: #999999\">X-\u00a0<a href=\"https:\/\/blogs.univ-tlse2.fr\/apprendre-la-geographie\/files\/2013\/07\/PEG_X_Scritch-scratch_Couverture_Carnet_A4_Eleve.pdf\"><span style=\"color: #999999\">Scritch-scratch \u2013 Couverture_Carnet_A4_- El\u00e8ve<\/span><\/a><\/span>\u00a0<em>(\u00e0 photocopier en A4 ou A3 pour fabriquer un carnet de lecture dans lequel glisser les fiches d\u2019activit\u00e9)<\/em><\/span><\/li>\n<li><span style=\"color: #c0c0c0\"><span style=\"color: #999999\">X-\u00a0<a href=\"https:\/\/blogs.univ-tlse2.fr\/apprendre-la-geographie\/files\/2013\/07\/PEG_X_Scritch-scratch_Couverture_Carnet_A5_Eleve.pdf\"><span style=\"color: #999999\">Scritch-scratch_- Couverture_Carnet_A5 -_El\u00e8ve<\/span><\/a><\/span>\u00a0<em>(\u00e0 photocopier en A4 et \u00e0 plier en 2 pour fabriquer un carnet de lecture dans lequel glisser les fiches d\u2019activit\u00e9 ; les fiches des \u00e9l\u00e8ves peuvent se plier en 2)<\/em><\/span><\/li>\n<\/ul>\n<p><span style=\"color: #000000\"><a style=\"line-height: 1.5\" href=\"https:\/\/blogs.univ-tlse2.fr\/apprendre-la-geographie\/files\/2013\/09\/Kitty_Crowther_Bio_Biblio.pdf\"><span style=\"color: #000000\">Kitty Crowther : Biographie et Bibliographie<\/span><\/a><\/span><\/p>\n<p><span style=\"color: #c0c0c0\">[Merci \u00e0 J. S., PE en CP, qui a permis d&rsquo;am\u00e9liorer les fiches].<\/span><\/p>\n","protected":false},"excerpt":{"rendered":"<p>Sont propos\u00e9es plusieurs activit\u00e9s pour la d\u00e9couverte de la spatialit\u00e9\u00a0\u00e0 partir de l\u2019album\u00a0Scritch scratch dip clapote\u00a0de Kitty Crowther.\u00a0Ces activit\u00e9s peuvent \u00eatre effectu\u00e9es\u00a0ind\u00e9pendamment\u00a0&#8211; m\u00eame si elles ont \u00e9t\u00e9 con\u00e7ues selon une progression et se compl\u00e8tent les unes les autres. L&rsquo;album Scritch scratch dip clapote\u00a0de Kitty Crowther\u00a0(Ecole des loisirs) 0-\u00a0Scritch-scratch :_Pr\u00e9sentation_de_l\u2019album -_Pr\u00e9p._Enseignant\u00a0(2 p.) 0-\u00a0Scritch-scratch_: Pr\u00e9sentation_de_l\u2019album \u2013 Trace_\u00c9l\u00e8ve &hellip; <a href=\"https:\/\/blogs.univ-tlse2.fr\/apprendre-la-geographie\/des-activites-pour-les-enfants\/des-activites-a-partir-de-lalbum-scritch-scratch-dip-clapote-cp-ce1\/\" class=\"more-link\">Continuer la lecture de <span class=\"screen-reader-text\">Des activit\u00e9s \u00e0 partir de l\u2019album Scritch scratch dip clapote (CP, CE1)<\/span> <span class=\"meta-nav\">&rarr;<\/span><\/a><\/p>\n","protected":false},"author":203,"featured_media":0,"parent":740,"menu_order":0,"comment_status":"closed","ping_status":"open","template":"","meta":{"footnotes":""},"class_list":["post-760","page","type-page","status-publish","hentry"],"_links":{"self":[{"href":"https:\/\/blogs.univ-tlse2.fr\/apprendre-la-geographie\/wp-json\/wp\/v2\/pages\/760","targetHints":{"allow":["GET"]}}],"collection":[{"href":"https:\/\/blogs.univ-tlse2.fr\/apprendre-la-geographie\/wp-json\/wp\/v2\/pages"}],"about":[{"href":"https:\/\/blogs.univ-tlse2.fr\/apprendre-la-geographie\/wp-json\/wp\/v2\/types\/page"}],"author":[{"embeddable":true,"href":"https:\/\/blogs.univ-tlse2.fr\/apprendre-la-geographie\/wp-json\/wp\/v2\/users\/203"}],"replies":[{"embeddable":true,"href":"https:\/\/blogs.univ-tlse2.fr\/apprendre-la-geographie\/wp-json\/wp\/v2\/comments?post=760"}],"version-history":[{"count":35,"href":"https:\/\/blogs.univ-tlse2.fr\/apprendre-la-geographie\/wp-json\/wp\/v2\/pages\/760\/revisions"}],"predecessor-version":[{"id":1399,"href":"https:\/\/blogs.univ-tlse2.fr\/apprendre-la-geographie\/wp-json\/wp\/v2\/pages\/760\/revisions\/1399"}],"up":[{"embeddable":true,"href":"https:\/\/blogs.univ-tlse2.fr\/apprendre-la-geographie\/wp-json\/wp\/v2\/pages\/740"}],"wp:attachment":[{"href":"https:\/\/blogs.univ-tlse2.fr\/apprendre-la-geographie\/wp-json\/wp\/v2\/media?parent=760"}],"curies":[{"name":"wp","href":"https:\/\/api.w.org\/{rel}","templated":true}]}}