 {"id":28,"date":"2015-03-25T15:59:50","date_gmt":"2015-03-25T14:59:50","guid":{"rendered":"https:\/\/blogs.univ-tlse2.fr\/arcd2016\/?page_id=28"},"modified":"2016-02-19T14:48:51","modified_gmt":"2016-02-19T13:48:51","slug":"inscriptions","status":"publish","type":"page","link":"https:\/\/blogs.univ-tlse2.fr\/arcd2016\/inscriptions\/","title":{"rendered":"inscriptions"},"content":{"rendered":"<p>Les inscriptions en ligne sont ouvertes jusqu&rsquo;au 21 f\u00e9vrier 2016.<\/p>\n<p>Pour toute question \u00e0 propos des inscriptions : <a href=\"m&#97;&#x69;&#x6c;t&#111;&#x3a;&#x63;p&#114;&#x73;&#x40;u&#110;&#x69;&#x76;-&#116;&#x6c;&#x73;e&#50;&#x2e;&#x66;r\">&#x63;&#x70;&#x72;&#x73;&#x40;&#117;&#110;iv-tl&#x73;&#x65;&#x32;&#x2e;&#x66;&#x72;<\/a><\/p>\n<h1><span style=\"color: #800080\"><a style=\"color: #800080\" href=\"http:\/\/w3.colloquescprs.univ-tlse2.fr\/spip.php?rubrique90&amp;lang=fr\">S&rsquo;INSCRIRE MAINTENANT<\/a><\/span><\/h1>\n<p>L&rsquo;universit\u00e9 sera ferm\u00e9e du 29 f\u00e9vrier au 6 mars. Les organisateurs ne pourront pas r\u00e9pondre \u00e0 vos interrogations durant cette p\u00e9riode.<\/p>\n<h1><span style=\"color: #843a91\">Droits d&rsquo;inscription <\/span><\/h1>\n<h3>Jusqu&rsquo;au 15 janvier 2016<\/h3>\n<p>Enseignant chercheur non-membre de l&rsquo;ARCD en 2015 : <strong>250\u20ac<\/strong><\/p>\n<p>Enseignant chercheur membre de l&rsquo;ARCD en 2015 :<strong> 130\u20ac<\/strong><\/p>\n<p>Doctorant non membre de l&rsquo;ARCD en 2015 : <strong>100\u20ac<\/strong><\/p>\n<p>Doctorant membre de l&rsquo;ARCD\u00a0en 2015 : <strong>80\u20ac<\/strong><\/p>\n<p style=\"text-align: left\">Enseignants chercheurs et doctorants membres des structures partenaires (EFTS, CLEE, SFR AEF&#8230;) : <strong>50\u20ac<\/strong><\/p>\n<p>Diner de gala (le 9 mars au soir) : <strong>45\u20ac<\/strong><\/p>\n<p><em>Les droits d&rsquo;inscription comportent la participation aux conf\u00e9rences et tables rondes, les pauses caf\u00e9 et les repas de midi. Le diner de gala est \u00e0 r\u00e9gler en plus si vous souhaitez y participer.<\/em><\/p>\n<ul>\n<li>Tarif membre de l&rsquo;ARCD en 2015 : v\u00e9rifi\u00e9 par l&rsquo;association<\/li>\n<li>Tarif doctorant accord\u00e9 sur pr\u00e9sentation d&rsquo;un justificatif.<\/li>\n<\/ul>\n<p>&nbsp;<\/p>\n<h3>Apr\u00e8s le 15 janvier 2016 et jusqu&rsquo;au 21 f\u00e9vrier 2016<\/h3>\n<p>Enseignant chercheur non-membre de l&rsquo;ARCD : <strong>300\u20ac<\/strong><\/p>\n<p>Enseignant chercheur membre de l&rsquo;ARCD en 2015 : <strong>170\u20ac<\/strong><\/p>\n<p>Doctorant non membre de l&rsquo;ARCD : <strong>120\u20ac<\/strong><\/p>\n<p>Doctorant membre de l&rsquo;ARCD en 2015 : <strong>100\u20ac<\/strong><\/p>\n<p>Enseignants chercheurs et doctorants membres des structures partenaires (EFTS, CLEE, SFR AEF&#8230;) : <strong>50\u20ac<\/strong><\/p>\n<p>Diner de gala (le 9 mars au soir) : <strong>45\u20ac<\/strong><\/p>\n<p><em>Les droits d&rsquo;inscription comportent la participation aux conf\u00e9rences et tables rondes, les pauses caf\u00e9 et les repas de midi. Le diner de gala est \u00e0 r\u00e9gler en plus si vous souhaitez y participer.<\/em><\/p>\n<ul>\n<li>Tarif membre de l&rsquo;ARCD en 2015 : v\u00e9rifi\u00e9 par l&rsquo;association<\/li>\n<li>Tarif doctorant accord\u00e9 sur pr\u00e9sentation d&rsquo;un justificatif.<\/li>\n<\/ul>\n<p>Paiement par ch\u00e8que, carte bleue, bon de commande et virement administratif.<\/p>\n<p>&nbsp;<\/p>\n<h4>Si vous souhaitez devenir membre de l&rsquo;ARCD : <a href=\"http:\/\/python.espe-bretagne.fr\/arcd\/adhesion.htm\" target=\"_blank\">le site de l&rsquo;association<\/a><\/h4>\n<h1><span style=\"color: #800080\"><a style=\"color: #800080\" href=\"http:\/\/w3.colloquescprs.univ-tlse2.fr\/spip.php?rubrique90&amp;lang=fr\">INSCRIPTION AU COLLOQUE<\/a><\/span><\/h1>\n<p>&nbsp;<\/p>\n","protected":false},"excerpt":{"rendered":"<p>Les inscriptions en ligne sont ouvertes jusqu&rsquo;au 21 f\u00e9vrier 2016. Pour toute question \u00e0 propos des inscriptions : &#x63;&#x70;&#x72;&#115;&#64;un&#x69;&#x76;&#x2d;&#x74;&#108;se2&#x2e;&#x66;&#x72; S&rsquo;INSCRIRE MAINTENANT L&rsquo;universit\u00e9 sera ferm\u00e9e du 29 f\u00e9vrier au 6 mars. Les organisateurs ne pourront pas r\u00e9pondre \u00e0 vos interrogations durant cette p\u00e9riode. Droits d&rsquo;inscription Jusqu&rsquo;au 15 janvier 2016 Enseignant chercheur non-membre de l&rsquo;ARCD en 2015 [&hellip;]<\/p>\n","protected":false},"author":196,"featured_media":0,"parent":0,"menu_order":0,"comment_status":"closed","ping_status":"open","template":"","meta":{"footnotes":""},"class_list":["post-28","page","type-page","status-publish","hentry"],"_links":{"self":[{"href":"https:\/\/blogs.univ-tlse2.fr\/arcd2016\/wp-json\/wp\/v2\/pages\/28","targetHints":{"allow":["GET"]}}],"collection":[{"href":"https:\/\/blogs.univ-tlse2.fr\/arcd2016\/wp-json\/wp\/v2\/pages"}],"about":[{"href":"https:\/\/blogs.univ-tlse2.fr\/arcd2016\/wp-json\/wp\/v2\/types\/page"}],"author":[{"embeddable":true,"href":"https:\/\/blogs.univ-tlse2.fr\/arcd2016\/wp-json\/wp\/v2\/users\/196"}],"replies":[{"embeddable":true,"href":"https:\/\/blogs.univ-tlse2.fr\/arcd2016\/wp-json\/wp\/v2\/comments?post=28"}],"version-history":[{"count":12,"href":"https:\/\/blogs.univ-tlse2.fr\/arcd2016\/wp-json\/wp\/v2\/pages\/28\/revisions"}],"predecessor-version":[{"id":288,"href":"https:\/\/blogs.univ-tlse2.fr\/arcd2016\/wp-json\/wp\/v2\/pages\/28\/revisions\/288"}],"wp:attachment":[{"href":"https:\/\/blogs.univ-tlse2.fr\/arcd2016\/wp-json\/wp\/v2\/media?parent=28"}],"curies":[{"name":"wp","href":"https:\/\/api.w.org\/{rel}","templated":true}]}}