 {"id":418,"date":"2012-05-16T15:31:47","date_gmt":"2012-05-16T13:31:47","guid":{"rendered":"https:\/\/blogs.univ-tlse2.fr\/archeodrone\/?page_id=418"},"modified":"2013-08-28T11:47:17","modified_gmt":"2013-08-28T09:47:17","slug":"photogrammetrie-par-correlation-dense","status":"publish","type":"page","link":"https:\/\/blogs.univ-tlse2.fr\/archeodrone\/photogrammetrie-par-correlation-dense\/","title":{"rendered":"Photogramm\u00e9trie"},"content":{"rendered":"<p style=\"text-align: justify\">La \u00ab\u00a0correspondance d\u2019image par corr\u00e9lation dense\u00a0\u00bb ne doit pas \u00eatre confondue avec la photogramm\u00e9trie.<\/p>\n<p style=\"text-align: justify\">C\u2019est Meydenbauer qui le premier utilise en 1893 le terme de \u00ab Photogramm\u00e9trie \u00bb, assemblage des mots grecs <em>photos<\/em> (la lumi\u00e8re), <em>gramma<\/em> (quelque chose d&rsquo;\u00e9crit ou dessin\u00e9) et <em>metron<\/em> (la mesure).<\/p>\n<p style=\"text-align: justify\">La photogramm\u00e9trie est donc la \u00ab\u00a0<em>Sciences et art dont le sujet d\u2019\u00e9tude est la photographie dans l\u2019intention de recueillir des donn\u00e9es conduisant \u00e0 des restitutions dimensionnelles et de d\u00e9terminer la forme et la position d\u2019un objet dans l\u2019espace\u00a0\u00bb (Terminologie et T\u00e9l\u00e9d\u00e9tection et Photogramm\u00e9trie<\/em>, 1997). La \u00ab\u00a0Correspondance d\u2019image par corr\u00e9lation dense\u00a0\u00bb (d\u00e9velopp\u00e9e \u00e0 partir de la fin des ann\u00e9es 90), la st\u00e9r\u00e9oscopie et la st\u00e9r\u00e9ophotogramm\u00e9trie (lanc\u00e9es gr\u00e2ce aux travaux de Charles Wheastone en 1832) sont des outils de la photogramm\u00e9trie.<\/p>\n<p style=\"text-align: justify\">La st\u00e9r\u00e9ophotogramm\u00e9trie est utilis\u00e9e depuis de nombreuses ann\u00e9es, notamment par l\u2019ING (Institut National de la G\u00e9ographie) pour la production de cartes topographiques \u00e0 partir d\u2019image a\u00e9rienne. En arch\u00e9ologie, on l\u2019utilise pour de relev\u00e9s de fa\u00e7ade ou d\u2019objet en 3D. Cependant, les protocoles a mettre en \u0153uvre sont extr\u00eamement lourds, car le relev\u00e9 en 3D doit \u00eatre fait point par point par un op\u00e9rateur sur un appareillage particulier tr\u00e8s co\u00fbteux.<\/p>\n<p style=\"text-align: justify\">C\u2019est le d\u00e9veloppement de la photographie num\u00e9rique et l\u2019augmentation de la puissance de calcul des ordinateurs qui a totalement renouvel\u00e9 la photogramm\u00e9trie avec l&rsquo;automatisation des t\u00e2ches et la mise au point de logiciel permettant la correspondance d\u2019image par corr\u00e9lation dense. (<a href=\"www.micmac.ign.fr\/svn\/micmac\/trunk\/...\/EDYTHEM-MPD-V26.pdf\">Pierrot-Deseilligny, Clery, 2011<\/a>).<\/p>\n<p style=\"text-align: justify\">La \u00ab\u00a0Correspondance d\u2019image par corr\u00e9lation dense\u00a0\u00bb permet d\u2019obtenir un mod\u00e8le 3D de fa\u00e7on automatique \u00e0 partir d\u2019image num\u00e9rique sans \u00e9talonnage de l\u2019appareil photo. Il s\u2019agit d\u2019une technique tr\u00e8s r\u00e9cente, dont le process est toujours en cours d\u2019\u00e9tablissement. C\u2019est la cr\u00e9ation du d\u00e9tecteur de Harris (<a href=\"http:\/\/walle.sdsmt.edu\/faculty\/rhoover\/teaching\/F11\/692\/Papers\/HarrisStephens.pdf\">HARRIS, 1988<\/a>) et du d\u00e9tecteur SIFT (<a href=\"http:\/\/www.cs.ubc.ca\/~lowe\/papers\/iccv99.pdf\">LOWE, 1999<\/a>) qui ont permis son d\u00e9veloppement. Ces deux types d\u2019algorithme permettent l\u2019appariement de d\u00e9tails homologues, c&rsquo;est-\u00e0-dire de points d\u2019un m\u00eame objet pr\u00e9sent sur plusieurs clich\u00e9s prit de points de vue diff\u00e9rents. Le d\u00e9tecteur de Harris d\u00e9tecte des coins tels que des angles de parcelles\u00a0; il est donc plus efficace sur des images a\u00e9riennes. Le d\u00e9tecteur SIFT, quant \u00e0 lui, d\u00e9tecte les points d\u2019int\u00e9r\u00eat de mani\u00e8re robuste quelque soit les conditions d\u2019\u00e9clairage, de rotation ou les translations des images. Les logiciels fonctionnant avec cet algorithme sont plus adapt\u00e9s aux images dites \u00ab\u00a0terrestres\u00a0\u00bb ou aux prises de vues non rectilignes. Le d\u00e9tecteur SIFT fournit \u00e0 la fois des points d\u2019int\u00e9r\u00eat, mais \u00e9galement des appariements par couple d\u2019images. Les logiciels de correspondance d\u2019image par corr\u00e9lation dense utilisent le d\u00e9tecteur SIFT.<\/p>\n<p style=\"text-align: justify\">C\u2019est la distance de prise de vue et la qualit\u00e9 du capteur de l\u2019appareil photo utilis\u00e9 qui donne la qualit\u00e9 de la 3D obtenue. De plus, les images utilis\u00e9es doivent montrer un tr\u00e8s fort recouvrement. En effet, c\u2019est le fort recouvrement de la sc\u00e8ne photographi\u00e9e qui permet de \u00ab\u00a0caler\u00a0\u00bb les images les unes par rapport aux autres en recherchant les \u00ab\u00a0points homologues\u00a0\u00bb.<\/p>\n<div id=\"attachment_419\" style=\"width: 310px\" class=\"wp-caption alignnone\"><a href=\"https:\/\/blogs.univ-tlse2.fr\/archeodrone\/photogrammetrie-par-correlation-dense\/moissac-2\/\" rel=\"attachment wp-att-419\"><img loading=\"lazy\" decoding=\"async\" aria-describedby=\"caption-attachment-419\" class=\"size-medium wp-image-419\" alt=\"\" src=\"https:\/\/blogs.univ-tlse2.fr\/archeodrone\/files\/2012\/05\/Moissac-2-300x114.png\" width=\"300\" height=\"114\" srcset=\"https:\/\/blogs.univ-tlse2.fr\/archeodrone\/files\/2012\/05\/Moissac-2-300x114.png 300w, https:\/\/blogs.univ-tlse2.fr\/archeodrone\/files\/2012\/05\/Moissac-2-1024x392.png 1024w, https:\/\/blogs.univ-tlse2.fr\/archeodrone\/files\/2012\/05\/Moissac-2.png 1417w\" sizes=\"auto, (max-width: 300px) 100vw, 300px\" \/><\/a><p id=\"caption-attachment-419\" class=\"wp-caption-text\">Point homologue repr\u00e9sent\u00e9s par une croix jaune<\/p><\/div>\n<p style=\"text-align: justify\">L\u2019objectif de cette technique est de trouver automatiquement, dans plusieurs images d\u2019une m\u00eame sc\u00e8ne, des points homologues. Ces points homologues sont en faits des \u00ab\u00a0vignettes photogramm\u00e9triques\u00a0\u00bb, c&rsquo;est-\u00e0-dire des zones de quelques pixels correspondant au d\u00e9tail de l\u2019image \u00e0 comparer. Pour chaque image de \u00ab\u00a0r\u00e9f\u00e9rence\u00a0\u00bb (dite \u00ab\u00a0image ma\u00eetresse\u00a0\u00bb) la vignette photogramm\u00e9trique de r\u00e9f\u00e9rence est compar\u00e9 \u00e0 toutes les autres vignettes de m\u00eame taille dans la seconde image. Et ainsi, on compare toutes les images.<\/p>\n<div id=\"attachment_420\" style=\"width: 310px\" class=\"wp-caption alignnone\"><a href=\"https:\/\/blogs.univ-tlse2.fr\/archeodrone\/photogrammetrie-par-correlation-dense\/vignette-de-reference\/\" rel=\"attachment wp-att-420\"><img loading=\"lazy\" decoding=\"async\" aria-describedby=\"caption-attachment-420\" class=\"size-medium wp-image-420\" alt=\"\" src=\"https:\/\/blogs.univ-tlse2.fr\/archeodrone\/files\/2012\/05\/Vignette-de-r\u00e9f\u00e9rence-300x80.png\" width=\"300\" height=\"80\" srcset=\"https:\/\/blogs.univ-tlse2.fr\/archeodrone\/files\/2012\/05\/Vignette-de-r\u00e9f\u00e9rence-300x80.png 300w, https:\/\/blogs.univ-tlse2.fr\/archeodrone\/files\/2012\/05\/Vignette-de-r\u00e9f\u00e9rence-1024x273.png 1024w, https:\/\/blogs.univ-tlse2.fr\/archeodrone\/files\/2012\/05\/Vignette-de-r\u00e9f\u00e9rence.png 1529w\" sizes=\"auto, (max-width: 300px) 100vw, 300px\" \/><\/a><p id=\"caption-attachment-420\" class=\"wp-caption-text\">Exemple d&rsquo;une vignette de r\u00e9f\u00e9rence<\/p><\/div>\n<p style=\"text-align: justify\">La vignette qui ressemble le plus \u00e0 la vignette de r\u00e9f\u00e9rence est consid\u00e9r\u00e9e comme une \u00ab\u00a0vignette homologue\u00a0\u00bb possible. La ressemblance entre deux vignettes est mesur\u00e9e par le coefficient de corr\u00e9lation appel\u00e9 \u00ab\u00a0cor\u00a0\u00bb.<\/p>\n<p style=\"text-align: justify\">Chercher deux vignettes homologues revient donc \u00e0 chercher l\u2019endroit o\u00f9 le coefficient de corr\u00e9lation (<em>cor<\/em>) est proche de 1. L\u2019\u00e9tape de la corr\u00e9lation permet d\u2019appareiller tous les points d\u2019int\u00e9r\u00eat sur toutes les images en recouvrement. La corr\u00e9lation est une op\u00e9ration co\u00fbteuse en temps, en calcul et demande des outils informatiques adapt\u00e9s.<\/p>\n<p style=\"text-align: justify\">La corr\u00e9lation peut parfois s\u2019av\u00e9rer impossible, comme lorsque la sc\u00e8ne photographi\u00e9e donne \u00e0 voir un ou des objets r\u00e9p\u00e9titifs tel qu\u2019un plafond avec des poutres de bois peints ou une fa\u00e7ade de b\u00e2timent pr\u00e9sentant une r\u00e9partition tr\u00e8s r\u00e9guli\u00e8re des ouvertures et du parement.<\/p>\n<p style=\"text-align: justify\">Avec cette m\u00e9thode, l\u2019extraction de points 3D peut \u00eatre tr\u00e8s dense (jusqu\u2019\u00e0 un point par pixel). Mais pour arriver \u00e0 ce r\u00e9sultat, il faut imp\u00e9rativement r\u00e9aliser une prise de vue tr\u00e8s redondante (avec un recouvrement sup\u00e9rieur ou \u00e9gal \u00e0 75%). C\u2019est ce fort recouvrement qui permet d\u2019avoir un bon coefficient de corr\u00e9lation.<\/p>\n<p style=\"text-align: justify\">A partir de ce nuage de point, il est possible de faire une triangulation et une texturation de la sc\u00e8ne pour aboutir \u00e0 un mod\u00e8le 3D.<\/p>\n<div id=\"attachment_425\" style=\"width: 310px\" class=\"wp-caption alignnone\"><a href=\"https:\/\/blogs.univ-tlse2.fr\/archeodrone\/photogrammetrie-par-correlation-dense\/ours-2\/\" rel=\"attachment wp-att-425\"><img loading=\"lazy\" decoding=\"async\" aria-describedby=\"caption-attachment-425\" class=\"size-medium wp-image-425\" alt=\"Nuage de point - Triangulation - Texturation\" src=\"https:\/\/blogs.univ-tlse2.fr\/archeodrone\/files\/2012\/05\/Ours1-300x54.png\" width=\"300\" height=\"54\" srcset=\"https:\/\/blogs.univ-tlse2.fr\/archeodrone\/files\/2012\/05\/Ours1-300x54.png 300w, https:\/\/blogs.univ-tlse2.fr\/archeodrone\/files\/2012\/05\/Ours1-1024x185.png 1024w, https:\/\/blogs.univ-tlse2.fr\/archeodrone\/files\/2012\/05\/Ours1.png 1674w\" sizes=\"auto, (max-width: 300px) 100vw, 300px\" \/><\/a><p id=\"caption-attachment-425\" class=\"wp-caption-text\">(Panneau de l&rsquo;ours &#8211; Grotte Chauvet &#8211; Photographie de C. Fritz &#8211; Travail fait sous Photoscan)<\/p><\/div>\n<p style=\"text-align: justify\">Il existe plusieurs types de logiciel de \u00ab\u00a0correspondance par corr\u00e9lation dense\u00a0\u00bb. Tous ne proposent pas les m\u00eames possibilit\u00e9s, ni les m\u00eames fonctionnalit\u00e9s ou qualit\u00e9 de la corr\u00e9lation. Parmi eux, il est possible de citer <em><a href=\"http:\/\/www.micmac.ign.fr\/\">Micmac <\/a><\/em>de l\u2019IGN (logiciel gratuit fonctionnant sous Linux essentiellement), <a href=\"http:\/\/www.123dapp.com\/catch\">Autodesk 123DCatch<\/a> (site internet \u2013 le traitement se fait \u00e0 distance et le r\u00e9sultat est t\u00e9l\u00e9chargeable)\u00a0 et <a href=\"http:\/\/www.agisoft.ru\/products\/photoscan\/\">Photoscan <\/a>d&rsquo;Agisoft (logiciel payant), <a href=\"https:\/\/www.photomodeler.com\/\">PhotoModeler <\/a>(Logiciel payant).<\/p>\n<p style=\"text-align: justify\">Les applications arch\u00e9ologiques de ce type de logiciels sont encore peu nombreuses. Les publications relatent plus des tests et des mises en place d\u2019une m\u00e9thodologie que d\u2019une r\u00e9elle exploitation en routine. Les premi\u00e8res applications dates de 2011.<\/p>\n<p style=\"text-align: justify\">L\u2019Institute for Archaeological Prospection and Virtual Archaeology (LBI) de Vienne a lanc\u00e9 quelques tests et travaux sur des sites arch\u00e9ologiques portugais (VERHOEVEN. G et alli, 2011 &#8211; In press) et dans l\u2019Alta\u00ef (PLETS. G et alli, 2012 &#8211; in press).<\/p>\n<p style=\"text-align: justify\">Le Center for Advanced Spatial Technologies de l\u2019Universit\u00e9 d\u2019Arkansas aux Etat Unis d\u2019Am\u00e9rique a \u00e9galement lanc\u00e9 des \u00e9tudes de comparaison des potentialit\u00e9s de logiciels (<a href=\"https:\/\/www.ocs.soton.ac.uk\/index.php\/CAA\/2012\/paper\/view\/759\">OPITZ. R et alli, 2012<\/a>) .<\/p>\n<p style=\"text-align: justify\">En France, l\u2019IRAMAT a \u00e9galement r\u00e9alis\u00e9e des tests de photogramm\u00e9trie appliqu\u00e9s \u00e0 l\u2019arch\u00e9ologie mini\u00e8re (<a href=\"http:\/\/halshs.archives-ouvertes.fr\/docs\/00\/65\/61\/30\/PDF\/Rapport_PhotogrammA_trie_-_Essais_de_2011_-_Arles.pdf\">ARLES. A et alli, 2011<\/a>) .<\/p>\n<p style=\"text-align: justify\">Le laboratoire <a href=\"http:\/\/www.archeorient.mom.fr\/\">Arch\u00e9orient <\/a>de la Maison de l&rsquo;Orient de la M\u00e9diterran\u00e9e avec Olivier Barge se sont \u00e9galement lanc\u00e9 dans ce type de traitement, ainsi que l\u2019\u00e9quipe Terrae de Toulouse via sa plateforme technique.<\/p>\n<p>&nbsp;<\/p>\n<p>&nbsp;<\/p>\n","protected":false},"excerpt":{"rendered":"<p>La \u00ab\u00a0correspondance d\u2019image par corr\u00e9lation dense\u00a0\u00bb ne doit pas \u00eatre confondue avec la photogramm\u00e9trie. C\u2019est Meydenbauer qui le premier utilise en 1893 le terme de \u00ab Photogramm\u00e9trie \u00bb, [..]<\/p>\n","protected":false},"author":116,"featured_media":0,"parent":0,"menu_order":0,"comment_status":"open","ping_status":"open","template":"","meta":{"footnotes":""},"class_list":["post-418","page","type-page","status-publish","hentry"],"_links":{"self":[{"href":"https:\/\/blogs.univ-tlse2.fr\/archeodrone\/wp-json\/wp\/v2\/pages\/418","targetHints":{"allow":["GET"]}}],"collection":[{"href":"https:\/\/blogs.univ-tlse2.fr\/archeodrone\/wp-json\/wp\/v2\/pages"}],"about":[{"href":"https:\/\/blogs.univ-tlse2.fr\/archeodrone\/wp-json\/wp\/v2\/types\/page"}],"author":[{"embeddable":true,"href":"https:\/\/blogs.univ-tlse2.fr\/archeodrone\/wp-json\/wp\/v2\/users\/116"}],"replies":[{"embeddable":true,"href":"https:\/\/blogs.univ-tlse2.fr\/archeodrone\/wp-json\/wp\/v2\/comments?post=418"}],"version-history":[{"count":36,"href":"https:\/\/blogs.univ-tlse2.fr\/archeodrone\/wp-json\/wp\/v2\/pages\/418\/revisions"}],"predecessor-version":[{"id":836,"href":"https:\/\/blogs.univ-tlse2.fr\/archeodrone\/wp-json\/wp\/v2\/pages\/418\/revisions\/836"}],"wp:attachment":[{"href":"https:\/\/blogs.univ-tlse2.fr\/archeodrone\/wp-json\/wp\/v2\/media?parent=418"}],"curies":[{"name":"wp","href":"https:\/\/api.w.org\/{rel}","templated":true}]}}