 {"id":156,"date":"2024-04-28T09:06:39","date_gmt":"2024-04-28T07:06:39","guid":{"rendered":"https:\/\/blogs.univ-tlse2.fr\/archeoscience\/?page_id=156"},"modified":"2024-04-28T09:12:49","modified_gmt":"2024-04-28T07:12:49","slug":"hotel_projets","status":"publish","type":"page","link":"https:\/\/blogs.univ-tlse2.fr\/archeoscience\/hotel_projets\/","title":{"rendered":"H\u00f4tel \u00e0 projets"},"content":{"rendered":"\n<p>Cette entit\u00e9 est d\u00e9di\u00e9e \u00e0 l\u2019h\u00e9bergement de projets financ\u00e9s par l\u2019universit\u00e9 f\u00e9d\u00e9rale ou par des financements internationaux qui requi\u00e8rent l\u2019accueil d\u2019une \u00e9quipe projet et d\u2019instrumentations scientifiques d\u00e9di\u00e9es importantes.<\/p>\n","protected":false},"excerpt":{"rendered":"<p>Cette entit\u00e9 est d\u00e9di\u00e9e \u00e0 l\u2019h\u00e9bergement de projets financ\u00e9s par l\u2019universit\u00e9 f\u00e9d\u00e9rale ou par des financements internationaux qui requi\u00e8rent l\u2019accueil d\u2019une \u00e9quipe projet et d\u2019instrumentations scientifiques d\u00e9di\u00e9es importantes.<\/p>\n","protected":false},"author":1421,"featured_media":0,"parent":0,"menu_order":0,"comment_status":"closed","ping_status":"closed","template":"","meta":{"footnotes":""},"class_list":["post-156","page","type-page","status-publish","hentry"],"_links":{"self":[{"href":"https:\/\/blogs.univ-tlse2.fr\/archeoscience\/wp-json\/wp\/v2\/pages\/156","targetHints":{"allow":["GET"]}}],"collection":[{"href":"https:\/\/blogs.univ-tlse2.fr\/archeoscience\/wp-json\/wp\/v2\/pages"}],"about":[{"href":"https:\/\/blogs.univ-tlse2.fr\/archeoscience\/wp-json\/wp\/v2\/types\/page"}],"author":[{"embeddable":true,"href":"https:\/\/blogs.univ-tlse2.fr\/archeoscience\/wp-json\/wp\/v2\/users\/1421"}],"replies":[{"embeddable":true,"href":"https:\/\/blogs.univ-tlse2.fr\/archeoscience\/wp-json\/wp\/v2\/comments?post=156"}],"version-history":[{"count":2,"href":"https:\/\/blogs.univ-tlse2.fr\/archeoscience\/wp-json\/wp\/v2\/pages\/156\/revisions"}],"predecessor-version":[{"id":164,"href":"https:\/\/blogs.univ-tlse2.fr\/archeoscience\/wp-json\/wp\/v2\/pages\/156\/revisions\/164"}],"wp:attachment":[{"href":"https:\/\/blogs.univ-tlse2.fr\/archeoscience\/wp-json\/wp\/v2\/media?parent=156"}],"curies":[{"name":"wp","href":"https:\/\/api.w.org\/{rel}","templated":true}]}}