 {"id":27,"date":"2024-03-27T13:42:52","date_gmt":"2024-03-27T12:42:52","guid":{"rendered":"https:\/\/blogs.univ-tlse2.fr\/archeoscience\/?page_id=27"},"modified":"2024-05-30T09:49:35","modified_gmt":"2024-05-30T07:49:35","slug":"p2_archeo_expe","status":"publish","type":"page","link":"https:\/\/blogs.univ-tlse2.fr\/archeoscience\/p2_archeo_expe\/","title":{"rendered":"Plateau P2 &#8211; Arch\u00e9ologie exp\u00e9rimentale"},"content":{"rendered":"\n<p><strong>Responsables :<\/strong>&nbsp; <a href=\"https:\/\/traces.univ-tlse2.fr\/accueil\/equipes-et-ateliers\/smp3c-societes-et-milieux-des-populations-de-chasseurs-cueilleurs-collecteurs\/marie-cecile-soulier\" target=\"_blank\" rel=\"noreferrer noopener\">Marie-C\u00e9cile SOULIER<\/a> et <a href=\"https:\/\/traces.univ-tlse2.fr\/accueil\/equipes-et-ateliers\/terrae-archeologie-et-histoire-des-societes-medievales-meridionales\/m-sylvain-burri\" target=\"_blank\" rel=\"noreferrer noopener\">Sylvain BURRI<\/a><\/p>\n\n\n\n<p><strong>Pr\u00e9sentation :<\/strong><br>L\u2019exp\u00e9rimentation et la r\u00e9alisation de r\u00e9f\u00e9rentiels occupent une place forte dans notre discipline, car elles permettent de d\u00e9velopper de nouveaux outils et m\u00e9thodes d\u2019analyse pour le mat\u00e9riel arch\u00e9ologique, que ce soit pour mieux comprendre les gestes de boucherie, l\u2019effet de la chauffe sur certains mat\u00e9riaux, l\u2019efficacit\u00e9 d\u2019un type d\u2019outil, les caract\u00e9ristiques physico-chimiques de mat\u00e9riaux et de substances naturelles, etc. Ce sont des moyens pour notre discipline d\u2019avancer dans notre capacit\u00e9 \u00e0 appr\u00e9hender les comportements des populations du pass\u00e9, mais aussi les processus de conservation des sites et du mat\u00e9riel arch\u00e9ologique.<\/p>\n\n\n\n<p><em>Nota bene : <a href=\"https:\/\/blogs.univ-tlse2.fr\/archeoscience\/files\/2024\/04\/Charte_P2.pdf\" target=\"_blank\" rel=\"noreferrer noopener\">charte d&rsquo;utilisation du plateau P2.&nbsp;Arch\u00e9ologie exp\u00e9rimentale<\/a><\/em>.<\/p>\n\n\n\n<figure class=\"wp-block-image size-full is-resized\"><img loading=\"lazy\" decoding=\"async\" width=\"709\" height=\"531\" src=\"https:\/\/blogs.univ-tlse2.fr\/archeoscience\/files\/2024\/05\/1.-boucherie.jpg\" alt=\"\" class=\"wp-image-392\" style=\"width:669px;height:auto\" srcset=\"https:\/\/blogs.univ-tlse2.fr\/archeoscience\/files\/2024\/05\/1.-boucherie.jpg 709w, https:\/\/blogs.univ-tlse2.fr\/archeoscience\/files\/2024\/05\/1.-boucherie-300x225.jpg 300w\" sizes=\"auto, (max-width: 709px) 100vw, 709px\" \/><figcaption class=\"wp-element-caption\"><br><em>Pr\u00e9l\u00e8vement de tendons de chevaux avec des outils en silex (fond d\u2019amor\u00e7age TRACES, 2015).<\/em><\/figcaption><\/figure>\n\n\n\n<figure class=\"wp-block-image size-large\"><img loading=\"lazy\" decoding=\"async\" width=\"1024\" height=\"917\" src=\"https:\/\/blogs.univ-tlse2.fr\/archeoscience\/files\/2024\/05\/2.-fracturation-1024x917.png\" alt=\"\" class=\"wp-image-393\" srcset=\"https:\/\/blogs.univ-tlse2.fr\/archeoscience\/files\/2024\/05\/2.-fracturation-1024x917.png 1024w, https:\/\/blogs.univ-tlse2.fr\/archeoscience\/files\/2024\/05\/2.-fracturation-300x269.png 300w, https:\/\/blogs.univ-tlse2.fr\/archeoscience\/files\/2024\/05\/2.-fracturation-768x688.png 768w, https:\/\/blogs.univ-tlse2.fr\/archeoscience\/files\/2024\/05\/2.-fracturation-1536x1376.png 1536w, https:\/\/blogs.univ-tlse2.fr\/archeoscience\/files\/2024\/05\/2.-fracturation.png 1824w\" sizes=\"auto, (max-width: 1024px) 100vw, 1024px\" \/><figcaption class=\"wp-element-caption\"><br><em>Fracturation d\u2019ossements pour r\u00e9cup\u00e9ration de moelle (E. Bernard, th\u00e8se)<\/em>.<\/figcaption><\/figure>\n\n\n\n<p><strong>Pourquoi un espace d\u00e9di\u00e9 et quelle utilisation en arch\u00e9ologie ?<\/strong><br>Le plateau exp\u00e9rimental dont dispose <a href=\"https:\/\/traces.univ-tlse2.fr\/accueil\/\" target=\"_blank\" rel=\"noreferrer noopener\">TRACES<\/a> est une sp\u00e9cificit\u00e9 de notre UMR et n\u2019a pour l\u2019heure aucune \u00e9quivalence dans les autres laboratoires d\u2019arch\u00e9ologie. L\u2019exp\u00e9rimentation demande du temps et de l\u2019espace afin de pouvoir tester des hypoth\u00e8ses pr\u00e9alablement formul\u00e9es en contr\u00f4lant une large gamme de variables. Le p\u00f4le exp\u00e9rimental de TRACES permet en parall\u00e8le d\u2019enrichir les diff\u00e9rentes th\u00e8ques (collections de r\u00e9f\u00e9rence) de notre laboratoire. Par exemple, plusieurs carcasses d\u2019animaux (cerfs, bisons, moutons, etc.) sur lesquelles ont \u00e9t\u00e9 effectu\u00e9es des activit\u00e9s de boucherie exp\u00e9rimentales sont, apr\u00e8s analyse, int\u00e9gr\u00e9es \u00e0 l\u2019<a href=\"https:\/\/blogs.univ-tlse2.fr\/archeoscience\/a2-osteo\/\" data-type=\"page\" data-id=\"43\">ost\u00e9oth\u00e8que<\/a>. Les outils utilis\u00e9s lors des sessions d\u2019exp\u00e9rimentation sont r\u00e9f\u00e9renc\u00e9s dans la <a href=\"https:\/\/blogs.univ-tlse2.fr\/archeoscience\/a1-traceo\/\" data-type=\"page\" data-id=\"41\" target=\"_blank\" rel=\"noreferrer noopener\">trac\u00e9oth\u00e8que<\/a>, tandis que des d\u00e9bitages d\u2019outils exp\u00e9rimentaux en silex, quartz etc. viennent alimenter la <a href=\"https:\/\/blogs.univ-tlse2.fr\/archeoscience\/a5-lithique\/\" data-type=\"page\" data-id=\"49\" target=\"_blank\" rel=\"noreferrer noopener\">lithoth\u00e8que<\/a>. Notre espace permet de r\u00e9aliser des exp\u00e9rimentations dans diff\u00e9rents domaines : taphonomie, arch\u00e9ozoologie, technologie lithique, trac\u00e9ologie, g\u00e9omorphologie, artisanats forestiers, fabrication de cendres v\u00e9g\u00e9tales utilis\u00e9es pour la fabrication du verre, etc. Ce volet exp\u00e9rimental est compl\u00e9t\u00e9 par des approches actualistes men\u00e9es sur le terrain, comme des observations ethnoarch\u00e9ologiques, notamment sur les pratiques de boucherie chez les peuples de chasseurs-cueilleurs actuels ou bien l\u2019extraction de r\u00e9sines et goudrons v\u00e9g\u00e9taux et leurs usages en m\u00e9decine humaine et v\u00e9t\u00e9rinaire au Maroc et en Turquie.<br>Le p\u00f4le exp\u00e9rimental de TRACES h\u00e9berge \u00e9galement l\u2019<a href=\"https:\/\/traces.univ-tlse2.fr\/accueil\/agenda-traces\/ateliers-de-taille-lithique\" target=\"_blank\" rel=\"noreferrer noopener\">atelier de taille lithique<\/a> hebdomadaire.<\/p>\n\n\n\n<figure class=\"wp-block-image size-large\"><img loading=\"lazy\" decoding=\"async\" width=\"1024\" height=\"868\" src=\"https:\/\/blogs.univ-tlse2.fr\/archeoscience\/files\/2024\/05\/3-1024x868.jpg\" alt=\"\" class=\"wp-image-394\" srcset=\"https:\/\/blogs.univ-tlse2.fr\/archeoscience\/files\/2024\/05\/3-1024x868.jpg 1024w, https:\/\/blogs.univ-tlse2.fr\/archeoscience\/files\/2024\/05\/3-300x254.jpg 300w, https:\/\/blogs.univ-tlse2.fr\/archeoscience\/files\/2024\/05\/3-768x651.jpg 768w, https:\/\/blogs.univ-tlse2.fr\/archeoscience\/files\/2024\/05\/3-1536x1301.jpg 1536w, https:\/\/blogs.univ-tlse2.fr\/archeoscience\/files\/2024\/05\/3-2048x1735.jpg 2048w\" sizes=\"auto, (max-width: 1024px) 100vw, 1024px\" \/><figcaption class=\"wp-element-caption\"><em><br>Fabrication traditionnelle de goudrons v\u00e9g\u00e9taux en vue de leur caract\u00e9risation physico-chimique et biologique (Haut-Atlas, Maroc, 2016. S. Burri).<\/em><\/figcaption><\/figure>\n\n\n\n<p><strong>Quelle \u00e9volution\u00a0?<\/strong><\/p>\n\n\n\n<p>Par les locaux et le mat\u00e9riel d\u00e9di\u00e9s \u00e0 cette activit\u00e9, le p\u00f4le exp\u00e9rimental de TRACES a plusieurs ambitions :<br>1) sensibiliser les \u00e9tudiants, post-doctorants et chercheurs \u00e0 l\u2019apport de l\u2019exp\u00e9rimentation,<br>2) offrir un espace de travail aux chercheurs du laboratoire et ext\u00e9rieurs afin qu\u2019ils puissent y mener des exp\u00e9rimentations dans des conditions optimales,<br>3) diffuser les donn\u00e9es \u00e0 la communaut\u00e9 scientifique en mettant les r\u00e9sultats obtenus et les collections de r\u00e9f\u00e9rence cr\u00e9\u00e9es par les exp\u00e9rimentations en acc\u00e8s libre (en ligne et consultables dans les locaux). Ces donn\u00e9es pourront \u00eatre re-questionn\u00e9es selon de nouvelles probl\u00e9matiques et utilis\u00e9es au-del\u00e0 de ce qui avait \u00e9t\u00e9 initialement envisag\u00e9.<br>Ainsi, les collections exp\u00e9rimentales et les donn\u00e9es en ligne seront sans cesse enrichies. De nouveaux \u00e9quipements (spectrom\u00e9trie FTIR, vivarium) viendront compl\u00e9ter ceux d\u00e9j\u00e0 acquis et permettront de multiplier les domaines de comp\u00e9tence. Enfin, le d\u00e9veloppement d\u2019un module d\u00e9di\u00e9 \u00e0 l\u2019approche exp\u00e9rimentale (mise en place d\u2019un protocole d\u2019exp\u00e9rimentation, exp\u00e9rimentation et traitement des donn\u00e9es exp\u00e9rimentales) est envisag\u00e9 dans l\u2019enseignement du Master \u201cArts, Soci\u00e9t\u00e9s et Environnements de la Pr\u00e9histoire et de la Protohistoire : Europe, Afrique (ASE2P)\u201d.<\/p>\n\n\n\n<figure class=\"wp-block-image size-large\"><img loading=\"lazy\" decoding=\"async\" width=\"768\" height=\"1024\" src=\"https:\/\/blogs.univ-tlse2.fr\/archeoscience\/files\/2024\/05\/4-768x1024.jpg\" alt=\"\" class=\"wp-image-395\" srcset=\"https:\/\/blogs.univ-tlse2.fr\/archeoscience\/files\/2024\/05\/4-768x1024.jpg 768w, https:\/\/blogs.univ-tlse2.fr\/archeoscience\/files\/2024\/05\/4-225x300.jpg 225w, https:\/\/blogs.univ-tlse2.fr\/archeoscience\/files\/2024\/05\/4-1152x1536.jpg 1152w, https:\/\/blogs.univ-tlse2.fr\/archeoscience\/files\/2024\/05\/4-1536x2048.jpg 1536w, https:\/\/blogs.univ-tlse2.fr\/archeoscience\/files\/2024\/05\/4-scaled.jpg 1920w\" sizes=\"auto, (max-width: 768px) 100vw, 768px\" \/><figcaption class=\"wp-element-caption\"><em><br>D\u00e9bitage traditionnel de bardeaux (Maramure\u0219, Roumanie, 2021 S. Burri).<\/em><\/figcaption><\/figure>\n\n\n\n<hr class=\"wp-block-separator has-alpha-channel-opacity\" \/>\n\n\n\n<h2 class=\"wp-block-heading has-text-align-center\">\u00c9quipements<\/h2>\n\n\n\n<ul class=\"wp-block-list\">\n<li>Espaces int\u00e9rieur &amp; ext\u00e9rieur d\u2019exp\u00e9rimentation.<\/li>\n\n\n\n<li>Chambre froide positive.<\/li>\n\n\n\n<li>Chambre froide n\u00e9gative (jusqu\u2019\u00e0 -25\u00b0C).<\/li>\n\n\n\n<li>Chemin\u00e9e.<\/li>\n\n\n\n<li>Forge.<\/li>\n<\/ul>\n\n\n\n<figure class=\"wp-block-image size-large\"><img loading=\"lazy\" decoding=\"async\" width=\"760\" height=\"1024\" src=\"https:\/\/blogs.univ-tlse2.fr\/archeoscience\/files\/2024\/05\/5-four-verre-760x1024.jpg\" alt=\"\" class=\"wp-image-396\" srcset=\"https:\/\/blogs.univ-tlse2.fr\/archeoscience\/files\/2024\/05\/5-four-verre-760x1024.jpg 760w, https:\/\/blogs.univ-tlse2.fr\/archeoscience\/files\/2024\/05\/5-four-verre-223x300.jpg 223w, https:\/\/blogs.univ-tlse2.fr\/archeoscience\/files\/2024\/05\/5-four-verre-768x1035.jpg 768w, https:\/\/blogs.univ-tlse2.fr\/archeoscience\/files\/2024\/05\/5-four-verre-1140x1536.jpg 1140w, https:\/\/blogs.univ-tlse2.fr\/archeoscience\/files\/2024\/05\/5-four-verre-1520x2048.jpg 1520w, https:\/\/blogs.univ-tlse2.fr\/archeoscience\/files\/2024\/05\/5-four-verre-scaled.jpg 1900w\" sizes=\"auto, (max-width: 760px) 100vw, 760px\" \/><figcaption class=\"wp-element-caption\"><em><br>Soufflage d&rsquo;un cylindre dans un four chauff\u00e9 au bois pour la reproduction de vitres du haut Moyen \u00c2ge (Arkeos, Douai, 2023 I. Pactat).<\/em><\/figcaption><\/figure>\n","protected":false},"excerpt":{"rendered":"<p>Responsables :&nbsp; Marie-C\u00e9cile SOULIER et Sylvain BURRI Pr\u00e9sentation :L\u2019exp\u00e9rimentation et la r\u00e9alisation de r\u00e9f\u00e9rentiels occupent une place forte dans notre discipline, car elles permettent de d\u00e9velopper de nouveaux outils et m\u00e9thodes d\u2019analyse pour le mat\u00e9riel arch\u00e9ologique, que ce soit pour &hellip; <a href=\"https:\/\/blogs.univ-tlse2.fr\/archeoscience\/p2_archeo_expe\/\">Continuer la lecture <span class=\"meta-nav\">&rarr;<\/span><\/a><\/p>\n","protected":false},"author":1421,"featured_media":0,"parent":0,"menu_order":0,"comment_status":"closed","ping_status":"closed","template":"","meta":{"footnotes":""},"class_list":["post-27","page","type-page","status-publish","hentry"],"_links":{"self":[{"href":"https:\/\/blogs.univ-tlse2.fr\/archeoscience\/wp-json\/wp\/v2\/pages\/27","targetHints":{"allow":["GET"]}}],"collection":[{"href":"https:\/\/blogs.univ-tlse2.fr\/archeoscience\/wp-json\/wp\/v2\/pages"}],"about":[{"href":"https:\/\/blogs.univ-tlse2.fr\/archeoscience\/wp-json\/wp\/v2\/types\/page"}],"author":[{"embeddable":true,"href":"https:\/\/blogs.univ-tlse2.fr\/archeoscience\/wp-json\/wp\/v2\/users\/1421"}],"replies":[{"embeddable":true,"href":"https:\/\/blogs.univ-tlse2.fr\/archeoscience\/wp-json\/wp\/v2\/comments?post=27"}],"version-history":[{"count":8,"href":"https:\/\/blogs.univ-tlse2.fr\/archeoscience\/wp-json\/wp\/v2\/pages\/27\/revisions"}],"predecessor-version":[{"id":397,"href":"https:\/\/blogs.univ-tlse2.fr\/archeoscience\/wp-json\/wp\/v2\/pages\/27\/revisions\/397"}],"wp:attachment":[{"href":"https:\/\/blogs.univ-tlse2.fr\/archeoscience\/wp-json\/wp\/v2\/media?parent=27"}],"curies":[{"name":"wp","href":"https:\/\/api.w.org\/{rel}","templated":true}]}}