 {"id":39,"date":"2024-03-27T13:48:10","date_gmt":"2024-03-27T12:48:10","guid":{"rendered":"https:\/\/blogs.univ-tlse2.fr\/archeoscience\/?page_id=39"},"modified":"2024-05-14T11:45:05","modified_gmt":"2024-05-14T09:45:05","slug":"p5-topo_3d","status":"publish","type":"page","link":"https:\/\/blogs.univ-tlse2.fr\/archeoscience\/p5-topo_3d\/","title":{"rendered":"Plateau P5 &#8211; Topographie \/ Imagerie \/ G\u00e9omatique \/ 3D"},"content":{"rendered":"\n<p><strong>Responsables :<\/strong> <a href=\"https:\/\/traces.univ-tlse2.fr\/francois-baleux\" target=\"_blank\" rel=\"noreferrer noopener\">Fran\u00e7ois BALEUX<\/a> et <a href=\"https:\/\/traces.univ-tlse2.fr\/accueil\/annuaire\/mlle-carine-calastrenc\" target=\"_blank\" rel=\"noreferrer noopener\">Carine CALASTRENC<\/a><\/p>\n\n\n\n<p><strong>Pr\u00e9sentation :<\/strong><br>Avec des outils de t\u00e9l\u00e9d\u00e9tection (satellites ou drones), de topographie, d\u2019analyses spatiales, de 3D et de g\u00e9ophysique, utilisables par et pour des arch\u00e9ologues, le plateau TIG-3D apporte, \u00e0 toutes les phases de la recherche (du diagnostic \u00e0 la fouille jusqu\u2019\u00e0 la valorisation et la conservation num\u00e9rique des donn\u00e9es), un support \u00e0 l\u2019acquisition et au traitement de l\u2019information arch\u00e9ologique spatialis\u00e9e. Au sein du laboratoire, le plateau TIG-3D dispose d\u2019un espace de stockage des instruments, d\u2019une salle photo avec le mat\u00e9riel associ\u00e9 et d\u2019une salle informatique ouverte \u00e0 l\u2019ensemble des membres. Cette salle sert \u00e9galement \u00e0 diff\u00e9rentes formations, internes et externes, qui sont organis\u00e9es et anim\u00e9es par les responsables du plateau.<\/p>\n\n\n\n<p><em>Nota bene : <a href=\"https:\/\/blogs.univ-tlse2.fr\/archeoscience\/files\/2024\/04\/Charte_P5.pdf\" target=\"_blank\" rel=\"noreferrer noopener\">charte d&rsquo;utilisation du plateau P5.&nbsp;Topographie \u2013 Imagerie \u2013 G\u00e9omatique \u2013 3D<\/a><\/em>.<\/p>\n\n\n\n<figure class=\"wp-block-image\"><img decoding=\"async\" src=\"https:\/\/traces.univ-tlse2.fr\/medias\/photo\/releve-magnetometre-ill-plateau-geomatique-2_1530524662521-jpg?ID_FICHE=197776\" alt=\"\" \/><\/figure>\n\n\n\n<p><em>Relev\u00e9 magn\u00e9tom\u00e8tre Escatalens Tarn \u00a9 Nicolas Poirier.<\/em><\/p>\n\n\n\n<p><strong>Pourquoi un espace d\u00e9di\u00e9 et quelle utilisation en arch\u00e9ologie ?<\/strong><br>Le plateau TIG-3D fournit de nouveaux supports, de nouveaux cadres d\u2019acquisition et d\u2019analyses de l\u2019information arch\u00e9ologique, multi-sources et multi-\u00e9chelles (de l\u2019objet jusqu\u2019au terroir). L\u2019utilisation toujours plus importante des nouvelles technologies en arch\u00e9ologie \u2014 telles que les drones \u00e9quip\u00e9s de divers capteurs (multispectral, lidar, photographie THRS), les scanners 3D (lidar terrestre et lumi\u00e8re puls\u00e9e), le g\u00e9oradar ou la photogramm\u00e9trie \u2014 permet d\u2019\u00e9largir le champ de perception et les possibilit\u00e9s d\u2019analyse. Ces appareillages interviennent dans les programmes de recherche du laboratoire, soit de fa\u00e7on ponctuelle (tel que le scan 3D d\u2019un abri ou la photogramm\u00e9trie d\u2019un objet arch\u00e9ologique), soit de fa\u00e7on conjugu\u00e9e, comme l\u2019\u00e9tude des dynamiques du paysage et du peuplement via une approche multi-sources.<\/p>\n\n\n\n<p>Les animateurs de ce plateau interviennent, en France et \u00e0 l\u2019\u00e9tranger, dans diff\u00e9rents programmes de recherche port\u00e9s par des chercheurs du laboratoire Traces, mais \u00e9galement dans le cadre de programmes support\u00e9s par d\u2019autres laboratoires, comme le laboratoire G\u00e9ode UMR 5602 (Toulouse) ou le laboratoire Arch\u00e9orient UMR 5133 (Lyon), et pour des organismes (commune, d\u00e9partement\u2026) et entreprises de l\u2019arch\u00e9ologie pr\u00e9ventive sous forme de collaborations et\/ou de prestations de service.<\/p>\n\n\n\n<p>Depuis 2012, 69 op\u00e9rations demandant l\u2019intervention directe des animateurs du plateau ont \u00e9t\u00e9 r\u00e9alis\u00e9es : une action en lien avec une proc\u00e9dure judiciaire, 20 collaborations \u00e0 des ANR, 3 conventions avec un d\u00e9partement, 11 prestations de service, 28 participations \u00e0 des programmes de recherche, quatre interventions dans le cadre de th\u00e8se, neuf actions de formation en lien avec des institutions de recherche (<em>CNRS Formation Entreprise,\u00a0universit\u00e9 des royales des beaux-arts de Phnom Penh (Cambodge), Institut Fran\u00e7ais d&rsquo;Arch\u00e9ologie Orientale (\u00c9gypte), Centre de recherche acad\u00e9mique des sciences et des arts de Slov\u00e9nie).<\/em> Chaque op\u00e9ration fait l\u2019objet d\u2019une \u00e0 plusieurs dizaines d\u2019interventions de terrain r\u00e9partie sur une \u00e0 plusieurs ann\u00e9es. Ces op\u00e9rations ont eu lieu dans le sud et l\u2019ouest de la France, mais aussi en Espagne, en Corse, en Slov\u00e9nie, en Roumanie, en Afrique du Sud, en \u00c9gypte, aux \u00c9mirats Arabes Unis, en Mongolie et au Cambodge.<\/p>\n\n\n\n<p>Une part des activit\u00e9s du plateau TIG-3D va vers la valorisation des r\u00e9sultats des diff\u00e9rentes activit\u00e9s de ses animateurs. Ainsi, depuis 2020, le soutien de ce plateau \u00e0 une recherche figure dans 17 articles scientifiques, 14 chapitres d\u2019ouvrage, 41 communications \u00e0 des colloques et s\u00e9minaires, 33 rapports d\u2019op\u00e9ration arch\u00e9ologique et d\u2019expertise, soit 105 r\u00e9f\u00e9rences.<br><\/p>\n\n\n\n<figure class=\"wp-block-image\"><img decoding=\"async\" src=\"https:\/\/traces.univ-tlse2.fr\/medias\/photo\/releve-3d-ill-plateau-geomatique-1_1530524604799-jpg?ID_FICHE=197776\" alt=\"\" \/><\/figure>\n\n\n\n<p><em>Relev\u00e9 3D en grotte de Trabuc, H\u00e9rault \u00a9 Nicolas Poirier<\/em>.<\/p>\n\n\n\n<p><strong>Quelle \u00e9volution ?<\/strong><br><\/p>\n\n\n\n<p>Le plateau TIG-3D dispose d\u2019un ensemble d\u2019instruments qui demande des ressources financi\u00e8res importantes et des moyens humains. Les diff\u00e9rentes actions (prestation, formation payantes) et la facturation interne permet la totale autonomie financi\u00e8re de ce plateau.<\/p>\n\n\n\n<p>Une veille technologique est assur\u00e9e par les animateurs du plateau avec comme objectif la recherche de la performance et de l\u2019ad\u00e9quation aux orientations de recherche, pr\u00e9sent et futur, du laboratoire. Ainsi, les membres de ce plateau sont impliqu\u00e9s dans des r\u00e9seaux m\u00e9tiers qui travaillent sur la production, le traitement, l\u2019analyse et la repr\u00e9sentation de l\u2019information.<br><br><\/p>\n\n\n\n<figure class=\"wp-block-image\"><img decoding=\"async\" src=\"https:\/\/traces.univ-tlse2.fr\/medias\/photo\/survol-lidar-ill-plateau-geomatique-3_1530524702473-jpg?ID_FICHE=197776\" alt=\"\" \/><\/figure>\n\n\n\n<p><em>Survol Lidar Baiut, Roumanie \u00a9 Sylvain Burri<\/em>.<\/p>\n\n\n\n<p><br><strong>D\u00e9veloppement d&rsquo;outil Open source :<\/strong><br>Arch\u00e9otracker <a href=\"https:\/\/play.google.com\/store\/apps\/details?id=fr.universite_toulouse.umr_5608_traces.archeotracker&amp;hl=fr\">https:\/\/play.google.com\/store\/apps\/details?id=fr.universite_toulouse.umr_5608_traces.archeotracker&amp;hl=fr<\/a><\/p>\n","protected":false},"excerpt":{"rendered":"<p>Responsables : Fran\u00e7ois BALEUX et Carine CALASTRENC Pr\u00e9sentation :Avec des outils de t\u00e9l\u00e9d\u00e9tection (satellites ou drones), de topographie, d\u2019analyses spatiales, de 3D et de g\u00e9ophysique, utilisables par et pour des arch\u00e9ologues, le plateau TIG-3D apporte, \u00e0 toutes les phases de &hellip; <a href=\"https:\/\/blogs.univ-tlse2.fr\/archeoscience\/p5-topo_3d\/\">Continuer la lecture <span class=\"meta-nav\">&rarr;<\/span><\/a><\/p>\n","protected":false},"author":1421,"featured_media":0,"parent":0,"menu_order":0,"comment_status":"closed","ping_status":"closed","template":"","meta":{"footnotes":""},"class_list":["post-39","page","type-page","status-publish","hentry"],"_links":{"self":[{"href":"https:\/\/blogs.univ-tlse2.fr\/archeoscience\/wp-json\/wp\/v2\/pages\/39","targetHints":{"allow":["GET"]}}],"collection":[{"href":"https:\/\/blogs.univ-tlse2.fr\/archeoscience\/wp-json\/wp\/v2\/pages"}],"about":[{"href":"https:\/\/blogs.univ-tlse2.fr\/archeoscience\/wp-json\/wp\/v2\/types\/page"}],"author":[{"embeddable":true,"href":"https:\/\/blogs.univ-tlse2.fr\/archeoscience\/wp-json\/wp\/v2\/users\/1421"}],"replies":[{"embeddable":true,"href":"https:\/\/blogs.univ-tlse2.fr\/archeoscience\/wp-json\/wp\/v2\/comments?post=39"}],"version-history":[{"count":6,"href":"https:\/\/blogs.univ-tlse2.fr\/archeoscience\/wp-json\/wp\/v2\/pages\/39\/revisions"}],"predecessor-version":[{"id":366,"href":"https:\/\/blogs.univ-tlse2.fr\/archeoscience\/wp-json\/wp\/v2\/pages\/39\/revisions\/366"}],"wp:attachment":[{"href":"https:\/\/blogs.univ-tlse2.fr\/archeoscience\/wp-json\/wp\/v2\/media?parent=39"}],"curies":[{"name":"wp","href":"https:\/\/api.w.org\/{rel}","templated":true}]}}