 {"id":43,"date":"2024-03-27T13:49:51","date_gmt":"2024-03-27T12:49:51","guid":{"rendered":"https:\/\/blogs.univ-tlse2.fr\/archeoscience\/?page_id=43"},"modified":"2024-06-04T16:06:41","modified_gmt":"2024-06-04T14:06:41","slug":"a2-osteo","status":"publish","type":"page","link":"https:\/\/blogs.univ-tlse2.fr\/archeoscience\/a2-osteo\/","title":{"rendered":"A2 &#8211; L&rsquo;ost\u00e9oth\u00e8que"},"content":{"rendered":"<div class=\"wp-block-image\">\n<figure class=\"alignright size-large is-resized\"><img loading=\"lazy\" decoding=\"async\" width=\"1024\" height=\"443\" src=\"https:\/\/blogs.univ-tlse2.fr\/archeoscience\/files\/2024\/04\/osteotheque-1024x443.jpg\" alt=\"\" class=\"wp-image-208\" style=\"width:278px;height:auto\" srcset=\"https:\/\/blogs.univ-tlse2.fr\/archeoscience\/files\/2024\/04\/osteotheque-1024x443.jpg 1024w, https:\/\/blogs.univ-tlse2.fr\/archeoscience\/files\/2024\/04\/osteotheque-300x130.jpg 300w, https:\/\/blogs.univ-tlse2.fr\/archeoscience\/files\/2024\/04\/osteotheque-768x333.jpg 768w, https:\/\/blogs.univ-tlse2.fr\/archeoscience\/files\/2024\/04\/osteotheque.jpg 1307w\" sizes=\"auto, (max-width: 1024px) 100vw, 1024px\" \/><\/figure>\n<\/div>\n\n\n<p><strong>Responsables<\/strong>&nbsp;: <a href=\"https:\/\/traces.univ-tlse2.fr\/accueil\/equipes-et-ateliers\/smp3c-societes-et-milieux-des-populations-de-chasseurs-cueilleurs-collecteurs\/emmanuel-discamps#\/\" target=\"_blank\" rel=\"noreferrer noopener\">Emmanuel DISCAMPS<\/a> et <a href=\"https:\/\/traces.univ-tlse2.fr\/accueil\/equipes-et-ateliers\/smp3c-societes-et-milieux-des-populations-de-chasseurs-cueilleurs-collecteurs\/marie-cecile-soulier#\/\" target=\"_blank\" rel=\"noreferrer noopener\">Marie-C\u00e9cile SOULIER<\/a><\/p>\n\n\n\n<p><br><\/p>\n\n\n\n<p>Une ost\u00e9oth\u00e8que est un objet vivant. Fonctionnant sur le principe de l\u2019anatomie compar\u00e9e, elle est enrichie en continu par l\u2019acquisition d\u2019esp\u00e8ces initialement absentes de la collection de comparaison ou de plusieurs exemplaires d\u2019une m\u00eame esp\u00e8ce (en collaboration avec le <a href=\"https:\/\/blogs.univ-tlse2.fr\/archeoscience\/p2_archeo_expe\/\">plateau P2<\/a>). Ce dernier point est m\u00eame essentiel pour pouvoir appr\u00e9hender les diff\u00e9rences inter-individuelles. Depuis 2017, un important travail d\u2019inventaire, de r\u00e9colement et de classement des collections a \u00e9t\u00e9 entam\u00e9 (cf. <a href=\"https:\/\/osteotheque-traces.huma-num.fr\" target=\"_blank\" rel=\"noreferrer noopener\">base de donn\u00e9es en ligne<\/a>)\u00a0; il se poursuit encore aujourd\u2019hui. En compl\u00e9ment, nous avons commenc\u00e9 l&rsquo;acquisition de mod\u00e8les num\u00e9riques 3D des ossements\u00a0: leur mise en ligne fournira un pr\u00e9cieux outil p\u00e9dagogique pour les \u00e9tudiants en formation, tout en valorisant ces collections difficiles \u00e0 constituer. De plus, ces mod\u00e8les num\u00e9riques pourraient \u00eatre mis \u00e0 profit par les chercheurs de TRACES et d\u2019ailleurs pour aider \u00e0 la d\u00e9termination lors de missions (sur le terrain ou dans un mus\u00e9e), ou pour des esp\u00e8ces rares que peu d\u2019ost\u00e9oth\u00e8ques poss\u00e8dent.<\/p>\n\n\n\n<p>Par exemple, sont disponibles des squelettes de&nbsp;:<\/p>\n\n\n\n<ul class=\"wp-block-list\">\n<li>Cervid\u00e9s&nbsp;: Cerf (tr\u00e8s nombreux individus), Renne, Chevreuil, Elan, Daim.<\/li>\n\n\n\n<li>Bovid\u00e9s&nbsp;: Bison d\u2019europe, B\u0153uf (+ foetus), Bouquetin, Chamois, Ovis, Ovibos.<\/li>\n\n\n\n<li>Equid\u00e9s&nbsp;: Cheval (+ foetus).<\/li>\n\n\n\n<li>Suid\u00e9s&nbsp;: Sanglier, Cochon.<\/li>\n\n\n\n<li>Canid\u00e9s&nbsp;: Loup, Chien, Renard roux.<\/li>\n\n\n\n<li>Hyenid\u00e9s&nbsp;: Hy\u00e8ne tachet\u00e9e.<\/li>\n\n\n\n<li>Ursid\u00e9s&nbsp;: Ours des cavernes, Ours brun.<\/li>\n\n\n\n<li>Must\u00e9lid\u00e9s&nbsp;: Glouton, Martre, Blaireau.<\/li>\n\n\n\n<li>F\u00e9lid\u00e9s&nbsp;: Chat, Lynx, L\u00e9opard, Lion.<\/li>\n\n\n\n<li>Rongeurs&nbsp;: Castor.<\/li>\n<\/ul>\n\n\n\n<figure class=\"wp-block-image\"><img decoding=\"async\" src=\"https:\/\/traces.univ-tlse2.fr\/medias\/photo\/ill-osteotheque-plateforme_1530525191855-jpg?ID_FICHE=197777\" alt=\"\" \/><\/figure>\n\n\n\n<p><em>Exemple de restes osseux de renne d\u00e9couverts sur le site magdal\u00e9nien de Peyrazet (Lot)<\/em>. <em>Clich\u00e9s V.&nbsp;Laroulandie &amp; J.-M.&nbsp;P\u00e9tillon, DAO M.&nbsp;Langlais &amp; V.&nbsp;Laroulandie<\/em>.<\/p>\n\n\n\n<p><em>Nota bene : <a href=\"https:\/\/blogs.univ-tlse2.fr\/archeoscience\/files\/2024\/04\/Charte_A2.pdf\" target=\"_blank\" rel=\"noreferrer noopener\">charte d&rsquo;utilisation de la th\u00e8que A2.&nbsp;Ost\u00e9oth\u00e8que<\/a><\/em>.<\/p>\n\n\n\n<hr class=\"wp-block-separator has-alpha-channel-opacity\" \/>\n\n\n\n<h2 class=\"wp-block-heading has-text-align-center\">\u00c9quipements<\/h2>\n\n\n\n<ul class=\"wp-block-list\">\n<li>Squelettes<\/li>\n\n\n\n<li>Balance Sartorius Entris 3200i-1S<\/li>\n\n\n\n<li>Binoculaire ZEISS Stemi 305<\/li>\n\n\n\n<li>Binoculaire Wild Heerbrugg<\/li>\n<\/ul>\n","protected":false},"excerpt":{"rendered":"<p>Responsables&nbsp;: Emmanuel DISCAMPS et Marie-C\u00e9cile SOULIER Une ost\u00e9oth\u00e8que est un objet vivant. Fonctionnant sur le principe de l\u2019anatomie compar\u00e9e, elle est enrichie en continu par l\u2019acquisition d\u2019esp\u00e8ces initialement absentes de la collection de comparaison ou de plusieurs exemplaires d\u2019une m\u00eame &hellip; <a href=\"https:\/\/blogs.univ-tlse2.fr\/archeoscience\/a2-osteo\/\">Continuer la lecture <span class=\"meta-nav\">&rarr;<\/span><\/a><\/p>\n","protected":false},"author":1421,"featured_media":0,"parent":0,"menu_order":0,"comment_status":"closed","ping_status":"closed","template":"","meta":{"footnotes":""},"class_list":["post-43","page","type-page","status-publish","hentry"],"_links":{"self":[{"href":"https:\/\/blogs.univ-tlse2.fr\/archeoscience\/wp-json\/wp\/v2\/pages\/43","targetHints":{"allow":["GET"]}}],"collection":[{"href":"https:\/\/blogs.univ-tlse2.fr\/archeoscience\/wp-json\/wp\/v2\/pages"}],"about":[{"href":"https:\/\/blogs.univ-tlse2.fr\/archeoscience\/wp-json\/wp\/v2\/types\/page"}],"author":[{"embeddable":true,"href":"https:\/\/blogs.univ-tlse2.fr\/archeoscience\/wp-json\/wp\/v2\/users\/1421"}],"replies":[{"embeddable":true,"href":"https:\/\/blogs.univ-tlse2.fr\/archeoscience\/wp-json\/wp\/v2\/comments?post=43"}],"version-history":[{"count":13,"href":"https:\/\/blogs.univ-tlse2.fr\/archeoscience\/wp-json\/wp\/v2\/pages\/43\/revisions"}],"predecessor-version":[{"id":399,"href":"https:\/\/blogs.univ-tlse2.fr\/archeoscience\/wp-json\/wp\/v2\/pages\/43\/revisions\/399"}],"wp:attachment":[{"href":"https:\/\/blogs.univ-tlse2.fr\/archeoscience\/wp-json\/wp\/v2\/media?parent=43"}],"curies":[{"name":"wp","href":"https:\/\/api.w.org\/{rel}","templated":true}]}}