 {"id":45,"date":"2024-03-27T13:50:35","date_gmt":"2024-03-27T12:50:35","guid":{"rendered":"https:\/\/blogs.univ-tlse2.fr\/archeoscience\/?page_id=45"},"modified":"2025-11-18T10:39:23","modified_gmt":"2025-11-18T09:39:23","slug":"a3-verre-et-metal","status":"publish","type":"page","link":"https:\/\/blogs.univ-tlse2.fr\/archeoscience\/a3-verre-et-metal\/","title":{"rendered":"A3 &#8211; Th\u00e8que Verre et M\u00e9tal"},"content":{"rendered":"<div class=\"wp-block-image\">\n<figure class=\"alignright size-large is-resized\"><img loading=\"lazy\" decoding=\"async\" width=\"1024\" height=\"403\" src=\"https:\/\/blogs.univ-tlse2.fr\/archeoscience\/files\/2024\/04\/metallotheque-1024x403.jpg\" alt=\"\" class=\"wp-image-210\" style=\"width:278px;height:auto\" srcset=\"https:\/\/blogs.univ-tlse2.fr\/archeoscience\/files\/2024\/04\/metallotheque-1024x403.jpg 1024w, https:\/\/blogs.univ-tlse2.fr\/archeoscience\/files\/2024\/04\/metallotheque-300x118.jpg 300w, https:\/\/blogs.univ-tlse2.fr\/archeoscience\/files\/2024\/04\/metallotheque-768x302.jpg 768w, https:\/\/blogs.univ-tlse2.fr\/archeoscience\/files\/2024\/04\/metallotheque.jpg 1447w\" sizes=\"auto, (max-width: 1024px) 100vw, 1024px\" \/><\/figure>\n<\/div>\n\n\n<figure class=\"wp-block-image size-large is-resized\"><img loading=\"lazy\" decoding=\"async\" width=\"1024\" height=\"437\" src=\"https:\/\/blogs.univ-tlse2.fr\/archeoscience\/files\/2024\/04\/verrotheque-1024x437.jpg\" alt=\"\" class=\"wp-image-211\" style=\"width:269px;height:auto\" srcset=\"https:\/\/blogs.univ-tlse2.fr\/archeoscience\/files\/2024\/04\/verrotheque-1024x437.jpg 1024w, https:\/\/blogs.univ-tlse2.fr\/archeoscience\/files\/2024\/04\/verrotheque-300x128.jpg 300w, https:\/\/blogs.univ-tlse2.fr\/archeoscience\/files\/2024\/04\/verrotheque-768x328.jpg 768w, https:\/\/blogs.univ-tlse2.fr\/archeoscience\/files\/2024\/04\/verrotheque.jpg 1310w\" sizes=\"auto, (max-width: 1024px) 100vw, 1024px\" \/><\/figure>\n\n\n\n<p><strong>Responsables<\/strong>\u00a0: <a href=\"https:\/\/traces.univ-tlse2.fr\/accueil\/equipes-et-ateliers\/les-metaux-economie-et-techniques-par-larcheologie-et-le-laboratoire\/marie-pierre-coustures\" target=\"_blank\" rel=\"noreferrer noopener\">Marie-Pierre COUSTURES<\/a><\/p>\n\n\n\n<p><strong>Pr\u00e9sentation&nbsp;:<\/strong><br>Cette th\u00e8que est principalement constitu\u00e9e d\u2019une banque de donn\u00e9es mat\u00e9rielles sur le verre arch\u00e9ologique des p\u00e9riodes de l\u2019Antiquit\u00e9 et du Moyen \u00c2ge (II<sup>e<\/sup>&nbsp;s. av. n. \u00e8. au XV<sup>e<\/sup>&nbsp;s.) et sur les m\u00e9taux anciens (or, cuivre, \u00e9tain, bronze, argent, plomb, fer) de la Protohistoire au Moyen \u00c2ge. Ces r\u00e9f\u00e9rentiels seront compos\u00e9s de fragments (verre brut, vaisselle, contenants, vitres, scories, barres de fer&#8230;) issus de collections arch\u00e9ologiques et exp\u00e9rimentales mises en d\u00e9p\u00f4t, selon conventions, par des mus\u00e9es ou des centres de conservation et d\u2019\u00e9tude (CCE) et, pour le verre, de reproductions de formes antiques et m\u00e9di\u00e9vales acquises par TRACES aupr\u00e8s d\u2019un ma\u00eetre-verrier.<\/p>\n\n\n\n<p><em>Nota bene : <a href=\"https:\/\/blogs.univ-tlse2.fr\/archeoscience\/files\/2024\/04\/Charte_A3.pdf\" target=\"_blank\" rel=\"noreferrer noopener\">charte d&rsquo;utilisation de la th\u00e8que A3.&nbsp;Th\u00e8que m\u00e9tal et verre<\/a><\/em>.<\/p>\n\n\n\n<figure class=\"wp-block-image\"><img decoding=\"async\" src=\"https:\/\/traces.univ-tlse2.fr\/medias\/photo\/ill-theque-verre-metal-plateforme-2_1530526449773-jpg?ID_FICHE=197778\" alt=\"\" \/><\/figure>\n\n\n\n<p><em>Verre brut vert olive (Ve s.) produit en \u00c9gypte, d\u00e9couvert \u00e0 la villa de Valentine (Haute-Garonne) \u00a9&nbsp;J.-F.&nbsp;Peir\u00e9, DRAC Occitanie.<\/em><\/p>\n\n\n\n<p><strong>Pourquoi un espace d\u00e9di\u00e9 et quelle utilisation en arch\u00e9ologie ?<\/strong><br>* N\u00e9cessit\u00e9 de voir et toucher des mat\u00e9riaux de r\u00e9f\u00e9rence.<br>* Pallier le manque de verres et de m\u00e9taux arch\u00e9ologiques dans les mus\u00e9es de la r\u00e9gion.<br>* Mettre \u00e0 disposition les outils typologiques, les mat\u00e9riels d\u2019observation (binoculaire et microscope optique) et de mesures d\u00e9di\u00e9es \u00e0 ces mat\u00e9riaux sp\u00e9cifiques.<br>* Conservation d\u2019\u00e9chantillons de r\u00e9f\u00e9rence (sections polies, lames minces, poudres pr\u00e9par\u00e9es pour l\u2019analyse chimique \u00e9l\u00e9mentaire ou isotopique) qui pourront \u00eatre r\u00e9-analys\u00e9s en fonction de l\u2019\u00e9volution des techniques analytiques.<\/p>\n\n\n\n<figure class=\"wp-block-image\"><img decoding=\"async\" src=\"https:\/\/traces.univ-tlse2.fr\/medias\/photo\/ill-theque-verre-metal-plateforme-1_1530526401471-jpg?ID_FICHE=197778\" alt=\"\" \/><\/figure>\n\n\n\n<p><em>Verres du secteur nord de la domus de Cieutat \u00e0 \u00c9auze (Gers) \u00a9&nbsp;S.&nbsp;Larroque.<\/em><\/p>\n\n\n\n<p><strong>Quelle \u00e9volution&nbsp;?<\/strong><br>* Avanc\u00e9e des travaux typologiques et arch\u00e9om\u00e9triques permettant des identifications de formes et de datations plus pr\u00e9cises (ex. VEINAR) pour le verre et de cha\u00eene op\u00e9ratoires pour les m\u00e9taux. Ces deux mat\u00e9riaux sont de plus en plus reconnus comme des marqueurs chronologiques, techniques, \u00e9conomiques, sociaux et culturels.<br>* N\u00e9cessit\u00e9 de former des arch\u00e9ologues sp\u00e9cialistes trop peu nombreux sur des mat\u00e9riaux tels que le verre et les m\u00e9taux anciens.<\/p>\n\n\n\n<figure class=\"wp-block-image\"><img decoding=\"async\" src=\"https:\/\/traces.univ-tlse2.fr\/medias\/photo\/ill-theque-metal-et-verre_1540982307217-jpg?ID_FICHE=197778\" alt=\"\" \/><\/figure>\n\n\n\n<p><em>1.&nbsp;Arch\u00e9oth\u00e8que M\u00e9tal Verre \u00a9&nbsp;M.&nbsp;Brochot&nbsp;; 2.&nbsp;copies de verres antiques et m\u00e9di\u00e9vaux \u00a9&nbsp;M.-T.&nbsp;Marty, A.&nbsp;Guillot&nbsp;; 3.&nbsp;lingots de plomb, \u00e9paves romaines des Saintes-Maries-de-la Mer (Bouches-du-Rh\u00f4ne) \u00a9&nbsp;S.&nbsp;Baron&nbsp;; 4.&nbsp;lame mince de minerai de fer oolithique, vue au microscope \u00a9&nbsp;M.-P.&nbsp;Coustures&nbsp;; 5.&nbsp;Bloc de verre brut vert olive produit en \u00c9gypte au V<sup>e<\/sup>&nbsp;s., d\u00e9couvert \u00e0 la villa de Valentine (Haute-Garonne) \u00a9&nbsp;J.-F.&nbsp;P\u00e9ir\u00e9.<\/em><\/p>\n\n\n\n<p><strong><br>Partenariats et contacts \u2013 M\u00e9tal :<\/strong><br>GET &#8211; UMR 5563 (CNRS, UT3, IRD, CNES) ; CIRIMAT \u2013 UMR 5085 (CNRS, UT3, INP Toulouse) ; CEMES \u2013 UPR 8011 CNRS ; Ecolab &#8211; UMR 5245 (CNRS, UT3, INP Toulouse) ; Centre de MicroCaract\u00e9risation Raimond Castaing &#8211; UMS 3623.<\/p>\n\n\n\n<p><strong>Partenariats et contacts \u2013 Verre :<\/strong><br>Ausonius &#8211; UMR 5607 (CNRS, Bordeaux3) ; IRAMAT &#8211; UMR 5060 (CNRS, universit\u00e9 d\u2019Orl\u00e9ans) ; Allain Guillot, ma\u00eetre verrier, Boisse (24) ; CCE du SRA Midi-Pyr\u00e9n\u00e9es ; Mus\u00e9e Fenaille (Rodez) ; Arch\u00e9osite de Montans ; Mus\u00e9e Saint Raymond, mus\u00e9e des Antiques de Toulouse ; Materia Viva, laboratoire de conservation et restauration, Toulouse.<br><strong><br>Publications en lien avec l\u2019Arch\u00e9oth\u00e8que M\u00e9tal et Verre :<\/strong><\/p>\n\n\n\n<p><strong>2018<\/strong> \u2013 <em>Copies de verres antiques et m\u00e9di\u00e9vaux : une exp\u00e9rimentation pour la verroth\u00e8que du laboratoire TRACES \u00e0 Toulouse. Pr\u00e9sentation de la verroth\u00e8que<\/em> par M.-T. Marty et A. Guillot aux 33e rencontres de l\u2019Association Fran\u00e7aise pour l\u2019Arch\u00e9ologie du Verre, 12-13\/10\/2018, Mus\u00e9e\/Centre d\u2019art du verre, Carmaux, Tarn.<br><strong>2018<\/strong> \u2013 Foy (D.), Labaune-Jean (F.), Leblond (C.), Martin Pruvot (C.), Marty (M.-Th.), Massart (C.), Munier (C.), Robin (L.), Roussel-Ode (J.) : Verres incolores de l\u2019Antiquit\u00e9 romaine en Gaule et aux marges de la Gaule : Vol. 1 Assemblages, Vol. 2 Typologie et Analyses, <em>Archaeopress Roman Archaeology<\/em> 42, Oxford, 2018.<br><strong>2018<\/strong> \u2013 Milot (J.), Baron (S.) and Poitrasson (F.) : Potential use of Fe isotopes for ancient non-ferrous metals tracing through the example of a lead-silver production site (Imiter mine, Anti-Atlas, Morocco). <em>Journal of Archaeological Science<\/em>, 98, 22-33.<br><strong>2011<\/strong> \u2013 Baron (S.), Tamas (C. G.), Cauuet (B.) and Munoz (M.) : Lead Isotopes of Gold &#8211; Silver Ores from Rosia Montana (Romania): a first step of metal filiation study of Roman Mining Activity in Alburnus Maior (Roman Dacia). <em>Journal of Archaeological Science<\/em>, 38, 1090-1100.<br><strong>2011<\/strong> \u2013 Baron (S.), Coustures (M.-P.), B\u00e9ziat (D.), Gu\u00e9rin (M.), Huez (J.) and Robbiola (L.) : Lingots de plomb et barres de fer des \u00e9paves romaines des Saintes-Maries-de-la-Mer (Bouches-du-Rh\u00f4ne, France) : Questions de tra\u00e7abilit\u00e9 compar\u00e9e. <em>Revue Arch\u00e9ologique de Narbonnaise<\/em>, 44, 71-98.<\/p>\n\n\n\n<p><strong>Programmes internationaux et nationaux :<\/strong><\/p>\n\n\n\n<p>&#8211; Mines d&rsquo;or et d&rsquo;argent romaines d&rsquo;Alburnus Maior (Rosia Montana, Roumanie), resp. B. Cauuet (TRACES &#8211; Rosia Montana Gold Corporation, Roumanie), 2000-\u2026<br>&#8211; Mines et m\u00e9tallurgie du plomb-argent \u00e0 l&rsquo;\u00e9poque romaine \u00e0 Carthag\u00e8ne (Espagne), resp. Ch. Rico (TRACES-Casa de Vel\u00e1zquez, MAE), 2008-&#8230;<br>&#8211; Mines et m\u00e9tallurgies dans l\u2019anti atlas marocain aux p\u00e9riodes m\u00e9di\u00e9vales, resp. S. Baron (TRACES-MAE), 2011-\u2026<br>&#8211; ANR JCJC SIDERENT, Sid\u00e9rurgie et Environnement au Togo (Protohistoire et Histoire), resp. C. Robion-Brunner (ANR &#8211; 2013-2016).<br>&#8211; ANR MINEMET, Mines d&rsquo;or et d&rsquo;\u00e9tain protohistoriques en Limousin, Morvan et Cerdagne, resp. B. Cauuet. (ANR 2012-2015).<br>&#8211; Le Fer dans le Tarn aux p\u00e9riodes anciennes (diachronique), resp. A. Philippini (TRACES- Minist\u00e8re de la Culture \u2013 SRA Midi-Pyr\u00e9n\u00e9es, programme de prospection th\u00e9matique), 2011-\u2026<br>&#8211; Le Verre antique et du haut Moyen Age dans le sud-ouest de la France, resp. M.-T. Marty (TRACES \u2013 diff\u00e9rents partenaires Universit\u00e9s, soci\u00e9t\u00e9s priv\u00e9es et collectivit\u00e9s territoriales), 2001-\u2026<\/p>\n","protected":false},"excerpt":{"rendered":"<p>Responsables\u00a0: Marie-Pierre COUSTURES Pr\u00e9sentation&nbsp;:Cette th\u00e8que est principalement constitu\u00e9e d\u2019une banque de donn\u00e9es mat\u00e9rielles sur le verre arch\u00e9ologique des p\u00e9riodes de l\u2019Antiquit\u00e9 et du Moyen \u00c2ge (IIe&nbsp;s. av. n. \u00e8. au XVe&nbsp;s.) et sur les m\u00e9taux anciens (or, cuivre, \u00e9tain, bronze, &hellip; <a href=\"https:\/\/blogs.univ-tlse2.fr\/archeoscience\/a3-verre-et-metal\/\">Continuer la lecture <span class=\"meta-nav\">&rarr;<\/span><\/a><\/p>\n","protected":false},"author":1421,"featured_media":0,"parent":0,"menu_order":0,"comment_status":"closed","ping_status":"closed","template":"","meta":{"footnotes":""},"class_list":["post-45","page","type-page","status-publish","hentry"],"_links":{"self":[{"href":"https:\/\/blogs.univ-tlse2.fr\/archeoscience\/wp-json\/wp\/v2\/pages\/45","targetHints":{"allow":["GET"]}}],"collection":[{"href":"https:\/\/blogs.univ-tlse2.fr\/archeoscience\/wp-json\/wp\/v2\/pages"}],"about":[{"href":"https:\/\/blogs.univ-tlse2.fr\/archeoscience\/wp-json\/wp\/v2\/types\/page"}],"author":[{"embeddable":true,"href":"https:\/\/blogs.univ-tlse2.fr\/archeoscience\/wp-json\/wp\/v2\/users\/1421"}],"replies":[{"embeddable":true,"href":"https:\/\/blogs.univ-tlse2.fr\/archeoscience\/wp-json\/wp\/v2\/comments?post=45"}],"version-history":[{"count":7,"href":"https:\/\/blogs.univ-tlse2.fr\/archeoscience\/wp-json\/wp\/v2\/pages\/45\/revisions"}],"predecessor-version":[{"id":419,"href":"https:\/\/blogs.univ-tlse2.fr\/archeoscience\/wp-json\/wp\/v2\/pages\/45\/revisions\/419"}],"wp:attachment":[{"href":"https:\/\/blogs.univ-tlse2.fr\/archeoscience\/wp-json\/wp\/v2\/media?parent=45"}],"curies":[{"name":"wp","href":"https:\/\/api.w.org\/{rel}","templated":true}]}}

A3 &#8211; Thèque Verre et Métal

<div class="wp-block-image">
<figure class="alignright size-large is-resized"><img loading="lazy" decoding="async" width="1024" height="403" src="https://blogs.univ-tlse2.fr/archeoscience/files/2024/04/metallotheque-1024x403.jpg" alt="" class="wp-image-210" style="width:278px;height:auto" srcset="https://blogs.univ-tlse2.fr/archeoscience/files/2024/04/metallotheque-1024x403.jpg 1024w, https://blogs.univ-tlse2.fr/archeoscience/files/2024/04/metallotheque-300x118.jpg 300w, https://blogs.univ-tlse2.fr/archeoscience/files/2024/04/metallotheque-768x302.jpg 768w, https://blogs.univ-tlse2.fr/archeoscience/files/2024/04/metallotheque.jpg 1447w" sizes="auto, (max-width: 1024px) 100vw, 1024px" /></figure>
</div>


<figure class="wp-block-image size-large is-resized"><img loading="lazy" decoding="async" width="1024" height="437" src="https://blogs.univ-tlse2.fr/archeoscience/files/2024/04/verrotheque-1024x437.jpg" alt="" class="wp-image-211" style="width:269px;height:auto" srcset="https://blogs.univ-tlse2.fr/archeoscience/files/2024/04/verrotheque-1024x437.jpg 1024w, https://blogs.univ-tlse2.fr/archeoscience/files/2024/04/verrotheque-300x128.jpg 300w, https://blogs.univ-tlse2.fr/archeoscience/files/2024/04/verrotheque-768x328.jpg 768w, https://blogs.univ-tlse2.fr/archeoscience/files/2024/04/verrotheque.jpg 1310w" sizes="auto, (max-width: 1024px) 100vw, 1024px" /></figure>



<p><strong>Responsables</strong> : <a href="https://traces.univ-tlse2.fr/accueil/equipes-et-ateliers/les-metaux-economie-et-techniques-par-larcheologie-et-le-laboratoire/marie-pierre-coustures" target="_blank" rel="noreferrer noopener">Marie-Pierre COUSTURES</a></p>



<p><strong>Présentation&nbsp;:</strong><br>Cette thèque est principalement constituée d’une banque de données matérielles sur le verre archéologique des périodes de l’Antiquité et du Moyen Âge (II<sup>e</sup>&nbsp;s. av. n. è. au XV<sup>e</sup>&nbsp;s.) et sur les métaux anciens (or, cuivre, étain, bronze, argent, plomb, fer) de la Protohistoire au Moyen Âge. Ces référentiels seront composés de fragments (verre brut, vaisselle, contenants, vitres, scories, barres de fer&#8230;) issus de collections archéologiques et expérimentales mises en dépôt, selon conventions, par des musées ou des centres de conservation et d’étude (CCE) et, pour le verre, de reproductions de formes antiques et médiévales acquises par TRACES auprès d’un maître-verrier.</p>



<p><em>Nota bene : <a href="https://blogs.univ-tlse2.fr/archeoscience/files/2024/04/Charte_A3.pdf" target="_blank" rel="noreferrer noopener">charte d&rsquo;utilisation de la thèque A3.&nbsp;Thèque métal et verre</a></em>.</p>



<figure class="wp-block-image"><img decoding="async" src="https://traces.univ-tlse2.fr/medias/photo/ill-theque-verre-metal-plateforme-2_1530526449773-jpg?ID_FICHE=197778" alt="" /></figure>



<p><em>Verre brut vert olive (Ve s.) produit en Égypte, découvert à la villa de Valentine (Haute-Garonne) ©&nbsp;J.-F.&nbsp;Peiré, DRAC Occitanie.</em></p>



<p><strong>Pourquoi un espace dédié et quelle utilisation en archéologie ?</strong><br>* Nécessité de voir et toucher des matériaux de référence.<br>* Pallier le manque de verres et de métaux archéologiques dans les musées de la région.<br>* Mettre à disposition les outils typologiques, les matériels d’observation (binoculaire et microscope optique) et de mesures dédiées à ces matériaux spécifiques.<br>* Conservation d’échantillons de référence (sections polies, lames minces, poudres préparées pour l’analyse chimique élémentaire ou isotopique) qui pourront être ré-analysés en fonction de l’évolution des techniques analytiques.</p>



<figure class="wp-block-image"><img decoding="async" src="https://traces.univ-tlse2.fr/medias/photo/ill-theque-verre-metal-plateforme-1_1530526401471-jpg?ID_FICHE=197778" alt="" /></figure>



<p><em>Verres du secteur nord de la domus de Cieutat à Éauze (Gers) ©&nbsp;S.&nbsp;Larroque.</em></p>



<p><strong>Quelle évolution&nbsp;?</strong><br>* Avancée des travaux typologiques et archéométriques permettant des identifications de formes et de datations plus précises (ex. VEINAR) pour le verre et de chaîne opératoires pour les métaux. Ces deux matériaux sont de plus en plus reconnus comme des marqueurs chronologiques, techniques, économiques, sociaux et culturels.<br>* Nécessité de former des archéologues spécialistes trop peu nombreux sur des matériaux tels que le verre et les métaux anciens.</p>



<figure class="wp-block-image"><img decoding="async" src="https://traces.univ-tlse2.fr/medias/photo/ill-theque-metal-et-verre_1540982307217-jpg?ID_FICHE=197778" alt="" /></figure>



<p><em>1.&nbsp;Archéothèque Métal Verre ©&nbsp;M.&nbsp;Brochot&nbsp;; 2.&nbsp;copies de verres antiques et médiévaux ©&nbsp;M.-T.&nbsp;Marty, A.&nbsp;Guillot&nbsp;; 3.&nbsp;lingots de plomb, épaves romaines des Saintes-Maries-de-la Mer (Bouches-du-Rhône) ©&nbsp;S.&nbsp;Baron&nbsp;; 4.&nbsp;lame mince de minerai de fer oolithique, vue au microscope ©&nbsp;M.-P.&nbsp;Coustures&nbsp;; 5.&nbsp;Bloc de verre brut vert olive produit en Égypte au V<sup>e</sup>&nbsp;s., découvert à la villa de Valentine (Haute-Garonne) ©&nbsp;J.-F.&nbsp;Péiré.</em></p>



<p><strong><br>Partenariats et contacts – Métal :</strong><br>GET &#8211; UMR 5563 (CNRS, UT3, IRD, CNES) ; CIRIMAT – UMR 5085 (CNRS, UT3, INP Toulouse) ; CEMES – UPR 8011 CNRS ; Ecolab &#8211; UMR 5245 (CNRS, UT3, INP Toulouse) ; Centre de MicroCaractérisation Raimond Castaing &#8211; UMS 3623.</p>



<p><strong>Partenariats et contacts – Verre :</strong><br>Ausonius &#8211; UMR 5607 (CNRS, Bordeaux3) ; IRAMAT &#8211; UMR 5060 (CNRS, université d’Orléans) ; Allain Guillot, maître verrier, Boisse (24) ; CCE du SRA Midi-Pyrénées ; Musée Fenaille (Rodez) ; Archéosite de Montans ; Musée Saint Raymond, musée des Antiques de Toulouse ; Materia Viva, laboratoire de conservation et restauration, Toulouse.<br><strong><br>Publications en lien avec l’Archéothèque Métal et Verre :</strong></p>



<p><strong>2018</strong> – <em>Copies de verres antiques et médiévaux : une expérimentation pour la verrothèque du laboratoire TRACES à Toulouse. Présentation de la verrothèque</em> par M.-T. Marty et A. Guillot aux 33e rencontres de l’Association Française pour l’Archéologie du Verre, 12-13/10/2018, Musée/Centre d’art du verre, Carmaux, Tarn.<br><strong>2018</strong> – Foy (D.), Labaune-Jean (F.), Leblond (C.), Martin Pruvot (C.), Marty (M.-Th.), Massart (C.), Munier (C.), Robin (L.), Roussel-Ode (J.) : Verres incolores de l’Antiquité romaine en Gaule et aux marges de la Gaule : Vol. 1 Assemblages, Vol. 2 Typologie et Analyses, <em>Archaeopress Roman Archaeology</em> 42, Oxford, 2018.<br><strong>2018</strong> – Milot (J.), Baron (S.) and Poitrasson (F.) : Potential use of Fe isotopes for ancient non-ferrous metals tracing through the example of a lead-silver production site (Imiter mine, Anti-Atlas, Morocco). <em>Journal of Archaeological Science</em>, 98, 22-33.<br><strong>2011</strong> – Baron (S.), Tamas (C. G.), Cauuet (B.) and Munoz (M.) : Lead Isotopes of Gold &#8211; Silver Ores from Rosia Montana (Romania): a first step of metal filiation study of Roman Mining Activity in Alburnus Maior (Roman Dacia). <em>Journal of Archaeological Science</em>, 38, 1090-1100.<br><strong>2011</strong> – Baron (S.), Coustures (M.-P.), Béziat (D.), Guérin (M.), Huez (J.) and Robbiola (L.) : Lingots de plomb et barres de fer des épaves romaines des Saintes-Maries-de-la-Mer (Bouches-du-Rhône, France) : Questions de traçabilité comparée. <em>Revue Archéologique de Narbonnaise</em>, 44, 71-98.</p>



<p><strong>Programmes internationaux et nationaux :</strong></p>



<p>&#8211; Mines d&rsquo;or et d&rsquo;argent romaines d&rsquo;Alburnus Maior (Rosia Montana, Roumanie), resp. B. Cauuet (TRACES &#8211; Rosia Montana Gold Corporation, Roumanie), 2000-…<br>&#8211; Mines et métallurgie du plomb-argent à l&rsquo;époque romaine à Carthagène (Espagne), resp. Ch. Rico (TRACES-Casa de Velázquez, MAE), 2008-&#8230;<br>&#8211; Mines et métallurgies dans l’anti atlas marocain aux périodes médiévales, resp. S. Baron (TRACES-MAE), 2011-…<br>&#8211; ANR JCJC SIDERENT, Sidérurgie et Environnement au Togo (Protohistoire et Histoire), resp. C. Robion-Brunner (ANR &#8211; 2013-2016).<br>&#8211; ANR MINEMET, Mines d&rsquo;or et d&rsquo;étain protohistoriques en Limousin, Morvan et Cerdagne, resp. B. Cauuet. (ANR 2012-2015).<br>&#8211; Le Fer dans le Tarn aux périodes anciennes (diachronique), resp. A. Philippini (TRACES- Ministère de la Culture – SRA Midi-Pyrénées, programme de prospection thématique), 2011-…<br>&#8211; Le Verre antique et du haut Moyen Age dans le sud-ouest de la France, resp. M.-T. Marty (TRACES – différents partenaires Universités, sociétés privées et collectivités territoriales), 2001-…</p>

<p>Responsables : Marie-Pierre COUSTURES Présentation&nbsp;:Cette thèque est principalement constituée d’une banque de données matérielles sur le verre archéologique des périodes de l’Antiquité et du Moyen Âge (IIe&nbsp;s. av. n. è. au XVe&nbsp;s.) et sur les métaux anciens (or, cuivre, étain, bronze, &hellip; <a href="https://blogs.univ-tlse2.fr/archeoscience/a3-verre-et-metal/">Continuer la lecture <span class="meta-nav">&rarr;</span></a></p>
