 {"id":45,"date":"2020-05-08T22:51:38","date_gmt":"2020-05-08T20:51:38","guid":{"rendered":"https:\/\/blogs.univ-tlse2.fr\/atelier-informatique\/?page_id=45"},"modified":"2024-02-01T06:50:40","modified_gmt":"2024-02-01T05:50:40","slug":"gabarit-ut2j","status":"publish","type":"page","link":"https:\/\/blogs.univ-tlse2.fr\/atelier-informatique\/gabarit-ut2j\/","title":{"rendered":"Mod\u00e8le de Th\u00e8se UT2J"},"content":{"rendered":"\n<ul class=\"wp-block-list\">\n<li><strong>Il s\u2019agit d\u2019une <span class=\"has-inline-color has-black-color\">structure de document con\u00e7u pour aider les doctorants \u00e0 r\u00e9diger leur th\u00e8se tout en la mettant en forme<\/span>. De plus, ce fichier sous Word, propose une  normalisation en ad\u00e9quation avec les bonnes pratiques des logiciels de traitement de texte ainsi que les r\u00e8gles de typographie&nbsp;<\/strong><\/li>\n\n\n\n<li><strong>Cette nouvelle version int\u00e8gre la couverture officialis\u00e9e en janvier 2024<\/strong><\/li>\n\n\n\n<li>Conseil : r\u00e9cup\u00e9rer les informations donn\u00e9es sur le formulaire \u00ab\u00a0couverture\u00a0\u00bb en pdf sur votre compte ADUM, puis les ins\u00e9rer sur ce mod\u00e8le.<\/li>\n<\/ul>\n\n\n\n<p><strong>Ici le mod\u00e8le pour l&rsquo;int\u00e9gralit\u00e9 du m\u00e9moire<\/strong><br><a href=\"https:\/\/blogs.univ-tlse2.fr\/atelier-informatique\/files\/2024\/02\/Modele-These-UT2J-Janv-2024.dotx\">https:\/\/blogs.univ-tlse2.fr\/atelier-informatique\/files\/2024\/02\/Modele-These-UT2J-Janv-2024.dotx<\/a> (.dotx)<\/p>\n\n\n\n<p><\/p>\n\n\n\n<p><\/p>\n\n\n\n<p><\/p>\n\n\n\n<p>Pour tout renseignements n&rsquo;h\u00e9sitez pas \u00e0 me contacter<\/p>\n\n\n\n<p>MLM<\/p>\n\n\n\n<figure class=\"wp-block-image\"><a href=\"https:\/\/blogs.univ-tlse2.fr\/atelier-informatique\/files\/2016\/03\/LogoRouge36.png\"><img loading=\"lazy\" decoding=\"async\" width=\"61\" height=\"61\" src=\"https:\/\/blogs.univ-tlse2.fr\/atelier-informatique\/files\/2016\/03\/LogoRouge36.png\" alt=\"\" class=\"wp-image-55\" \/><\/a><\/figure>\n","protected":false},"excerpt":{"rendered":"<p>Ici le mod\u00e8le pour l&rsquo;int\u00e9gralit\u00e9 du m\u00e9moirehttps:\/\/blogs.univ-tlse2.fr\/atelier-informatique\/files\/2024\/02\/Modele-These-UT2J-Janv-2024.dotx (.dotx) Pour tout renseignements n&rsquo;h\u00e9sitez pas \u00e0 me contacter MLM<\/p>\n","protected":false},"author":80,"featured_media":0,"parent":0,"menu_order":1,"comment_status":"closed","ping_status":"closed","template":"","meta":{"footnotes":""},"class_list":["post-45","page","type-page","status-publish","hentry"],"_links":{"self":[{"href":"https:\/\/blogs.univ-tlse2.fr\/atelier-informatique\/wp-json\/wp\/v2\/pages\/45","targetHints":{"allow":["GET"]}}],"collection":[{"href":"https:\/\/blogs.univ-tlse2.fr\/atelier-informatique\/wp-json\/wp\/v2\/pages"}],"about":[{"href":"https:\/\/blogs.univ-tlse2.fr\/atelier-informatique\/wp-json\/wp\/v2\/types\/page"}],"author":[{"embeddable":true,"href":"https:\/\/blogs.univ-tlse2.fr\/atelier-informatique\/wp-json\/wp\/v2\/users\/80"}],"replies":[{"embeddable":true,"href":"https:\/\/blogs.univ-tlse2.fr\/atelier-informatique\/wp-json\/wp\/v2\/comments?post=45"}],"version-history":[{"count":30,"href":"https:\/\/blogs.univ-tlse2.fr\/atelier-informatique\/wp-json\/wp\/v2\/pages\/45\/revisions"}],"predecessor-version":[{"id":266,"href":"https:\/\/blogs.univ-tlse2.fr\/atelier-informatique\/wp-json\/wp\/v2\/pages\/45\/revisions\/266"}],"wp:attachment":[{"href":"https:\/\/blogs.univ-tlse2.fr\/atelier-informatique\/wp-json\/wp\/v2\/media?parent=45"}],"curies":[{"name":"wp","href":"https:\/\/api.w.org\/{rel}","templated":true}]}}