 {"id":216,"date":"2010-11-22T16:48:39","date_gmt":"2010-11-22T15:48:39","guid":{"rendered":"https:\/\/blogs.univ-tlse2.fr\/bca\/?page_id=216"},"modified":"2013-12-20T10:21:52","modified_gmt":"2013-12-20T09:21:52","slug":"contexte-historique","status":"publish","type":"page","link":"https:\/\/blogs.univ-tlse2.fr\/bca\/le-projet\/contexte-historique\/","title":{"rendered":"Contexte historique"},"content":{"rendered":"<p>En 1938, Th\u00e9odore Monod est affect\u00e9 \u00e0 Dakar pour diriger un institut   de recherche. Sous son impulsion, l\u2019Institut Fran\u00e7ais d\u2019Afrique Noire   (IFAN), devenu \u00e0 l\u2019ind\u00e9pendance du S\u00e9n\u00e9gal Institut Fondamental   d\u2019Afrique Noire  sera le plus grand centre de ressources scientifiques   de l\u2019Afrique occidentale fran\u00e7aise  dans les disciplines des sciences   naturelles et des sciences humaines. Par ailleurs on y retrouve de   vastes collections de plantes, d\u2019animaux, de mat\u00e9riels ethnologiques et   arch\u00e9ologiques&#8230;  Lorsqu\u2019en 1965 Th\u00e9odore Monod quitte Dakar, il  laisse  aux chercheurs africains et \u00e0 tous les africanistes un  formidable outil  de travail.<\/p>\n<p>Aujourd\u2019hui les fonds iconographiques, par exemple, comptent plus de   130000 pi\u00e8ces r\u00e9parties en photographies, n\u00e9gatifs et plaques de verre,   les fonds audiovisuels comprennent quant \u00e0 eux 150 disques 78 tours,  118  bandes magn\u00e9tiques, 63 films et 162 bandes vid\u00e9o.<\/p>\n<p>En 2008 l\u2019IFAN aura 70 ans et les responsables scientifiques et   administratifs de cet Institut, comme ceux de l\u2019Universit\u00e9 Cheikh Anta   Diop de Dakar ont la ferme volont\u00e9 de sauvegarder, valoriser et mettre \u00e0   disposition ces fonds ethnographiques uniques en combinant les  sciences  et techniques documentaires et les technologies de  l\u2019information et de  la communication.<\/p>\n","protected":false},"excerpt":{"rendered":"<p>En 1938, Th\u00e9odore Monod est affect\u00e9 \u00e0 Dakar pour diriger un institut   de recherche. Sous son impulsion, l\u2019Institut Fran\u00e7ais d\u2019Afrique Noire   (IFAN), devenu \u00e0 l\u2019ind\u00e9pendance du S\u00e9n\u00e9gal Institut Fondamental   d\u2019Afrique Noire  sera le plus grand centre de ressources scientifiques   de l\u2019Afrique occidentale fran\u00e7aise  dans les disciplines des sciences   naturelles et des sciences humaines. Par ailleurs on y retrouve de   vastes collections de plantes, d\u2019animaux, de mat\u00e9riels ethnologiques et   arch\u00e9ologiques&#8230;  Lorsqu\u2019en 1965 Th\u00e9odore Monod &#8230;<\/p>\n","protected":false},"author":1,"featured_media":0,"parent":211,"menu_order":0,"comment_status":"closed","ping_status":"closed","template":"","meta":{"footnotes":""},"class_list":["post-216","page","type-page","status-publish","hentry"],"_links":{"self":[{"href":"https:\/\/blogs.univ-tlse2.fr\/bca\/wp-json\/wp\/v2\/pages\/216","targetHints":{"allow":["GET"]}}],"collection":[{"href":"https:\/\/blogs.univ-tlse2.fr\/bca\/wp-json\/wp\/v2\/pages"}],"about":[{"href":"https:\/\/blogs.univ-tlse2.fr\/bca\/wp-json\/wp\/v2\/types\/page"}],"author":[{"embeddable":true,"href":"https:\/\/blogs.univ-tlse2.fr\/bca\/wp-json\/wp\/v2\/users\/1"}],"replies":[{"embeddable":true,"href":"https:\/\/blogs.univ-tlse2.fr\/bca\/wp-json\/wp\/v2\/comments?post=216"}],"version-history":[{"count":1,"href":"https:\/\/blogs.univ-tlse2.fr\/bca\/wp-json\/wp\/v2\/pages\/216\/revisions"}],"predecessor-version":[{"id":217,"href":"https:\/\/blogs.univ-tlse2.fr\/bca\/wp-json\/wp\/v2\/pages\/216\/revisions\/217"}],"up":[{"embeddable":true,"href":"https:\/\/blogs.univ-tlse2.fr\/bca\/wp-json\/wp\/v2\/pages\/211"}],"wp:attachment":[{"href":"https:\/\/blogs.univ-tlse2.fr\/bca\/wp-json\/wp\/v2\/media?parent=216"}],"curies":[{"name":"wp","href":"https:\/\/api.w.org\/{rel}","templated":true}]}}