 {"id":219,"date":"2010-11-22T16:49:24","date_gmt":"2010-11-22T15:49:24","guid":{"rendered":"https:\/\/blogs.univ-tlse2.fr\/bca\/?page_id=219"},"modified":"2013-12-20T10:21:52","modified_gmt":"2013-12-20T09:21:52","slug":"contexte-educatif","status":"publish","type":"page","link":"https:\/\/blogs.univ-tlse2.fr\/bca\/le-projet\/contexte-educatif\/","title":{"rendered":"Contexte \u00e9ducatif"},"content":{"rendered":"<p>Sign\u00e9e en 2000, la convention de coop\u00e9ration entre l\u2019Universit\u00e9   Cheikh Anta DIOP et l\u2019Universit\u00e9 de Toulouse-Le Mirail a pris un nouvel   essor avec la venue d\u2019une d\u00e9l\u00e9gation s\u00e9n\u00e9galaise conduite par le Pr.   Abdou Salam Sall, Recteur de l\u2019UCAD, en mai 2004.<\/p>\n<p>Les deux universit\u00e9s et l\u2019ensemble des universit\u00e9s toulousaines ont   souhait\u00e9 renforcer cette coop\u00e9ration en mati\u00e8re de patrimoine et de   documentation. De part son exp\u00e9rience en mati\u00e8re de technologies de   l\u2019information et sa ma\u00eetrise de la num\u00e9risation des fonds historiques,   l\u2019Universit\u00e9 de Toulouse-Le Mirail souhaite accompagner l\u2019IFAN dans son   projet de sauvegarde et de valorisation des fonds. Cette d\u00e9marche qui   associe la culture, les biblioth\u00e8ques et la technologie sera avantageuse   et pertinente car elle va f\u00e9d\u00e9rer les travaux d\u2019acteurs comp\u00e9tents   venus d\u2019horizons diff\u00e9rents.<\/p>\n","protected":false},"excerpt":{"rendered":"<p>Sign\u00e9e en 2000, la convention de coop\u00e9ration entre l\u2019Universit\u00e9   Cheikh Anta DIOP et l\u2019Universit\u00e9 de Toulouse-Le Mirail a pris un nouvel   essor avec la venue d\u2019une d\u00e9l\u00e9gation s\u00e9n\u00e9galaise conduite par le Pr.   Abdou Salam Sall, Recteur de l\u2019UCAD, en mai 2004.<br \/>\nLes deux universit\u00e9s et l\u2019ensemble des universit\u00e9s toulousaines ont   souhait\u00e9 renforcer cette coop\u00e9ration en mati\u00e8re de patrimoine et de   documentation. De part son exp\u00e9rience en mati\u00e8re de technologies de   l\u2019information et sa ma\u00eetrise de la num\u00e9risation des fonds &#8230;<\/p>\n","protected":false},"author":1,"featured_media":0,"parent":211,"menu_order":0,"comment_status":"closed","ping_status":"closed","template":"","meta":{"footnotes":""},"class_list":["post-219","page","type-page","status-publish","hentry"],"_links":{"self":[{"href":"https:\/\/blogs.univ-tlse2.fr\/bca\/wp-json\/wp\/v2\/pages\/219","targetHints":{"allow":["GET"]}}],"collection":[{"href":"https:\/\/blogs.univ-tlse2.fr\/bca\/wp-json\/wp\/v2\/pages"}],"about":[{"href":"https:\/\/blogs.univ-tlse2.fr\/bca\/wp-json\/wp\/v2\/types\/page"}],"author":[{"embeddable":true,"href":"https:\/\/blogs.univ-tlse2.fr\/bca\/wp-json\/wp\/v2\/users\/1"}],"replies":[{"embeddable":true,"href":"https:\/\/blogs.univ-tlse2.fr\/bca\/wp-json\/wp\/v2\/comments?post=219"}],"version-history":[{"count":2,"href":"https:\/\/blogs.univ-tlse2.fr\/bca\/wp-json\/wp\/v2\/pages\/219\/revisions"}],"predecessor-version":[{"id":221,"href":"https:\/\/blogs.univ-tlse2.fr\/bca\/wp-json\/wp\/v2\/pages\/219\/revisions\/221"}],"up":[{"embeddable":true,"href":"https:\/\/blogs.univ-tlse2.fr\/bca\/wp-json\/wp\/v2\/pages\/211"}],"wp:attachment":[{"href":"https:\/\/blogs.univ-tlse2.fr\/bca\/wp-json\/wp\/v2\/media?parent=219"}],"curies":[{"name":"wp","href":"https:\/\/api.w.org\/{rel}","templated":true}]}}