 {"id":226,"date":"2010-11-22T16:50:52","date_gmt":"2010-11-22T15:50:52","guid":{"rendered":"https:\/\/blogs.univ-tlse2.fr\/bca\/?page_id=226"},"modified":"2013-12-20T10:21:52","modified_gmt":"2013-12-20T09:21:52","slug":"objectifs","status":"publish","type":"page","link":"https:\/\/blogs.univ-tlse2.fr\/bca\/le-projet\/objectifs\/","title":{"rendered":"Objectifs"},"content":{"rendered":"<p>Le principal objectif de ce projet est pr\u00e9cis\u00e9ment la mise en valeur \u00e0   des fins \u00e9ducatives, scientifiques et culturelles de l\u2019ensemble   num\u00e9ris\u00e9 du fonds textuel, iconographique et audiovisuel de l\u2019IFAN.   Cette entreprise sera concr\u00e9tis\u00e9e par :<\/p>\n<ol>\n<li>\n<ol>\n<li>la mise en ligne de ces documents sous la forme d\u2019une banque  de  ressources pluri m\u00e9dias, index\u00e9es et accessibles aux communaut\u00e9s de   scientifiques concern\u00e9s selon un protocole qu\u2019il reste \u00e0 d\u00e9finir<\/li>\n<li>la  cr\u00e9ation d\u2019un site Internet \u00ab vitrine \u00bb grand public qui offrira  sous  forme sc\u00e9naris\u00e9e un large \u00e9chantillon (basse r\u00e9solution) de ces   collections, qui sera \u00e9galement la porte d\u2019entr\u00e9e vers la banque pluri   m\u00e9dia pour l\u2019exploitation professionnelle des documents num\u00e9ris\u00e9s (haute   r\u00e9solution)<\/li>\n<li>le lancement d\u2019une s\u00e9rie de programmes p\u00e9dagogiques  utilisant comme  support d\u2019enseignement une s\u00e9lection de ces documents.  Les mati\u00e8res  pressenties dans un premier temps sont l\u2019histoire, la  g\u00e9ographie et les  sciences humaines.<\/li>\n<\/ol>\n<\/li>\n<\/ol>\n<p>La valorisation sera r\u00e9fl\u00e9chie et r\u00e9alis\u00e9e dans l\u2019optique d\u2019une   exploitation ais\u00e9e et optimale des ressources par tous les publics   cibl\u00e9s. Elle sera accompagn\u00e9e d\u2019actions de communication aupr\u00e8s des   associations, institutions ou organismes gouvernementaux concern\u00e9s.   Chaque acteur du projet sera invit\u00e9 \u00e0 jouer le r\u00f4le de diffuseur aupr\u00e8s   de ses r\u00e9seaux et partenaires naturels.<\/p>\n<p>Arriv\u00e9 \u00e0 son terme, ce projet esp\u00e8re, humblement, pouvoir servir de   r\u00e9f\u00e9rence scientifique en mati\u00e8re de valorisation et de diffusion du   savoir \u00e0 partir d\u2019archives iconographiques et audiovisuelles.<\/p>\n<p>Le but affich\u00e9 est un traitement exhaustif du fonds. Ce dernier est   imposant, et l\u2019anciennet\u00e9 et la diversit\u00e9 des supports le rendent   difficile \u00e0 appr\u00e9hender. La vari\u00e9t\u00e9 des actions \u00e0 mener (restauration,   num\u00e9risation, documentation, d\u00e9veloppement informatique, valorisation,   formation, etc.) suppose la participation coordonn\u00e9e de nombreux   sp\u00e9cialistes dans les domaines concern\u00e9s. Concr\u00e8tement cela se traduira   par le d\u00e9ploiement des outils informatiques sp\u00e9cifiques et par le   transfert de comp\u00e9tences associ\u00e9.<\/p>\n<p>Les objectifs sp\u00e9cifiques consistent :<\/p>\n<ol>\n<li>\n<ol>\n<li>\u00e0 doter l\u2019IFAN d\u2019un centre de num\u00e9risation moderne<\/li>\n<li>\u00e0 d\u00e9ployer sur l\u2019IFAN une plateforme de gestion documentaire et de diffusion des documents<\/li>\n<li>\u00e0  d\u00e9ployer sur l\u2019IFAN un espace de travail collaboratif en ligne,  lieu  d\u2019\u00e9change et de publication pour les chercheurs impliqu\u00e9s dans le   projet, et par la suite pour tous les scientifiques amen\u00e9s \u00e0 travailler   avec l\u2019IFAN (l\u2019id\u00e9e de cr\u00e9er une communaut\u00e9 de chercheurs du monde   entier autour de l\u2019IFAN n\u2019est pas loin)<\/li>\n<li>\u00e0 former son personnel  aux techniques de restauration, num\u00e9risation  et aux nouvelles  technologies appliqu\u00e9es au domaine de la gestion  documentaire<\/li>\n<li>\u00e0 d\u00e9finir sur l\u2019IFAN une strat\u00e9gie de conservation des documents restaur\u00e9s et de num\u00e9risation des documents entrant<\/li>\n<li>\u00e0 cr\u00e9er un p\u00f4le d\u2019excellence IFAN\/EBAD, susceptible d\u2019organiser des formations de pointe dans ces domaines<\/li>\n<li>\u00e0 \u00e9tablir un partenariat avec une soci\u00e9t\u00e9 priv\u00e9e locale pour la r\u00e9alisation des parties techniques du projet<\/li>\n<li>\u00e0 diss\u00e9miner les r\u00e9sultats des travaux scientifiques li\u00e9s au projet<\/li>\n<li>\u00e0 communiquer largement autour de ces nouvelles ressources et de ces nouveaux outils.<\/li>\n<\/ol>\n<\/li>\n<\/ol>\n","protected":false},"excerpt":{"rendered":"<p>Le principal objectif de ce projet est pr\u00e9cis\u00e9ment la mise en valeur \u00e0   des fins \u00e9ducatives, scientifiques et culturelles de l\u2019ensemble   num\u00e9ris\u00e9 du fonds textuel, iconographique et audiovisuel de l\u2019IFAN.   Cette entreprise sera concr\u00e9tis\u00e9e par :<\/p>\n<p>la mise en ligne de ces documents sous la forme d\u2019une banque  de  ressources pluri m\u00e9dias, index\u00e9es et accessibles aux communaut\u00e9s de   scientifiques concern\u00e9s selon un protocole qu\u2019il reste \u00e0 d\u00e9finir<br \/>\nla  cr\u00e9ation d\u2019un site Internet \u00ab vitrine \u00bb grand public qui offrira  sous &#8230;<\/p>\n","protected":false},"author":1,"featured_media":0,"parent":211,"menu_order":0,"comment_status":"closed","ping_status":"closed","template":"","meta":{"footnotes":""},"class_list":["post-226","page","type-page","status-publish","hentry"],"_links":{"self":[{"href":"https:\/\/blogs.univ-tlse2.fr\/bca\/wp-json\/wp\/v2\/pages\/226","targetHints":{"allow":["GET"]}}],"collection":[{"href":"https:\/\/blogs.univ-tlse2.fr\/bca\/wp-json\/wp\/v2\/pages"}],"about":[{"href":"https:\/\/blogs.univ-tlse2.fr\/bca\/wp-json\/wp\/v2\/types\/page"}],"author":[{"embeddable":true,"href":"https:\/\/blogs.univ-tlse2.fr\/bca\/wp-json\/wp\/v2\/users\/1"}],"replies":[{"embeddable":true,"href":"https:\/\/blogs.univ-tlse2.fr\/bca\/wp-json\/wp\/v2\/comments?post=226"}],"version-history":[{"count":1,"href":"https:\/\/blogs.univ-tlse2.fr\/bca\/wp-json\/wp\/v2\/pages\/226\/revisions"}],"predecessor-version":[{"id":227,"href":"https:\/\/blogs.univ-tlse2.fr\/bca\/wp-json\/wp\/v2\/pages\/226\/revisions\/227"}],"up":[{"embeddable":true,"href":"https:\/\/blogs.univ-tlse2.fr\/bca\/wp-json\/wp\/v2\/pages\/211"}],"wp:attachment":[{"href":"https:\/\/blogs.univ-tlse2.fr\/bca\/wp-json\/wp\/v2\/media?parent=226"}],"curies":[{"name":"wp","href":"https:\/\/api.w.org\/{rel}","templated":true}]}}