 {"id":254,"date":"2010-11-22T17:05:48","date_gmt":"2010-11-22T16:05:48","guid":{"rendered":"https:\/\/blogs.univ-tlse2.fr\/bca\/?page_id=254"},"modified":"2013-12-20T10:21:52","modified_gmt":"2013-12-20T09:21:52","slug":"session-2","status":"publish","type":"page","link":"https:\/\/blogs.univ-tlse2.fr\/bca\/colloque-nov-2007\/resumes-des-communications\/session-2\/","title":{"rendered":"Session 2"},"content":{"rendered":"<h3>Approche th\u00e9orique des questions de pr\u00e9servation\u00a0 et de sauvegarde de patrimoines<\/h3>\n<p><em>Mbaye Thiam<\/em><\/p>\n<p>En mettant en place, il ya quelques ann\u00e9es, un comit\u00e9 conjoint sur la pr\u00e9servation et la sauvegarde des fonds patrimoniaux dans les pays en d\u00e9veloppement, le Conseil International des archives (CIA) et la F\u00e9d\u00e9ration  Internationale des associations de biblioth\u00e9caires et des biblioth\u00e8ques (IFLA) ont r\u00e9solument mis l\u2019accent sur la probl\u00e9matique de la conservation des fonds documentaires en Afrique.<\/p>\n<p>En effet, dans les pays en d\u00e9veloppement, plusieurs facteurs militent en faveur de la n\u00e9cessit\u00e9 de concevoir et de mettre en \u0153uvre des politiques de pr\u00e9servation comme pr\u00e9alable \u00e0 toute politique d\u2019information patrimoniale pour appuyer la science et la culture.<\/p>\n<p>Cette politique doit \u00eatre articul\u00e9e autour des perspectives suivantes\u00a0:<\/p>\n<ol>\n<li><strong>L\u2019\u00e9valuation<\/strong> correcte des fonds documentaires de patrimoine\u00a0: tout se qui brille n\u2019\u00e9tant pas forc\u00e9ment de l\u2019or, les ressources financi\u00e8res d\u00e9di\u00e9es \u00e9tant par ailleurs insuffisantes, tout investissement dans ce domaine doit \u00eatre fond\u00e9 sur une \u00e9valuation objective parce que scientifique, justifi\u00e9e par la qualit\u00e9 des fonds documentaires vis\u00e9s.<\/li>\n<li>L\u2019Adoption <strong>d\u2019une d\u00e9marche de qualit\u00e9<\/strong> en mati\u00e8re de pr\u00e9servation et de sauvegarde des fonds patrimoniaux divers,<\/li>\n<li><strong>La Formation<\/strong><strong> adapt\u00e9e<\/strong> des ressources humaines qualifi\u00e9es en la mati\u00e8re,<\/li>\n<li>La Cr\u00e9ation de <strong>r\u00e9seaux de solidarit\u00e9<\/strong> scientifique et professionnelle sur la pr\u00e9servation pour partager et mutualiser les d\u00e9marches convergentes r\u00e9ussies.<\/li>\n<\/ol>\n<p>Toutes ces questions et d\u2019autres, seront explor\u00e9es dans cette communication dont l\u2019un des objectifs majeurs est d\u2019aider \u00e0 fonder th\u00e9oriquement, donc concr\u00e8tement les approches nationales et sous r\u00e9gionales en mati\u00e8re de pr\u00e9servation et de sauvegarde des patrimoine dans un environnement hostile et marqu\u00e9 par des d\u00e9ficits de toute sorte.<\/p>\n<p>A partir de l\u2019exemple du S\u00e9n\u00e9gal, elle cherchera \u00e0 \u00e9clairer sur les enjeux, les contraintes, les exigences et les opportunit\u00e9s en mati\u00e8re de pr\u00e9servation et de sauvegarde des fonds documentaires de patrimoine.<\/p>\n<blockquote><p><sup>Mbaye Thiam est Professeur d&rsquo;Archivistique et de Gestion des documents administratifs, ancien directeur de l&rsquo;Ecole de Biblioth\u00e9caires, Archivistes et Documentalistes ( EBAD)<\/sup><\/p><\/blockquote>\n<h3>Les photographies patrimoniales\u00a0: pour une arch\u00e9ologie du visuel<\/h3>\n<p><em>Anne-Marie MOULIS<\/em><\/p>\n<p>Les photographies patrimoniales sont source d\u2019information et temoin d\u2019un espace et d\u2019une civilisation. Elles prennent toute leur dimension des lors qu\u2019elles sont contextualis\u00e9es et quelles peuvent etre analys\u00e9es dans l\u2019environnement qui a permis de les produire. Les photographies de l\u2019Ifan sont exemplaires de cette situation<\/p>\n<blockquote><p><sup>Anne-Marie Moulis est Ma\u00eetre de Conferences, Responsable de l\u2019option image au D\u00e9partement Archives et Mediath\u00e8ques \u00e0 l&rsquo;Universite de  Toulouse II-Le Mirail. Elle enseigne l&rsquo;histoire et l&rsquo;esth\u00e9tique du cinema, documentation audiovisuelle ( analyse documentaire des images,  cr\u00e9ation d\u2019une banque d\u2019image\u2026)<\/sup><\/p><\/blockquote>\n","protected":false},"excerpt":{"rendered":"<p>Approche th\u00e9orique des questions de pr\u00e9servation\u00a0 et de sauvegarde de patrimoines<br \/>\nMbaye Thiam<br \/>\nEn mettant en place, il ya quelques ann\u00e9es, un comit\u00e9 conjoint sur la pr\u00e9servation et la sauvegarde des fonds patrimoniaux dans les pays en d\u00e9veloppement, le Conseil International des archives (CIA) et la F\u00e9d\u00e9ration  Internationale des associations de biblioth\u00e9caires et des biblioth\u00e8ques (IFLA) ont r\u00e9solument mis l\u2019accent sur la probl\u00e9matique de la conservation des fonds documentaires en Afrique.<br \/>\nEn effet, dans les pays en d\u00e9veloppement, plusieurs facteurs militent en faveur de la n\u00e9cessit\u00e9 de concevoir et de mettre en &#8230;<\/p>\n","protected":false},"author":1,"featured_media":0,"parent":248,"menu_order":0,"comment_status":"closed","ping_status":"closed","template":"","meta":{"footnotes":""},"class_list":["post-254","page","type-page","status-publish","hentry"],"_links":{"self":[{"href":"https:\/\/blogs.univ-tlse2.fr\/bca\/wp-json\/wp\/v2\/pages\/254","targetHints":{"allow":["GET"]}}],"collection":[{"href":"https:\/\/blogs.univ-tlse2.fr\/bca\/wp-json\/wp\/v2\/pages"}],"about":[{"href":"https:\/\/blogs.univ-tlse2.fr\/bca\/wp-json\/wp\/v2\/types\/page"}],"author":[{"embeddable":true,"href":"https:\/\/blogs.univ-tlse2.fr\/bca\/wp-json\/wp\/v2\/users\/1"}],"replies":[{"embeddable":true,"href":"https:\/\/blogs.univ-tlse2.fr\/bca\/wp-json\/wp\/v2\/comments?post=254"}],"version-history":[{"count":1,"href":"https:\/\/blogs.univ-tlse2.fr\/bca\/wp-json\/wp\/v2\/pages\/254\/revisions"}],"predecessor-version":[{"id":255,"href":"https:\/\/blogs.univ-tlse2.fr\/bca\/wp-json\/wp\/v2\/pages\/254\/revisions\/255"}],"up":[{"embeddable":true,"href":"https:\/\/blogs.univ-tlse2.fr\/bca\/wp-json\/wp\/v2\/pages\/248"}],"wp:attachment":[{"href":"https:\/\/blogs.univ-tlse2.fr\/bca\/wp-json\/wp\/v2\/media?parent=254"}],"curies":[{"name":"wp","href":"https:\/\/api.w.org\/{rel}","templated":true}]}}