 {"id":189,"date":"2010-11-29T16:08:12","date_gmt":"2010-11-29T15:08:12","guid":{"rendered":"https:\/\/blogs.univ-tlse2.fr\/benoit-petit\/?page_id=189"},"modified":"2010-12-06T11:54:59","modified_gmt":"2010-12-06T10:54:59","slug":"publications","status":"publish","type":"page","link":"https:\/\/blogs.univ-tlse2.fr\/benoit-petit\/sociologie-du-fait-religieux\/publications\/","title":{"rendered":"Publications"},"content":{"rendered":"<p>Articles :<\/p>\n<p><a href=\"https:\/\/blogs.univ-tlse2.fr\/benoit-petit\/files\/2010\/11\/PETIT_-Fete-des-peuples-dec071.pdf\">F\u00eate des peuples <\/a><\/p>\n<p><a href=\"https:\/\/blogs.univ-tlse2.fr\/benoit-petit\/files\/2010\/11\/IslamTlse_diaporama_Sept10.pdfbenoit\">Islam Toulouse diaspora <\/a><\/p>\n<p><a href=\"https:\/\/blogs.univ-tlse2.fr\/benoit-petit\/files\/2010\/11\/PETIT_ASSR_Czetochowa_26nov09.pdf\">Czetochowa<\/a><\/p>\n<p><a href=\"https:\/\/blogs.univ-tlse2.fr\/benoit-petit\/files\/2010\/12\/AnDtRelg_2005.pdf\">Conseil r\u00e9gional du culte musulman<\/a><\/p>\n<p><a href=\"https:\/\/blogs.univ-tlse2.fr\/benoit-petit\/files\/2010\/12\/BordeauxP\u00e9riph\u00e9riestexte11_08.pdf\">Trois mosqu\u00e9es \u00e0 Toulouse <\/a><\/p>\n","protected":false},"excerpt":{"rendered":"<p>Articles : F\u00eate des peuples Islam Toulouse diaspora Czetochowa Conseil r\u00e9gional du culte musulman Trois mosqu\u00e9es \u00e0 Toulouse<\/p>\n","protected":false},"author":1,"featured_media":0,"parent":129,"menu_order":0,"comment_status":"closed","ping_status":"closed","template":"","meta":{"footnotes":"","_links_to":"","_links_to_target":""},"class_list":["post-189","page","type-page","status-publish","hentry"],"_links":{"self":[{"href":"https:\/\/blogs.univ-tlse2.fr\/benoit-petit\/wp-json\/wp\/v2\/pages\/189","targetHints":{"allow":["GET"]}}],"collection":[{"href":"https:\/\/blogs.univ-tlse2.fr\/benoit-petit\/wp-json\/wp\/v2\/pages"}],"about":[{"href":"https:\/\/blogs.univ-tlse2.fr\/benoit-petit\/wp-json\/wp\/v2\/types\/page"}],"author":[{"embeddable":true,"href":"https:\/\/blogs.univ-tlse2.fr\/benoit-petit\/wp-json\/wp\/v2\/users\/1"}],"replies":[{"embeddable":true,"href":"https:\/\/blogs.univ-tlse2.fr\/benoit-petit\/wp-json\/wp\/v2\/comments?post=189"}],"version-history":[{"count":4,"href":"https:\/\/blogs.univ-tlse2.fr\/benoit-petit\/wp-json\/wp\/v2\/pages\/189\/revisions"}],"predecessor-version":[{"id":194,"href":"https:\/\/blogs.univ-tlse2.fr\/benoit-petit\/wp-json\/wp\/v2\/pages\/189\/revisions\/194"}],"up":[{"embeddable":true,"href":"https:\/\/blogs.univ-tlse2.fr\/benoit-petit\/wp-json\/wp\/v2\/pages\/129"}],"wp:attachment":[{"href":"https:\/\/blogs.univ-tlse2.fr\/benoit-petit\/wp-json\/wp\/v2\/media?parent=189"}],"curies":[{"name":"wp","href":"https:\/\/api.w.org\/{rel}","templated":true}]}}