 {"id":233,"date":"2010-12-06T14:08:59","date_gmt":"2010-12-06T13:08:59","guid":{"rendered":"https:\/\/blogs.univ-tlse2.fr\/benoit-petit\/?page_id=233"},"modified":"2010-12-06T14:08:59","modified_gmt":"2010-12-06T13:08:59","slug":"sif","status":"publish","type":"page","link":"https:\/\/blogs.univ-tlse2.fr\/benoit-petit\/vie-associative\/sif\/","title":{"rendered":"SIF"},"content":{"rendered":"<p><a href=\"https:\/\/blogs.univ-tlse2.fr\/benoit-petit\/files\/2010\/12\/SIF01.jpg\"><img loading=\"lazy\" decoding=\"async\" class=\"aligncenter size-full wp-image-234\" title=\"SIF01\" src=\"https:\/\/blogs.univ-tlse2.fr\/benoit-petit\/files\/2010\/12\/SIF01.jpg\" alt=\"\" width=\"640\" height=\"558\" srcset=\"https:\/\/blogs.univ-tlse2.fr\/benoit-petit\/files\/2010\/12\/SIF01.jpg 640w, https:\/\/blogs.univ-tlse2.fr\/benoit-petit\/files\/2010\/12\/SIF01-300x261.jpg 300w\" sizes=\"auto, (max-width: 640px) 100vw, 640px\" \/><\/a><\/p>\n<p>La g\u00e9n\u00e9ration d\u2019apr\u00e8s guerre, et celle de Mai 68, tr\u00e8s marqu\u00e9e par son souci d\u2019engagement social, politique, associatif, religieux\u2026ressent, dans la soci\u00e9t\u00e9 actuelle, un d\u00e9sint\u00e9r\u00eat pour toutes ces formes d\u2019engagement. Elle le per\u00e7oit comme de l\u2019indiff\u00e9rence ; mais pour leur part, les nouvelles g\u00e9n\u00e9rations ne seraient-elles pas attentives \u00e0 d\u2019autres domaines et motiv\u00e9es par d\u2019autres moyens d\u2019action et de communication ?<\/p>\n<p>Comment mesurer l\u2019indiff\u00e9rence, avec quels indicateurs, selon quelles d\u00e9marches ?<\/p>\n<p>Pour apporter des r\u00e9ponses \u00e0 ces questions,<\/p>\n<p>nous donnerons la parole \u00e0 trois t\u00e9moins :<\/p>\n<p>\uf0b7 G\u00e9rard Poujade, Conseiller r\u00e9gional, Pr\u00e9sident de l\u2019Agence R\u00e9gionale Pour l\u2019Environnement, Maire du S\u00e9questre (81)<\/p>\n<p>\uf0b7 Beno\u00eet Petit, sociologue<\/p>\n<p>\uf0b7 Edouard Kovac, philosophe (\u00e0 confirmer)<\/p>\n<p>\uf0b7 Martine Martinel, D\u00e9put\u00e9e, Conseill\u00e8re g\u00e9n\u00e9rale, professeure \u00e0 l\u2019IUFM<\/p>\n<p>Ces interventions seront suivies d\u2019un temps consacr\u00e9 aux questions avec l\u2019auditoire, qui s\u2019ach\u00e8vera \u00e0 12h30, autour d\u2019un repas pour celles et ceux qui le d\u00e9sirent.<\/p>\n<p>Comme d\u2019habitude, l\u2019apr\u00e8s-midi sera consacr\u00e9e \u00e0 un tour des SIF d\u00e9partementaux et des mouvements amis.<\/p>\n<p><a href=\"http:\/\/toulouse.catholique.fr\/rubriques\/gauche\/leglise-en-marche\/eglise-en-dialogue\/incroyance-et-foi\/\">Site internet SIF Toulouse<\/a><\/p>\n","protected":false},"excerpt":{"rendered":"<p>La g\u00e9n\u00e9ration d\u2019apr\u00e8s guerre, et celle de Mai 68, tr\u00e8s marqu\u00e9e par son souci d\u2019engagement social, politique, associatif, religieux\u2026ressent, dans la soci\u00e9t\u00e9 actuelle, un d\u00e9sint\u00e9r\u00eat pour toutes ces formes d\u2019engagement. Elle le per\u00e7oit comme de l\u2019indiff\u00e9rence ; mais pour leur part, les nouvelles g\u00e9n\u00e9rations ne seraient-elles pas attentives \u00e0 d\u2019autres domaines et motiv\u00e9es par d\u2019autres [&hellip;]<\/p>\n","protected":false},"author":1,"featured_media":0,"parent":136,"menu_order":0,"comment_status":"closed","ping_status":"closed","template":"","meta":{"footnotes":"","_links_to":"","_links_to_target":""},"class_list":["post-233","page","type-page","status-publish","hentry"],"_links":{"self":[{"href":"https:\/\/blogs.univ-tlse2.fr\/benoit-petit\/wp-json\/wp\/v2\/pages\/233","targetHints":{"allow":["GET"]}}],"collection":[{"href":"https:\/\/blogs.univ-tlse2.fr\/benoit-petit\/wp-json\/wp\/v2\/pages"}],"about":[{"href":"https:\/\/blogs.univ-tlse2.fr\/benoit-petit\/wp-json\/wp\/v2\/types\/page"}],"author":[{"embeddable":true,"href":"https:\/\/blogs.univ-tlse2.fr\/benoit-petit\/wp-json\/wp\/v2\/users\/1"}],"replies":[{"embeddable":true,"href":"https:\/\/blogs.univ-tlse2.fr\/benoit-petit\/wp-json\/wp\/v2\/comments?post=233"}],"version-history":[{"count":3,"href":"https:\/\/blogs.univ-tlse2.fr\/benoit-petit\/wp-json\/wp\/v2\/pages\/233\/revisions"}],"predecessor-version":[{"id":368,"href":"https:\/\/blogs.univ-tlse2.fr\/benoit-petit\/wp-json\/wp\/v2\/pages\/233\/revisions\/368"}],"up":[{"embeddable":true,"href":"https:\/\/blogs.univ-tlse2.fr\/benoit-petit\/wp-json\/wp\/v2\/pages\/136"}],"wp:attachment":[{"href":"https:\/\/blogs.univ-tlse2.fr\/benoit-petit\/wp-json\/wp\/v2\/media?parent=233"}],"curies":[{"name":"wp","href":"https:\/\/api.w.org\/{rel}","templated":true}]}}