 {"id":118,"date":"2016-09-26T22:44:22","date_gmt":"2016-09-26T20:44:22","guid":{"rendered":"https:\/\/blogs.univ-tlse2.fr\/bimo2017\/?page_id=118"},"modified":"2017-02-09T10:07:12","modified_gmt":"2017-02-09T09:07:12","slug":"venir","status":"publish","type":"page","link":"https:\/\/blogs.univ-tlse2.fr\/bimo2017\/venir\/","title":{"rendered":"Venir"},"content":{"rendered":"<p><strong>Toulouse n&rsquo;est pas seulement le chef-lieu de la r\u00e9gion d&rsquo;Occitanie, mais aussi la m\u00e9tropole la plus dynamique du Sud-Ouest de la France.<\/strong><\/p>\n<p><strong>-&gt; 4\u00e8me commune la plus peupl\u00e9e de France :<\/strong><\/p>\n<p>La ville de Toulouse compte \u00a0440, 204 habitants et son aire urbaine regroupe 1,2 million d&rsquo;habitants.<\/p>\n<ul>\n<li>N \u00b0 1 en Europe et N \u00b0 2 dans le monde dans le domaine de l&rsquo;industrie a\u00e9ronautique<\/li>\n<li>N \u00b0 1 en Europe dans le domaine de l&rsquo;industrie spatiale<\/li>\n<li>N \u00b0 1 en France dans le domaine des syst\u00e8mes \u00e9lectroniques embarqu\u00e9s<\/li>\n<\/ul>\n<p>Toulouse accueille plus de 10, 000 nouveaux arrivants chaque ann\u00e9e.<\/p>\n<p><strong>-&gt; 2\u00e8me ville universitaire de France :<\/strong><\/p>\n<p>Toulouse compte 110, 000 \u00e9tudiants dans 3 universit\u00e9s, 4 \u00e9coles d&rsquo;ing\u00e9nieurs et 14 \u00e9coles sup\u00e9rieures. Chaque ann\u00e9e sont d\u00e9cern\u00e9s 8, 000 dipl\u00f4mes. Il s&rsquo;agit d&rsquo;une ville particuli\u00e8rement vivante et dynamique.<\/p>\n<p>-&gt; <strong>Une ville privil\u00e9gi\u00e9e<\/strong>, \u00a0id\u00e9alement situ\u00e9e sur l&rsquo;axe de communication entre la mer M\u00e9diterran\u00e9e et l&rsquo;oc\u00e9an Atlantique : \u00e0 150 km de la M\u00e9diterran\u00e9e, \u00e0 250 km de l&rsquo;oc\u00e9an Atlantique, \u00e0 110 km des stations de ski des Pyr\u00e9n\u00e9es.<\/p>\n<p><strong>Toulouse<\/strong><\/p>\n<p>Plan interactif de Toulouse:\u00a0<a href=\"https:\/\/www.plan.toulouse.fr\/\">https:\/\/www.plan.toulouse.fr\/<\/a><\/p>\n<p>Office de Tourisme de Toulouse:\u00a0<a href=\"http:\/\/www.toulouse-tourisme.com\/\">http:\/\/www.toulouse-tourisme.com\/<\/a><\/p>\n<p><strong>R\u00e9gion Occitanie Pyr\u00e9n\u00e9es M\u00e9diterran\u00e9e :\u00a0<\/strong><a href=\"http:\/\/www.laregion.fr\/\">http:\/\/www.laregion.fr\/<\/a><\/p>\n<p>&nbsp;<\/p>\n<p>&nbsp;<\/p>\n<p><strong>Comment venir \u00e0 Toulouse ?<\/strong><\/p>\n<p><strong>En avion<\/strong><\/p>\n<ul>\n<li>Paris-Toulouse: plus d&rsquo;un vol par heure, un vol quotidien relie Paris \u00e0 Toulouse en 1 heure et 10 minutes toutes les 30 minutes.<\/li>\n<li>38 vols r\u00e9guliers, dont 24 vols internationaux (20 en Europe).<\/li>\n<li>16 vols quotidiens entre Toulouse et les principales villes de province.<\/li>\n<li>20 vols quotidiens entre Toulouse et les principales capitales europ\u00e9ennes.<\/li>\n<\/ul>\n<p>Et beaucoup d&rsquo;autres vols internationaux &#8230;<\/p>\n<ul>\n<li>\u00a0L&rsquo;a\u00e9roport international Toulouse Blagnac est situ\u00e9 \u00e0 8 km au nord-ouest de Toulouse et \u00e0 15 minutes du centre-ville (t\u00e9l: 0825 380 000).<\/li>\n<li>Le site de l&rsquo;a\u00e9roport de Toulouse :\u00a0<a href=\"http:\/\/www.toulouse.aeroport.fr\">http:\/\/www.toulouse.aeroport.fr<\/a><\/li>\n<li>Les d\u00e9tails sur toutes les destinations directes peuvent \u00eatre consult\u00e9s sur :\u00a0<a href=\"http:\/\/www.toulouse.aeroport.fr\/passagers\/vols-destinations\/destinations\">http:\/\/www.toulouse.aeroport.fr\/passagers\/vols-destinations\/destinations<\/a><\/li>\n<li>Une navette part toutes les 20 minutes de l&rsquo;a\u00e9roport vers le centre-ville, avec quatre arr\u00eats au centre-ville: le centre de congr\u00e8s Pierre Baudis (arr\u00eat Compans Caffarelli) &#8211; la place Jeanne d&rsquo;Arc &#8211; Les all\u00e9es Jean-Jaur\u00e8s &#8211; et la gare routi\u00e8re (\u00e0 c\u00f4t\u00e9 de la gare Matabiau SNCF). Vous pouvez \u00e9galement prendre le tram \u00e0 \u00ab\u00a0Ar\u00e8nes\u00a0\u00bb et ensuite prendre le m\u00e9tro.<\/li>\n<li>Pour plus d&rsquo;informations : \u00a0<a href=\"http:\/\/www.toulouse.aeroport.fr\/passagers\/acces-parking\/transports\/transports-en-commun\">http:\/\/www.toulouse.aeroport.fr\/passagers\/acces-parking\/transports\/transports-en-commun<\/a><\/li>\n<\/ul>\n<p><strong>En train<\/strong><\/p>\n<p>La gare SNCF Toulouse-Matabiau est situ\u00e9e dans le centre-ville et est reli\u00e9e \u00e0 la station de m\u00e9tro Marengo-SNCF. Il est \u00e0 environ 15 minutes en m\u00e9tro de l&rsquo;universit\u00e9.<\/p>\n<p>Toulouse est \u00e0 5 heures et 30 minutes de Paris en TGV, 2 heures de Montpellier et 2 heures de Bordeaux.<\/p>\n<p>Informations SNCF : T\u00e9l. 08 36 35 35 35<\/p>\n<p>Si vous souhaitez r\u00e9server un billet de train SNCF \u00a0depuis l&rsquo;\u00e9tranger : T\u00e9l. 00 33 8 92 35 35 35<\/p>\n<p><a href=\"http:\/\/www.sncf.com\/\">http:\/\/www.sncf.com\/<\/a><\/p>\n<p><strong>En voiture<\/strong><\/p>\n<p>Toulouse est en liaison autorouti\u00e8re directe avec les principales capitales d\u2019Europe du Nord et du Sud.<\/p>\n<ul>\n<li>A61(Carcassonne, Montpellier, Barcelone),<\/li>\n<li>A62 (Montauban, Agen, Bordeaux, Limoges, Paris),<\/li>\n<li>A64 (Foix, Lourdes, Bayonne, San-S\u00e9bastien), A68 (Lavaur, Albi),<\/li>\n<li>A66 (Pamiers, Foix, Andorre).<\/li>\n<\/ul>\n<p>Autoroute du Sud de la France : T\u00e9l. 08 36 68 09 79<\/p>\n<p>Centre d&rsquo;informations routi\u00e8res du sud-ouest : T\u00e9l. 05 56 96 33 33<\/p>\n<p>&nbsp;<\/p>","protected":false},"excerpt":{"rendered":"<p>Toulouse n&rsquo;est pas seulement le chef-lieu de la r\u00e9gion d&rsquo;Occitanie, mais aussi la m\u00e9tropole la plus dynamique du Sud-Ouest de la France. -&gt; 4\u00e8me commune la plus peupl\u00e9e de France : La ville de Toulouse compte \u00a0440, 204 habitants et son aire urbaine regroupe 1,2 million d&rsquo;habitants. N \u00b0 1 en Europe et N \u00b0 [&hellip;]<\/p>\n","protected":false},"author":311,"featured_media":0,"parent":0,"menu_order":0,"comment_status":"closed","ping_status":"closed","template":"","meta":{"footnotes":""},"class_list":["post-118","page","type-page","status-publish","hentry","post-preview"],"_links":{"self":[{"href":"https:\/\/blogs.univ-tlse2.fr\/bimo2017\/wp-json\/wp\/v2\/pages\/118","targetHints":{"allow":["GET"]}}],"collection":[{"href":"https:\/\/blogs.univ-tlse2.fr\/bimo2017\/wp-json\/wp\/v2\/pages"}],"about":[{"href":"https:\/\/blogs.univ-tlse2.fr\/bimo2017\/wp-json\/wp\/v2\/types\/page"}],"author":[{"embeddable":true,"href":"https:\/\/blogs.univ-tlse2.fr\/bimo2017\/wp-json\/wp\/v2\/users\/311"}],"replies":[{"embeddable":true,"href":"https:\/\/blogs.univ-tlse2.fr\/bimo2017\/wp-json\/wp\/v2\/comments?post=118"}],"version-history":[{"count":24,"href":"https:\/\/blogs.univ-tlse2.fr\/bimo2017\/wp-json\/wp\/v2\/pages\/118\/revisions"}],"predecessor-version":[{"id":237,"href":"https:\/\/blogs.univ-tlse2.fr\/bimo2017\/wp-json\/wp\/v2\/pages\/118\/revisions\/237"}],"wp:attachment":[{"href":"https:\/\/blogs.univ-tlse2.fr\/bimo2017\/wp-json\/wp\/v2\/media?parent=118"}],"curies":[{"name":"wp","href":"https:\/\/api.w.org\/{rel}","templated":true}]}}