 {"id":87,"date":"2016-09-26T15:59:06","date_gmt":"2016-09-26T13:59:06","guid":{"rendered":"https:\/\/blogs.univ-tlse2.fr\/bimo2017\/?page_id=87"},"modified":"2017-06-01T07:56:26","modified_gmt":"2017-06-01T05:56:26","slug":"comites","status":"publish","type":"page","link":"https:\/\/blogs.univ-tlse2.fr\/bimo2017\/comites\/","title":{"rendered":"Comit\u00e9s"},"content":{"rendered":"<p><strong>Comit\u00e9 scientifique :<\/strong><br \/>\nCharlotte Alazard (Universit\u00e9 de Toulouse 2)<br \/>\nShanley Allen (Universit\u00e4t Kaiserslautern)<br \/>\nEncarnacion Arroyo (Universit\u00e9 de Toulouse 2)<br \/>\nKees de Bot (Rijksuniversiteit Groningen)<br \/>\nAnnick de Houwer (Universit\u00e4t Erfurt)<br \/>\nXavier de Boissezon (Universit\u00e9 de Toulouse 3)<br \/>\nEsther de Leeuw (Queen Mary, University of London)<br \/>\nAmanda Edmonds (Universit\u00e9 de Montpellier 3)<br \/>\nAyse G\u00fcrel (Bogazici University Istanbul)<br \/>\nCristina Flores (Universit\u00e9 de Braga)<br \/>\nJonas Granfeldt (Universit\u00e9 Lund)<br \/>\nCyrille Granget (Universit\u00e9 de Nantes)<br \/>\nCecilia Gunnarsson (Universit\u00e9 de Toulouse 2)<br \/>\nArturo Hernandez (University of Houston)<br \/>\nHolger Hopp (Technische Universit\u00e4t Braunschweig)<br \/>\nCarrie Jackson (Penn State University)<br \/>\nMargaret Kehoe (Universit\u00e9 de Gen\u00e8ve)<br \/>\nMerel Keijzer (Rijksuniversiteit Groningen)<br \/>\nBarbara K\u00f6pke (Universit\u00e9 de Toulouse 2)<br \/>\nAngelika Kr\u00f6nert (Universit\u00e9 de Toulouse 2)<br \/>\nTanja Kupisch (Universit\u00e4t Konstanz)<br \/>\nVincent Lubrano (Universit\u00e9 de Toulouse 3)<br \/>\nConny Opitz (Trinity College Dublin)<br \/>\nLourdes Ortega (Georgetown University) 7\/9<br \/>\nVanda Marijanovic (Universit\u00e9 de Toulouse 2)<br \/>\nEmilie Massa (Universit\u00e9 de Toulouse 2)<br \/>\nJ\u00fcrgen Meisel (Universit\u00e4t Hamburg \/ University of Calgary)<br \/>\nSilvina Montrul (University of Illinois at Urbana-Champaign)<br \/>\nJean-Luc Nespoulous (Universit\u00e9 de Toulouse 2)<br \/>\nMihaela Pirvulescu (Universit\u00e9 Toronto)<br \/>\nLeah Roberts (York University)<br \/>\nEleonora Rossi (California State Polytechnic University, Pomona)<br \/>\nIn\u00e8s Saddour (Universit\u00e9 de Toulouse 2)<br \/>\nMonika Schmid (University of Essex)<br \/>\nElena Schmitt (Southern Connecticut State University)<br \/>\nMichael Sharwood Smith (University of Edinburgh)<br \/>\nFrida Splendido (Universit\u00e9 Lund)<br \/>\nAldona Sopata (Universit\u00e9 Pozn\u00e1n)<br \/>\nDarren Tanner (Illinois University)<br \/>\nSharon Unsworth (Radboud University)<br \/>\nOlga Theophanous (Universit\u00e9 de Toulouse 2<br \/>\nMarzena Watorek (Universit\u00e9 Paris VIII)<br \/>\nAndrea Weber (Universit\u00e4t T\u00fcbingen)<\/p>\n<p><strong>Comit\u00e9 d&rsquo;organisation :<\/strong><br \/>\nBarbara K\u00f6pke (Universit\u00e9 de Toulouse 2)<br \/>\nHolger Hopp (Technische Universit\u00e4t Braunschweig)<br \/>\nTanja Kupisch (Universit\u00e4t Konstanz)<br \/>\nLyanne Ahumada Ebratt (Universit\u00e9 de Toulouse 2)<br \/>\nKleopatra Mytara (Universit\u00e9 de Toulouse 2)<br \/>\nEmilie Massa (Universit\u00e9 de Toulouse 2)<br \/>\nFrancesca Cortelazzo (Universit\u00e9 de Toulouse 2)<br \/>\nVanda Marijanovic (Universit\u00e9 de Toulouse 2)<br \/>\nEncarnacion Arroyo (Universit\u00e9 de Toulouse 2)<br \/>\nOlga Theophanous (Universit\u00e9 de Toulouse 2)<br \/>\nIn\u00e8s Saddour (Universit\u00e9 de Toulouse 2)<br \/>\nEvelyne Vilon (Universit\u00e9 de Toulouse 2)<\/p>\n<p>&nbsp;<\/p>\n<p>&nbsp;<\/p>\n<p>&nbsp;<\/p>","protected":false},"excerpt":{"rendered":"<p>Comit\u00e9 scientifique : Charlotte Alazard (Universit\u00e9 de Toulouse 2) Shanley Allen (Universit\u00e4t Kaiserslautern) Encarnacion Arroyo (Universit\u00e9 de Toulouse 2) Kees de Bot (Rijksuniversiteit Groningen) Annick de Houwer (Universit\u00e4t Erfurt) Xavier de Boissezon (Universit\u00e9 de Toulouse 3) Esther de Leeuw (Queen Mary, University of London) Amanda Edmonds (Universit\u00e9 de Montpellier 3) Ayse G\u00fcrel (Bogazici University Istanbul) [&hellip;]<\/p>\n","protected":false},"author":311,"featured_media":0,"parent":0,"menu_order":0,"comment_status":"closed","ping_status":"closed","template":"","meta":{"footnotes":""},"class_list":["post-87","page","type-page","status-publish","hentry","post-preview"],"_links":{"self":[{"href":"https:\/\/blogs.univ-tlse2.fr\/bimo2017\/wp-json\/wp\/v2\/pages\/87","targetHints":{"allow":["GET"]}}],"collection":[{"href":"https:\/\/blogs.univ-tlse2.fr\/bimo2017\/wp-json\/wp\/v2\/pages"}],"about":[{"href":"https:\/\/blogs.univ-tlse2.fr\/bimo2017\/wp-json\/wp\/v2\/types\/page"}],"author":[{"embeddable":true,"href":"https:\/\/blogs.univ-tlse2.fr\/bimo2017\/wp-json\/wp\/v2\/users\/311"}],"replies":[{"embeddable":true,"href":"https:\/\/blogs.univ-tlse2.fr\/bimo2017\/wp-json\/wp\/v2\/comments?post=87"}],"version-history":[{"count":10,"href":"https:\/\/blogs.univ-tlse2.fr\/bimo2017\/wp-json\/wp\/v2\/pages\/87\/revisions"}],"predecessor-version":[{"id":346,"href":"https:\/\/blogs.univ-tlse2.fr\/bimo2017\/wp-json\/wp\/v2\/pages\/87\/revisions\/346"}],"wp:attachment":[{"href":"https:\/\/blogs.univ-tlse2.fr\/bimo2017\/wp-json\/wp\/v2\/media?parent=87"}],"curies":[{"name":"wp","href":"https:\/\/api.w.org\/{rel}","templated":true}]}}