 {"id":15,"date":"2014-03-14T15:14:50","date_gmt":"2014-03-14T14:14:50","guid":{"rendered":"https:\/\/blogs.univ-tlse2.fr\/burgos\/?page_id=15"},"modified":"2015-01-07T09:39:07","modified_gmt":"2015-01-07T08:39:07","slug":"tarifs-et-calendrier","status":"publish","type":"page","link":"https:\/\/blogs.univ-tlse2.fr\/burgos\/tarifs-et-calendrier\/","title":{"rendered":"Tarifs et calendrier"},"content":{"rendered":"<p><strong>Calendrier 2014<br \/>\n<\/strong><br \/>\nLes cours auront lieu du<br \/>\n<strong>mardi 15 juillet 2014 \u00e0 9 h au vendredi 08 ao\u00fbt 2014 \u00e0 15h <\/strong><\/p>\n<p>L&rsquo;Universit\u00e9 d&rsquo;\u00e9t\u00e9 de l&rsquo;Universit\u00e9 de Toulouse2-Le Mirail respecte le 14 juillet mais le quota hebdomadaire de cours sera respect\u00e9. Le matin du 15 juillet est consacr\u00e9 \u00e0 la mise en route des cours et, selon les formations, aux tests de niveaux. A la fin des cours, le 09 ao\u00fbt se d\u00e9roule une remise solemnelle de dipl\u00f4mes et d&rsquo;attestations de pr\u00e9sence. En cas de jour f\u00e9ri\u00e9 en France ou Espagne, les cours sont rattrap\u00e9s les apr\u00e8s-midis qui pr\u00e9c\u00e9dent ou qui suivent.<br \/>\n<\/p>","protected":false},"excerpt":{"rendered":"<p>Calendrier 2014 Les cours auront lieu du mardi 15 juillet 2014 \u00e0 9 h au vendredi 08 ao\u00fbt 2014 \u00e0 15h L&rsquo;Universit\u00e9 d&rsquo;\u00e9t\u00e9 de l&rsquo;Universit\u00e9 de Toulouse2-Le Mirail respecte le 14 juillet mais le quota hebdomadaire de cours sera respect\u00e9. Le matin du 15 juillet est consacr\u00e9 \u00e0 la mise en route des cours et, &hellip; <a href=\"https:\/\/blogs.univ-tlse2.fr\/burgos\/tarifs-et-calendrier\/\" class=\"more-link\">Continuer la lecture de <span class=\"screen-reader-text\">Tarifs et calendrier<\/span>  <span class=\"meta-nav\">&rarr;<\/span><\/a><\/p>\n","protected":false},"author":1,"featured_media":0,"parent":0,"menu_order":0,"comment_status":"closed","ping_status":"closed","template":"","meta":{"footnotes":""},"class_list":["post-15","page","type-page","status-publish","hentry"],"_links":{"self":[{"href":"https:\/\/blogs.univ-tlse2.fr\/burgos\/wp-json\/wp\/v2\/pages\/15","targetHints":{"allow":["GET"]}}],"collection":[{"href":"https:\/\/blogs.univ-tlse2.fr\/burgos\/wp-json\/wp\/v2\/pages"}],"about":[{"href":"https:\/\/blogs.univ-tlse2.fr\/burgos\/wp-json\/wp\/v2\/types\/page"}],"author":[{"embeddable":true,"href":"https:\/\/blogs.univ-tlse2.fr\/burgos\/wp-json\/wp\/v2\/users\/1"}],"replies":[{"embeddable":true,"href":"https:\/\/blogs.univ-tlse2.fr\/burgos\/wp-json\/wp\/v2\/comments?post=15"}],"version-history":[{"count":3,"href":"https:\/\/blogs.univ-tlse2.fr\/burgos\/wp-json\/wp\/v2\/pages\/15\/revisions"}],"predecessor-version":[{"id":97,"href":"https:\/\/blogs.univ-tlse2.fr\/burgos\/wp-json\/wp\/v2\/pages\/15\/revisions\/97"}],"wp:attachment":[{"href":"https:\/\/blogs.univ-tlse2.fr\/burgos\/wp-json\/wp\/v2\/media?parent=15"}],"curies":[{"name":"wp","href":"https:\/\/api.w.org\/{rel}","templated":true}]}}