 {"id":17,"date":"2014-03-14T15:15:10","date_gmt":"2014-03-14T14:15:10","guid":{"rendered":"https:\/\/blogs.univ-tlse2.fr\/burgos\/?page_id=17"},"modified":"2015-01-07T09:35:38","modified_gmt":"2015-01-07T08:35:38","slug":"fiche-dinscription","status":"publish","type":"page","link":"https:\/\/blogs.univ-tlse2.fr\/burgos\/fiche-dinscription\/","title":{"rendered":"Fiche d&rsquo;inscription"},"content":{"rendered":"<p><em>Vous trouverez \u00e0 la rubrique \u00ab\u00a0Inscriptions\u00a0\u00bb de la page \u00ab\u00a0Tarifs et calendriers\u00a0\u00bbquelques indications pour compl\u00e9ter la fiche ci-dessous que vous devez\u00a0imprimer, compl\u00e9ter et nous envoyer \u00e0 l&rsquo;adresse indiqu\u00e9e dans la rubrique \u00ab\u00a0Inscriptions\u00a0\u00bb. Merci.<\/em><\/p>\n<table border=\"1\" cellspacing=\"2\" cellpadding=\"2\">\n<tbody>\n<tr>\n<td>\n<div><b><br \/>\nFICHE D\u2019INSCRIPTION\u00a0<a href=\"http:\/\/w3.espagnol.univ-tlse2.fr\/burgos\/01%20rubriques.html\"><small><small><br \/>\n<\/small><\/small><\/a><\/b><\/div>\n<p><b>Universit\u00e9 de Toulouse2-Le Mirail<\/b><\/p>\n<p><b>Universit\u00e9 d&rsquo;\u00e9t\u00e9. Cours d\u2019\u00e9t\u00e9 de Burgos M\u00e9rim\u00e9e-De Sebasti\u00e1n<\/b>\u00a0<b><br \/>\nEt\u00e9 2014<\/b>\n<\/p>\n<p>NOM (majuscules)\u00a0\u2026\u2026\u2026\u2026\u2026\u2026..\u00a0\u00a0\u00a0\u00a0\u00a0\u00a0Pr\u00e9nom\u00a0\u2026\u2026\u2026\u2026\u2026&#8230;\u2026..<\/p>\n<p>Date et lieu de naissance \u2026\u2026\u2026\u2026.\u2026&#8230;. \u00a0.. &#8230;&#8230;&#8230;. &#8230;&#8230; &#8230;.. &#8230; .. .. ..<\/p>\n<p>N\u00b0 de s\u00e9curit\u00e9 sociale\u2026\u2026\u2026\u2026&#8230;&#8230;&#8230;..\u2026\u2026 &#8230;..\u2026\u2026.. &#8230;.. &#8230; .. .. ..<\/p>\n<p>Adresse\u2026\u2026\u2026\u2026\u2026\u2026\u2026\u2026\u2026\u2026\u2026\u2026 \u00a0;;;\u2026\u2026\u2026\u2026..\u00a0 &#8230;.. &#8230; .. .. ..<\/p>\n<p>Code postal\u00a0:\u2026\u2026\u2026\u2026.\u00a0\u00a0\u00a0Ville\u2026\u2026\u2026\u2026\u2026\u2026\u2026\u2026\u2026 &#8230;.. &#8230; .. .. ..<\/p>\n<p>T\u00e9l\u00e9phone portable de l&rsquo;\u00e9tudiant *\u2026&#8230;\u2026\u2026\u2026\u2026.. &#8230;.. &#8230; .. .. .. &#8230;..<\/p>\n<p>T\u00e9l\u00e9phone fixe des parents (ou responsables) de l&rsquo;\u00e9tudiant *\u2026&#8230;\u2026\u2026\u2026\u2026.. &#8230;.. &#8230; .. .. .. &#8230;..<\/p>\n<p>Adresse \u00e9lectronique de l&rsquo;\u00e9tudiant*\u2026\u2026\u2026\u2026\u2026\u2026\u2026\u2026\u2026\u2026\u2026\u2026 &#8230;.. &#8230; .. .. ..<\/p>\n<p>*Votre num\u00e9ro de portable et votre adresse e-mail sont indispensables notamment pour vous communiquer les coordonn\u00e9es de votre logeur.<br \/>\nIndiquez-les tr\u00e8s lisiblement. Il faut absolument pouvoir vous joindre.<\/p>\n<p>Universit\u00e9 ou \u00e9tablissement d\u2019origine\u00a0:\u2026\u2026\u2026\u2026\u2026\u2026\u2026 &#8230;.. &#8230; .. .. ..<\/p>\n<p>Fili\u00e8res d\u2019\u00e9tudes\u00a0:\u2026\u2026\u2026..\u2026\u2026\u2026\u2026&#8230;&#8230;&#8230;&#8230;.\u2026 &#8230;&#8230;.\u2026 &#8230;.. &#8230; .. .. ..<\/p>\n<p>Niveau universitaire : ..\u2026\u2026\u2026\u2026\u2026&#8230;&#8230;&#8230;&#8230;&#8230;&#8230;.. &#8230;..\u2026 &#8230;.. &#8230; .. .. ..<\/p>\n<p>Nombre d\u2019ann\u00e9es de formation en espagnol\u2026\u2026\u2026 ..\u2026 &#8230;.. &#8230; .. .. ..<\/p>\n<p>D\u00e9sire \u00eatre inscrit(e) aux Cours d\u2018\u00e9t\u00e9 de Burgos durant\u2026\u2026\u2026\u2026..<\/p>\n<p>Compl\u00e9tez soigneusement les rubriques afin que nous puissions constituer des groupes coh\u00e9rents<\/p>\n<p>O\u00a04 semaines du 15\/07 au 08\/08\u00a0\u00a0\u00a0\u00a0\u00a0\u00a0\u00a0\u00a0\u00a0\u00a0\u00a0\u00a0O\u00a03 semaines du\u2026\u2026\u2026\u2026.\u00a0au\u2026\u2026&#8230;..\u2026..<\/p>\n<p>O\u00a02 semaines du\u2026\u2026\u2026\u2026.\u00a0au\u2026\u2026\u2026\u2026\u2026\u00a0O\u00a01 semaine du\u2026\u2026\u2026\u2026.\u00a0au\u2026\u2026\u2026\u2026\u2026\u2026..<\/p>\n<p>O\u00a0\u00a0Cours d\u2019espagnol tous niveaux (lyc\u00e9ens, bacheliers, non-universitaires, etc.)<\/p>\n<p>O\u00a0\u00a0Cours d\u2019espagnol (L1, L2, L3, Masters, Classes pr\u00e9paratoires litt\u00e9raires)<\/p>\n<p>O\u00a0Fili\u00e8re traduction\u00a0\u00a0 \u00a0\u00a0\u00a0 \u00a0\u00a0\u00a0 \u00a0\u00a0\u00a0 \u00a0\u00a0\u00a0 \u00a0\u00a0O\u00a0Concours Ecoles de commerce (HEC, etc.)<\/p>\n<p>O\u00a0Pr\u00e9paration CAPES\u00a0\u00a0interne \u00a0\u00a0\u00a0\u00a0O\u00a0Pr\u00e9paration CAPES\u00a0\u00a0externe<\/p>\n<p>O\u00a0Pr\u00e9paration Agr\u00e9gation interne \u00a0 \u00a0O\u00a0Pr\u00e9paration Agr\u00e9gation externe<\/p>\n<p>O\u00a0Renforcement \u00ab\u00a0Excellence\u00a0\u00bbHEC\u00a0\u00a0\u00a0\u00a0O\u00a0Renforcement \u00ab\u00a0Excellence\u00a0\u00bbConcours\u00a0 (indiquez lequel\u00a0 : &#8230;&#8230;&#8230;&#8230;&#8230;&#8230;&#8230;&#8230;&#8230;&#8230;&#8230;&#8230;&#8230;&#8230;&#8230;&#8230;&#8230;&#8230;&#8230;&#8230;&#8230;.)<b><\/b><\/p>\n<p>Tarifs NON-HEC Premi\u00e8re inscription\u00a0:<br \/>\nJe vous adresse la somme de\u00a0\u00a0 : \u00a0<b>430\u20ac<\/b>, \u00a0\u00a0\u00a0\u00a0\u00a0\u00a0<b>390\u20ac<\/b>, \u00a0\u00a0\u00a0\u00a0\u00a0<b>325\u20ac<\/b>,\u00a0\u00a0 \u00a0 \u00a0255\u20ac(barrer les mentions inutiles)<br \/>\nDeuxi\u00e8me ou eni\u00e8me inscription et\u00a0 \u00e9tudiants boursiers\u00a0\u00a0:<br \/>\nJe vous adresse la somme de\u00a0\u00a0\u00a0\u00a0\u00a0<b>385\u20ac<\/b>, \u00a0\u00a0\u00a0\u00a0\u00a0\u00a0<b>355\u20ac<\/b>, \u00a0\u00a0\u00a0\u00a0\u00a0<b>295\u20ac<\/b>, \u00a0 \u00a0<b>235\u20ac<\/b>,(barrer les mentions inutiles)<br \/>\nJoindre une pi\u00e8ce justifiant toute inscription ant\u00e9rieure. Joindre la notification de bourse.<\/p>\n<p>Tarifs HEC Premi\u00e8re inscription\u00a0:<br \/>\nJe vous adresse la somme de\u00a0\u00a0 : \u00a0<b>650\u20ac<\/b>, \u00a0\u00a0\u00a0\u00a0\u00a0\u00a0<b>550\u20ac<\/b>, \u00a0\u00a0\u00a0\u00a0\u00a0<b>450\u20ac<\/b>,\u00a0\u00a0 \u00a0 \u00a0350\u20ac(barrer les mentions inutiles)<br \/>\nDeuxi\u00e8me ou eni\u00e8me inscription et\u00a0 \u00e9tudiants boursiers\u00a0\u00a0:<br \/>\nJe vous adresse la somme de\u00a0\u00a0\u00a0\u00a0\u00a0<b>590\u20ac<\/b>, \u00a0\u00a0\u00a0\u00a0\u00a0\u00a0<b>500\u20ac<\/b>, \u00a0\u00a0\u00a0\u00a0\u00a0<b>410\u20ac<\/b>, \u00a0 \u00a0\u00a0\u00a0320\u20ac(barrer les mentions inutiles)<br \/>\nJoindre une pi\u00e8ce justifiant toute inscription ant\u00e9rieure. Joindre la notification de bourse.<\/p>\n<p>Renforcement \u00ab\u00a0Excellence\u00a0\u00bb tous publics :<br \/>\nJe compl\u00e8te par un ch\u00e8que de\u00a0150\u20ac. Vous aurez la possibilit\u00e9 de verser cette somme \u00e0 Burgos lors de votre inscription dans un groupe mais si vous \u00eates int\u00e9ress\u00e9 merci de l&rsquo;indiquer d\u00e8s \u00e0 pr\u00e9sent pour anticiper la formation des groupes.<\/p>\n<p>Des frais fixes (50 \u20ac)\u00a0s&rsquo;appliquent lors de toute demande de remboursement jusqu&rsquo;\u00e0 15 jours suivis avant le d\u00e9but des cours.<br \/>\nLorsque la demande de remboursement parvient au secr\u00e9tariat du d\u00e9partement d&rsquo;espagnol ou au secr\u00e9tariat de Burgos moins de 15 jours suivis avant le d\u00e9but des cours, il sera appliqu\u00e9 une retenue de 25% du prix de l&rsquo;inscription corrrespondante. Les retenues ne sont pas cumulables.<\/p>\n<p>Les paiements s&rsquo;effectuent par ch\u00e8ques bancaires ou postaux \u00e9tablis \u00e0 l\u2019ordre de\u00a0:<\/p>\n<p><b>Agent comptable de l\u2019Universit\u00e9 de Toulouse-Le Mirail-Cours de Burgos- CCP 861\u00a0754 F<\/b><\/p>\n<p>(pri\u00e8re de mentionner au verso du ch\u00e8que le nom de l\u2019\u00e9tudiant lorsqu\u2019il diff\u00e8re du nom de l\u2019exp\u00e9diteur).<\/p>\n<p>Ce paiement ne concerne que les cours. Il ne concerne pas l&rsquo;h\u00e9bergement qui fait l&rsquo;objet d&rsquo;un r\u00e8glement \u00e0 part. Par virement sur le compte du Colegio Mayor (voir page \u00ab\u00a0Tarifs et calendriers\u00a0\u00bb ou ci-dessous) ou directement et sur place par l&rsquo;int\u00e9ress\u00e9 \u00e0 son logeur (particulier ou Colegio Mayor) sur place \u00e0 Burgos (pr\u00e9voyez les financements correspondants, les ch\u00e8ques fran\u00e7ais ne sont pas recevables). Cependant \u00a0vous pouvez nous demander d&rsquo;enregistrer votre souhait afin que nous servions d&rsquo;interm\u00e9diaires pour r\u00e9server au plus t\u00f4t votre h\u00e9bergement. Dans ce cas, merci de compl\u00e9ter le formulaire suivant :<\/p>\n<p>Par ailleurs, je demande \u00e0 \u00eatre log\u00e9 (pension compl\u00e8te) du \u2026&#8230;&#8230;&#8230;&#8230;&#8230;&#8230;, au\u2026&#8230;&#8230;.\u2026\u2026. (indiquer les dates d\u2019arriv\u00e9e et de d\u00e9part)<\/p>\n<p>O\u00a0en qualit\u00e9 d\u2019h\u00f4te payant (Pension compl\u00e8te chez l\u2019habitant)\u00a0\u00a0:<\/p>\n<p>O\u00a0en chambre individuelle\u00a0: 28 \u20ac\/jour\u00a0\u00a0\u00a0\u00a0O\u00a0en chambre double\u00a0: 26 \u20ac\/jour<\/p>\n<p>Je d\u00e9clare avoir pris connaissance que ces prix sont indicatifs et que je devrai r\u00e9gler directement\u00a0mon logeur.<\/p>\n<p>O\u00a0dans la r\u00e9sidence universitaire\u00a0 \u00ab\u00a0Colegio Mayor San Jer\u00f3nimo\u00a0\u00bb : *mettre une croix dans la case correspondante<\/p>\n<table border=\"1\" cellspacing=\"2\" cellpadding=\"2\">\n<tbody>\n<tr>\n<td>R\u00e9sidence universitaire<\/td>\n<td rowspan=\"1\" colspan=\"4\">Nombre de semaines*<\/td>\n<\/tr>\n<tr>\n<td>\u00ab\u00a0Colegio Mayor San Jer\u00f3nimo\u00a0\u00bb Pension compl\u00e8te<\/td>\n<td>1<\/td>\n<td>2<\/td>\n<td>3<\/td>\n<td>4<\/td>\n<\/tr>\n<tr>\n<td>Individuelle<\/td>\n<td>36<\/td>\n<td>30<\/td>\n<td>27<\/td>\n<td>25<\/td>\n<\/tr>\n<tr>\n<td>Double<\/td>\n<td>31<\/td>\n<td>28<\/td>\n<td>25<\/td>\n<td>23<\/td>\n<\/tr>\n<\/tbody>\n<\/table>\n<p>Je d\u00e9clare avoir pris connaissance des coordonn\u00e9es bancaires de la r\u00e9sidence universitaire\u00a0 \u00ab\u00a0Colegio Mayor San Jer\u00f3nimo\u00a0\u00bb\u00a0<big>:<br \/>\nBanco Santander\u00a0<\/big><small><span style=\"font-size: large\"><small>CCC 0049 6738 56 2016023156<\/small><\/span><br \/>\n<span style=\"font-size: large\"><small><strong><\/strong>IBAN : ES46 6738 5620 1602 3156<\/small><\/span><br \/>\n<span style=\"font-size: large\"><small>SWIFF: BSCHESMM<\/small><\/span><\/small><\/p>\n<p>Je d\u00e9clare \u00eatre d\u00e9tenteur d&rsquo;une assurance qui me couvre durant mon voyage, mes d\u00e9placements et mon s\u00e9jour en Espagne.<\/p>\n<p>Vous recevrez les coordonn\u00e9es par courriel. Indiquez tr\u00e8s distinctement votre adresse \u00e9lectronique et votre num\u00e9ro de t\u00e9l\u00e9phone portable.<\/p>\n<p>Sur le site des Cours, vous consulterez r\u00e9guli\u00e8rement le \u00ab\u00a0Journal de bord\u00a0\u00bb \u00e0 partir de la mi-juin 2014 afin d&rsquo;avoir des indications sur votre logement et des informations sur l&rsquo;actualit\u00e9 des Cours.<\/p>\n<p>A\u2026\u2026\u2026\u2026\u2026\u2026&#8230;&#8230;.\u2026\u2026..le\u2026\u2026\u2026\u2026\u2026\u2026\u2026\u2026\u2026\u2026.2014<\/p>\n<p>Signature\u00a0:<\/td>\n<\/tr>\n<\/tbody>\n<\/table>\n<p><\/p>","protected":false},"excerpt":{"rendered":"<p>Vous trouverez \u00e0 la rubrique \u00ab\u00a0Inscriptions\u00a0\u00bb de la page \u00ab\u00a0Tarifs et calendriers\u00a0\u00bbquelques indications pour compl\u00e9ter la fiche ci-dessous que vous devez\u00a0imprimer, compl\u00e9ter et nous envoyer \u00e0 l&rsquo;adresse indiqu\u00e9e dans la rubrique \u00ab\u00a0Inscriptions\u00a0\u00bb. Merci. FICHE D\u2019INSCRIPTION\u00a0 Universit\u00e9 de Toulouse2-Le Mirail Universit\u00e9 d&rsquo;\u00e9t\u00e9. Cours d\u2019\u00e9t\u00e9 de Burgos M\u00e9rim\u00e9e-De Sebasti\u00e1n\u00a0 Et\u00e9 2014 NOM (majuscules)\u00a0\u2026\u2026\u2026\u2026\u2026\u2026..\u00a0\u00a0\u00a0\u00a0\u00a0\u00a0Pr\u00e9nom\u00a0\u2026\u2026\u2026\u2026\u2026&#8230;\u2026.. Date et lieu de &hellip; <a href=\"https:\/\/blogs.univ-tlse2.fr\/burgos\/fiche-dinscription\/\" class=\"more-link\">Continuer la lecture de <span class=\"screen-reader-text\">Fiche d&rsquo;inscription<\/span>  <span class=\"meta-nav\">&rarr;<\/span><\/a><\/p>\n","protected":false},"author":1,"featured_media":0,"parent":0,"menu_order":0,"comment_status":"closed","ping_status":"closed","template":"","meta":{"footnotes":""},"class_list":["post-17","page","type-page","status-publish","hentry"],"_links":{"self":[{"href":"https:\/\/blogs.univ-tlse2.fr\/burgos\/wp-json\/wp\/v2\/pages\/17","targetHints":{"allow":["GET"]}}],"collection":[{"href":"https:\/\/blogs.univ-tlse2.fr\/burgos\/wp-json\/wp\/v2\/pages"}],"about":[{"href":"https:\/\/blogs.univ-tlse2.fr\/burgos\/wp-json\/wp\/v2\/types\/page"}],"author":[{"embeddable":true,"href":"https:\/\/blogs.univ-tlse2.fr\/burgos\/wp-json\/wp\/v2\/users\/1"}],"replies":[{"embeddable":true,"href":"https:\/\/blogs.univ-tlse2.fr\/burgos\/wp-json\/wp\/v2\/comments?post=17"}],"version-history":[{"count":5,"href":"https:\/\/blogs.univ-tlse2.fr\/burgos\/wp-json\/wp\/v2\/pages\/17\/revisions"}],"predecessor-version":[{"id":117,"href":"https:\/\/blogs.univ-tlse2.fr\/burgos\/wp-json\/wp\/v2\/pages\/17\/revisions\/117"}],"wp:attachment":[{"href":"https:\/\/blogs.univ-tlse2.fr\/burgos\/wp-json\/wp\/v2\/media?parent=17"}],"curies":[{"name":"wp","href":"https:\/\/api.w.org\/{rel}","templated":true}]}}