 {"id":41,"date":"2014-03-14T15:45:30","date_gmt":"2014-03-14T14:45:30","guid":{"rendered":"https:\/\/blogs.univ-tlse2.fr\/burgos\/?page_id=41"},"modified":"2015-01-07T09:36:39","modified_gmt":"2015-01-07T08:36:39","slug":"burgos-soutient-les-cours","status":"publish","type":"page","link":"https:\/\/blogs.univ-tlse2.fr\/burgos\/historique\/burgos-soutient-les-cours\/","title":{"rendered":"Burgos soutient les Cours"},"content":{"rendered":"<p><br \/>\n<strong>Burgos soutient les Cours<\/strong><\/p>\n<p>Les liens entre les autorit\u00e9s burgalaises, les Burgalais et les Cours M\u00e9rim\u00e9e-De Sebasti\u00e1n de l&rsquo;Universit\u00e9 de Toulouse2-Le Mirail sont anciens, solides et chaleureux au point que la Mairie (de Burgos), le Conseil g\u00e9n\u00e9ral (Diputacion), le Patronat au Tourisme (Patronato de Turismo) contribuent au financement des Cours que l&rsquo;Universit\u00e9 maintient depuis plus d&rsquo;un si\u00e8cle. Directement ou par l&rsquo;interm\u00e9diaire du Conseil R\u00e9gional (Junta de Castilla y Leon), de nombreuses institutions apportent \u00e9galement leur concours : la Escuela Oficial de Idiomas, el Instituto de la lengua, l&rsquo;Universit\u00e9 de Burgos, Caja Burgos, Caja C\u00edrculo ainsi que la presse locale, principalement, Diario de Burgos, Cadena Ser. Ces soutiens permettent d&rsquo;offrir des cours de haut niveau \u00e0 des prix tr\u00e8s raisonnables.<\/p>\n<p><\/p>","protected":false},"excerpt":{"rendered":"<p>Burgos soutient les Cours Les liens entre les autorit\u00e9s burgalaises, les Burgalais et les Cours M\u00e9rim\u00e9e-De Sebasti\u00e1n de l&rsquo;Universit\u00e9 de Toulouse2-Le Mirail sont anciens, solides et chaleureux au point que la Mairie (de Burgos), le Conseil g\u00e9n\u00e9ral (Diputacion), le Patronat au Tourisme (Patronato de Turismo) contribuent au financement des Cours que l&rsquo;Universit\u00e9 maintient depuis plus &hellip; <a href=\"https:\/\/blogs.univ-tlse2.fr\/burgos\/historique\/burgos-soutient-les-cours\/\" class=\"more-link\">Continuer la lecture de <span class=\"screen-reader-text\">Burgos soutient les Cours<\/span>  <span class=\"meta-nav\">&rarr;<\/span><\/a><\/p>\n","protected":false},"author":1,"featured_media":0,"parent":9,"menu_order":0,"comment_status":"closed","ping_status":"closed","template":"","meta":{"footnotes":""},"class_list":["post-41","page","type-page","status-publish","hentry"],"_links":{"self":[{"href":"https:\/\/blogs.univ-tlse2.fr\/burgos\/wp-json\/wp\/v2\/pages\/41","targetHints":{"allow":["GET"]}}],"collection":[{"href":"https:\/\/blogs.univ-tlse2.fr\/burgos\/wp-json\/wp\/v2\/pages"}],"about":[{"href":"https:\/\/blogs.univ-tlse2.fr\/burgos\/wp-json\/wp\/v2\/types\/page"}],"author":[{"embeddable":true,"href":"https:\/\/blogs.univ-tlse2.fr\/burgos\/wp-json\/wp\/v2\/users\/1"}],"replies":[{"embeddable":true,"href":"https:\/\/blogs.univ-tlse2.fr\/burgos\/wp-json\/wp\/v2\/comments?post=41"}],"version-history":[{"count":7,"href":"https:\/\/blogs.univ-tlse2.fr\/burgos\/wp-json\/wp\/v2\/pages\/41\/revisions"}],"predecessor-version":[{"id":74,"href":"https:\/\/blogs.univ-tlse2.fr\/burgos\/wp-json\/wp\/v2\/pages\/41\/revisions\/74"}],"up":[{"embeddable":true,"href":"https:\/\/blogs.univ-tlse2.fr\/burgos\/wp-json\/wp\/v2\/pages\/9"}],"wp:attachment":[{"href":"https:\/\/blogs.univ-tlse2.fr\/burgos\/wp-json\/wp\/v2\/media?parent=41"}],"curies":[{"name":"wp","href":"https:\/\/api.w.org\/{rel}","templated":true}]}}