 {"id":47,"date":"2014-03-14T15:51:32","date_gmt":"2014-03-14T14:51:32","guid":{"rendered":"https:\/\/blogs.univ-tlse2.fr\/burgos\/?page_id=47"},"modified":"2015-01-07T09:34:22","modified_gmt":"2015-01-07T08:34:22","slug":"burgos-un-cadre-ideal","status":"publish","type":"page","link":"https:\/\/blogs.univ-tlse2.fr\/burgos\/burgos-un-cadre-ideal\/","title":{"rendered":"Burgos un cadre id\u00e9al"},"content":{"rendered":"<p><strong>Burgos et ses environs offrent un cadre id\u00e9al<\/strong><\/p>\n<p>Aux origines m\u00eame de la Castille (IX-X\u00e8 si\u00e8cles), v\u00e9ritable mus\u00e9e \u00e0 ciel ouvert, Burgos et ses environs offrent un ensemble monumental de tout premier plan. Le XVI\u00e8 est, pour la ville, une \u00e9poque splendide gr\u00e2ce au monopole sur le commerce de la laine qui s&rsquo;\u00e9tend sur l&rsquo;Europe enti\u00e8re.<br \/>\nA Burgos, la langue castillane est au coeur de son aire linguistique, elle constitue encore aujourd&rsquo;hui la norme des \u00e9tudes hispaniques.<br \/>\nCapitale de provincia mais ville moyenne (environ 180 000 habitants), Burgos est rest\u00e9e \u00e0 dimension humaine et les contacts avec la population s&rsquo;en trouvent facilit\u00e9s. Ville universitaire, la proportion des \u00e9tudiants \u00e9trangers est cependant r\u00e9duite obligeant ainsi chacun \u00e0 parler espagnol pour le bien de sa formation.<br \/>\nCarrefour de communication nord-sud (Bayonne-Madrid), est-ouest (Barcelone-Saint-Jacques de Compostelle), le pays burgalais est rest\u00e9 fonci\u00e8rement ouvert aux \u00e9changes, notamment avec la France.<\/p>\n<p><\/p>","protected":false},"excerpt":{"rendered":"<p>Burgos et ses environs offrent un cadre id\u00e9al Aux origines m\u00eame de la Castille (IX-X\u00e8 si\u00e8cles), v\u00e9ritable mus\u00e9e \u00e0 ciel ouvert, Burgos et ses environs offrent un ensemble monumental de tout premier plan. Le XVI\u00e8 est, pour la ville, une \u00e9poque splendide gr\u00e2ce au monopole sur le commerce de la laine qui s&rsquo;\u00e9tend sur l&rsquo;Europe &hellip; <a href=\"https:\/\/blogs.univ-tlse2.fr\/burgos\/burgos-un-cadre-ideal\/\" class=\"more-link\">Continuer la lecture de <span class=\"screen-reader-text\">Burgos un cadre id\u00e9al<\/span>  <span class=\"meta-nav\">&rarr;<\/span><\/a><\/p>\n","protected":false},"author":1,"featured_media":0,"parent":0,"menu_order":0,"comment_status":"closed","ping_status":"closed","template":"","meta":{"footnotes":""},"class_list":["post-47","page","type-page","status-publish","hentry"],"_links":{"self":[{"href":"https:\/\/blogs.univ-tlse2.fr\/burgos\/wp-json\/wp\/v2\/pages\/47","targetHints":{"allow":["GET"]}}],"collection":[{"href":"https:\/\/blogs.univ-tlse2.fr\/burgos\/wp-json\/wp\/v2\/pages"}],"about":[{"href":"https:\/\/blogs.univ-tlse2.fr\/burgos\/wp-json\/wp\/v2\/types\/page"}],"author":[{"embeddable":true,"href":"https:\/\/blogs.univ-tlse2.fr\/burgos\/wp-json\/wp\/v2\/users\/1"}],"replies":[{"embeddable":true,"href":"https:\/\/blogs.univ-tlse2.fr\/burgos\/wp-json\/wp\/v2\/comments?post=47"}],"version-history":[{"count":1,"href":"https:\/\/blogs.univ-tlse2.fr\/burgos\/wp-json\/wp\/v2\/pages\/47\/revisions"}],"predecessor-version":[{"id":48,"href":"https:\/\/blogs.univ-tlse2.fr\/burgos\/wp-json\/wp\/v2\/pages\/47\/revisions\/48"}],"wp:attachment":[{"href":"https:\/\/blogs.univ-tlse2.fr\/burgos\/wp-json\/wp\/v2\/media?parent=47"}],"curies":[{"name":"wp","href":"https:\/\/api.w.org\/{rel}","templated":true}]}}

Burgos un cadre idéal

<p><strong>Burgos et ses environs offrent un cadre idéal</strong></p>
<p>Aux origines même de la Castille (IX-Xè siècles), véritable musée à ciel ouvert, Burgos et ses environs offrent un ensemble monumental de tout premier plan. Le XVIè est, pour la ville, une époque splendide grâce au monopole sur le commerce de la laine qui s&rsquo;étend sur l&rsquo;Europe entière.<br />
A Burgos, la langue castillane est au coeur de son aire linguistique, elle constitue encore aujourd&rsquo;hui la norme des études hispaniques.<br />
Capitale de provincia mais ville moyenne (environ 180 000 habitants), Burgos est restée à dimension humaine et les contacts avec la population s&rsquo;en trouvent facilités. Ville universitaire, la proportion des étudiants étrangers est cependant réduite obligeant ainsi chacun à parler espagnol pour le bien de sa formation.<br />
Carrefour de communication nord-sud (Bayonne-Madrid), est-ouest (Barcelone-Saint-Jacques de Compostelle), le pays burgalais est resté foncièrement ouvert aux échanges, notamment avec la France.</p>
<p></p>

<p>Burgos et ses environs offrent un cadre idéal Aux origines même de la Castille (IX-Xè siècles), véritable musée à ciel ouvert, Burgos et ses environs offrent un ensemble monumental de tout premier plan. Le XVIè est, pour la ville, une époque splendide grâce au monopole sur le commerce de la laine qui s&rsquo;étend sur l&rsquo;Europe &hellip; <a href="https://blogs.univ-tlse2.fr/burgos/burgos-un-cadre-ideal/" class="more-link">Continuer la lecture de <span class="screen-reader-text">Burgos un cadre idéal</span>  <span class="meta-nav">&rarr;</span></a></p>
