 {"id":75,"date":"2014-03-14T16:32:43","date_gmt":"2014-03-14T15:32:43","guid":{"rendered":"https:\/\/blogs.univ-tlse2.fr\/burgos\/?page_id=75"},"modified":"2015-01-07T09:37:54","modified_gmt":"2015-01-07T08:37:54","slug":"les-etudiants-en-recherche-de-formation","status":"publish","type":"page","link":"https:\/\/blogs.univ-tlse2.fr\/burgos\/les-etudiants-en-recherche-de-formation\/","title":{"rendered":"Les \u00e9tudiants en recherche de formation"},"content":{"rendered":"<p><br \/>\n<a href=\"https:\/\/blogs.univ-tlse2.fr\/burgos\/files\/2014\/03\/Burgos_2009-198_clausura-grupo.jpg\"><img loading=\"lazy\" decoding=\"async\" src=\"https:\/\/blogs.univ-tlse2.fr\/burgos\/files\/2014\/03\/Burgos_2009-198_clausura-grupo-1024x768.jpg\" alt=\"Burgos_2009 198_clausura grupo\" width=\"474\" height=\"355\" class=\"alignnone size-large wp-image-161\" srcset=\"https:\/\/blogs.univ-tlse2.fr\/burgos\/files\/2014\/03\/Burgos_2009-198_clausura-grupo-1024x768.jpg 1024w, https:\/\/blogs.univ-tlse2.fr\/burgos\/files\/2014\/03\/Burgos_2009-198_clausura-grupo-300x225.jpg 300w\" sizes=\"auto, (max-width: 474px) 100vw, 474px\" \/><\/a><\/p>\n<p><strong>Les \u00e9tudiants en recherche de formation.<\/strong><\/p>\n<p><strong>Les lyc\u00e9ens, notamment ceux de premi\u00e8re et de terminale, mais aussi les \u00e9tudiants non-sp\u00e9cialistes (LANSAD) qui souhaitent pr\u00e9senter le CLES<\/strong> auront une occasion unique de consolider la connaissance de la langue, de la culture et de la vie espagnole dans un contexte d\u00e9tendu et dynamique fait de rencontres et de d\u00e9couvertes. Ils pourront rencontrer des \u00e9tudiants de tous \u00e2ges, se d\u00e9tendre et, s&rsquo;ils le souhaitent, mieux r\u00e9fl\u00e9chir \u00e0 leur avenir. Une excellente occasion de joindre l&rsquo;utile et l&rsquo;agr\u00e9able, l&rsquo;ouverture \u00e0 autrui, la formation et la s\u00e9curit\u00e9.<\/p>\n<p><a href=\"https:\/\/blogs.univ-tlse2.fr\/burgos\/files\/2014\/03\/EOI-galerias-mai-2010-086.jpg\"><img loading=\"lazy\" decoding=\"async\" src=\"https:\/\/blogs.univ-tlse2.fr\/burgos\/files\/2014\/03\/EOI-galerias-mai-2010-086-1024x768.jpg\" alt=\"EOI galerias mai 2010 086\" width=\"474\" height=\"355\" class=\"alignnone size-large wp-image-169\" srcset=\"https:\/\/blogs.univ-tlse2.fr\/burgos\/files\/2014\/03\/EOI-galerias-mai-2010-086-1024x768.jpg 1024w, https:\/\/blogs.univ-tlse2.fr\/burgos\/files\/2014\/03\/EOI-galerias-mai-2010-086-300x225.jpg 300w\" sizes=\"auto, (max-width: 474px) 100vw, 474px\" \/><\/a><\/p>\n<p><strong>Les \u00e9tudiants hispanisants <\/strong>de licence (LCE ou LEA) trouveront aux Cours M\u00e9rim\u00e9e-De Sebasti\u00e1n des formations solides dans les mati\u00e8res habituelles de la licence (L1, L2, L3) : litt\u00e9ratures et civilisations d&rsquo;Espagne et d&rsquo;Am\u00e9rique latine, th\u00e8me et version litt\u00e9raires, traduction commerciale, espagnol de la conversation, des \u00e9changes, de la vie quotidienne et de la vie professionnelle.<\/p>\n<p>Les connaissances de base des \u00e9tudiants de <strong>Masters<\/strong> seront consolid\u00e9es et ils recevront des enseignements de m\u00e9thode aux techniques de la recherche et des enseignements sp\u00e9cifiques \u00e0 la nature du Master qu&rsquo;ils pr\u00e9parent (Master recherche, nouveau Master enseignement, Master dit \u00ab\u00a0professionnel\u00a0\u00bb).<\/p>\n<p>En raison m\u00eame de la situation des formations post-baccalaur\u00e9at (universitaires et classes pr\u00e9paratoires des lyc\u00e9es) <strong>l&rsquo;\u00e9t\u00e9 2014 apportera cette ann\u00e9e encore un soin particulier \u00e0 la pr\u00e9paration des concours<\/strong>, voir l&rsquo;Et\u00e9 2014 concours toujours).<\/p>\n<p><a href=\"https:\/\/blogs.univ-tlse2.fr\/burgos\/files\/2014\/03\/Burgos_2010_523_Caminando.jpg\"><img loading=\"lazy\" decoding=\"async\" src=\"https:\/\/blogs.univ-tlse2.fr\/burgos\/files\/2014\/03\/Burgos_2010_523_Caminando-1024x768.jpg\" alt=\"Burgos_2010_523_Caminando\" width=\"474\" height=\"355\" class=\"alignnone size-large wp-image-164\" srcset=\"https:\/\/blogs.univ-tlse2.fr\/burgos\/files\/2014\/03\/Burgos_2010_523_Caminando-1024x768.jpg 1024w, https:\/\/blogs.univ-tlse2.fr\/burgos\/files\/2014\/03\/Burgos_2010_523_Caminando-300x225.jpg 300w\" sizes=\"auto, (max-width: 474px) 100vw, 474px\" \/><\/a><\/p>\n<p>Pour le volet tr\u00e8s g\u00e9n\u00e9raliste et en raison m\u00eame de leur histoire et des institutions qui les impulsent, les Cours d&rsquo;\u00e9t\u00e9 de Burgos \u00ab\u00a0M\u00e9rim\u00e9e-De Sebasti\u00e1n\u00a0\u00bb ont vocation \u00e0 accueillir <strong>une large palette de curieux, d&rsquo;amateurs ou d&rsquo;amoureux de l&rsquo;Espagne<\/strong> qui souhaitent associer  la libert\u00e9 estivale et la culture (voir le \u00a7 \u00ab\u00a0Les amateurs de culture\u00a0\u00bb). <\/p>\n<p><a href=\"https:\/\/blogs.univ-tlse2.fr\/burgos\/files\/2014\/03\/Burgos_2009-040-excur_grupo.jpg\"><img loading=\"lazy\" decoding=\"async\" src=\"https:\/\/blogs.univ-tlse2.fr\/burgos\/files\/2014\/03\/Burgos_2009-040-excur_grupo-1024x768.jpg\" alt=\"Burgos_2009 040-excur_grupo\" width=\"474\" height=\"355\" class=\"alignnone size-large wp-image-154\" srcset=\"https:\/\/blogs.univ-tlse2.fr\/burgos\/files\/2014\/03\/Burgos_2009-040-excur_grupo-1024x768.jpg 1024w, https:\/\/blogs.univ-tlse2.fr\/burgos\/files\/2014\/03\/Burgos_2009-040-excur_grupo-300x225.jpg 300w\" sizes=\"auto, (max-width: 474px) 100vw, 474px\" \/><\/a><\/p>","protected":false},"excerpt":{"rendered":"<p>Les \u00e9tudiants en recherche de formation. Les lyc\u00e9ens, notamment ceux de premi\u00e8re et de terminale, mais aussi les \u00e9tudiants non-sp\u00e9cialistes (LANSAD) qui souhaitent pr\u00e9senter le CLES auront une occasion unique de consolider la connaissance de la langue, de la culture et de la vie espagnole dans un contexte d\u00e9tendu et dynamique fait de rencontres et &hellip; <a href=\"https:\/\/blogs.univ-tlse2.fr\/burgos\/les-etudiants-en-recherche-de-formation\/\" class=\"more-link\">Continuer la lecture de <span class=\"screen-reader-text\">Les \u00e9tudiants en recherche de formation<\/span>  <span class=\"meta-nav\">&rarr;<\/span><\/a><\/p>\n","protected":false},"author":1,"featured_media":0,"parent":0,"menu_order":0,"comment_status":"closed","ping_status":"closed","template":"","meta":{"footnotes":""},"class_list":["post-75","page","type-page","status-publish","hentry"],"_links":{"self":[{"href":"https:\/\/blogs.univ-tlse2.fr\/burgos\/wp-json\/wp\/v2\/pages\/75","targetHints":{"allow":["GET"]}}],"collection":[{"href":"https:\/\/blogs.univ-tlse2.fr\/burgos\/wp-json\/wp\/v2\/pages"}],"about":[{"href":"https:\/\/blogs.univ-tlse2.fr\/burgos\/wp-json\/wp\/v2\/types\/page"}],"author":[{"embeddable":true,"href":"https:\/\/blogs.univ-tlse2.fr\/burgos\/wp-json\/wp\/v2\/users\/1"}],"replies":[{"embeddable":true,"href":"https:\/\/blogs.univ-tlse2.fr\/burgos\/wp-json\/wp\/v2\/comments?post=75"}],"version-history":[{"count":5,"href":"https:\/\/blogs.univ-tlse2.fr\/burgos\/wp-json\/wp\/v2\/pages\/75\/revisions"}],"predecessor-version":[{"id":185,"href":"https:\/\/blogs.univ-tlse2.fr\/burgos\/wp-json\/wp\/v2\/pages\/75\/revisions\/185"}],"wp:attachment":[{"href":"https:\/\/blogs.univ-tlse2.fr\/burgos\/wp-json\/wp\/v2\/media?parent=75"}],"curies":[{"name":"wp","href":"https:\/\/api.w.org\/{rel}","templated":true}]}}

Les étudiants en recherche de formation

<p><br />
<a href="https://blogs.univ-tlse2.fr/burgos/files/2014/03/Burgos_2009-198_clausura-grupo.jpg"><img loading="lazy" decoding="async" src="https://blogs.univ-tlse2.fr/burgos/files/2014/03/Burgos_2009-198_clausura-grupo-1024x768.jpg" alt="Burgos_2009 198_clausura grupo" width="474" height="355" class="alignnone size-large wp-image-161" srcset="https://blogs.univ-tlse2.fr/burgos/files/2014/03/Burgos_2009-198_clausura-grupo-1024x768.jpg 1024w, https://blogs.univ-tlse2.fr/burgos/files/2014/03/Burgos_2009-198_clausura-grupo-300x225.jpg 300w" sizes="auto, (max-width: 474px) 100vw, 474px" /></a></p>
<p><strong>Les étudiants en recherche de formation.</strong></p>
<p><strong>Les lycéens, notamment ceux de première et de terminale, mais aussi les étudiants non-spécialistes (LANSAD) qui souhaitent présenter le CLES</strong> auront une occasion unique de consolider la connaissance de la langue, de la culture et de la vie espagnole dans un contexte détendu et dynamique fait de rencontres et de découvertes. Ils pourront rencontrer des étudiants de tous âges, se détendre et, s&rsquo;ils le souhaitent, mieux réfléchir à leur avenir. Une excellente occasion de joindre l&rsquo;utile et l&rsquo;agréable, l&rsquo;ouverture à autrui, la formation et la sécurité.</p>
<p><a href="https://blogs.univ-tlse2.fr/burgos/files/2014/03/EOI-galerias-mai-2010-086.jpg"><img loading="lazy" decoding="async" src="https://blogs.univ-tlse2.fr/burgos/files/2014/03/EOI-galerias-mai-2010-086-1024x768.jpg" alt="EOI galerias mai 2010 086" width="474" height="355" class="alignnone size-large wp-image-169" srcset="https://blogs.univ-tlse2.fr/burgos/files/2014/03/EOI-galerias-mai-2010-086-1024x768.jpg 1024w, https://blogs.univ-tlse2.fr/burgos/files/2014/03/EOI-galerias-mai-2010-086-300x225.jpg 300w" sizes="auto, (max-width: 474px) 100vw, 474px" /></a></p>
<p><strong>Les étudiants hispanisants </strong>de licence (LCE ou LEA) trouveront aux Cours Mérimée-De Sebastián des formations solides dans les matières habituelles de la licence (L1, L2, L3) : littératures et civilisations d&rsquo;Espagne et d&rsquo;Amérique latine, thème et version littéraires, traduction commerciale, espagnol de la conversation, des échanges, de la vie quotidienne et de la vie professionnelle.</p>
<p>Les connaissances de base des étudiants de <strong>Masters</strong> seront consolidées et ils recevront des enseignements de méthode aux techniques de la recherche et des enseignements spécifiques à la nature du Master qu&rsquo;ils préparent (Master recherche, nouveau Master enseignement, Master dit « professionnel »).</p>
<p>En raison même de la situation des formations post-baccalauréat (universitaires et classes préparatoires des lycées) <strong>l&rsquo;été 2014 apportera cette année encore un soin particulier à la préparation des concours</strong>, voir l&rsquo;Eté 2014 concours toujours).</p>
<p><a href="https://blogs.univ-tlse2.fr/burgos/files/2014/03/Burgos_2010_523_Caminando.jpg"><img loading="lazy" decoding="async" src="https://blogs.univ-tlse2.fr/burgos/files/2014/03/Burgos_2010_523_Caminando-1024x768.jpg" alt="Burgos_2010_523_Caminando" width="474" height="355" class="alignnone size-large wp-image-164" srcset="https://blogs.univ-tlse2.fr/burgos/files/2014/03/Burgos_2010_523_Caminando-1024x768.jpg 1024w, https://blogs.univ-tlse2.fr/burgos/files/2014/03/Burgos_2010_523_Caminando-300x225.jpg 300w" sizes="auto, (max-width: 474px) 100vw, 474px" /></a></p>
<p>Pour le volet très généraliste et en raison même de leur histoire et des institutions qui les impulsent, les Cours d&rsquo;été de Burgos « Mérimée-De Sebastián » ont vocation à accueillir <strong>une large palette de curieux, d&rsquo;amateurs ou d&rsquo;amoureux de l&rsquo;Espagne</strong> qui souhaitent associer  la liberté estivale et la culture (voir le § « Les amateurs de culture »). </p>
<p><a href="https://blogs.univ-tlse2.fr/burgos/files/2014/03/Burgos_2009-040-excur_grupo.jpg"><img loading="lazy" decoding="async" src="https://blogs.univ-tlse2.fr/burgos/files/2014/03/Burgos_2009-040-excur_grupo-1024x768.jpg" alt="Burgos_2009 040-excur_grupo" width="474" height="355" class="alignnone size-large wp-image-154" srcset="https://blogs.univ-tlse2.fr/burgos/files/2014/03/Burgos_2009-040-excur_grupo-1024x768.jpg 1024w, https://blogs.univ-tlse2.fr/burgos/files/2014/03/Burgos_2009-040-excur_grupo-300x225.jpg 300w" sizes="auto, (max-width: 474px) 100vw, 474px" /></a></p>

<p>Les étudiants en recherche de formation. Les lycéens, notamment ceux de première et de terminale, mais aussi les étudiants non-spécialistes (LANSAD) qui souhaitent présenter le CLES auront une occasion unique de consolider la connaissance de la langue, de la culture et de la vie espagnole dans un contexte détendu et dynamique fait de rencontres et &hellip; <a href="https://blogs.univ-tlse2.fr/burgos/les-etudiants-en-recherche-de-formation/" class="more-link">Continuer la lecture de <span class="screen-reader-text">Les étudiants en recherche de formation</span>  <span class="meta-nav">&rarr;</span></a></p>
