 {"id":35,"date":"2021-10-01T22:05:00","date_gmt":"2021-10-01T20:05:00","guid":{"rendered":"https:\/\/blogs.univ-tlse2.fr\/cartotrans\/?page_id=35"},"modified":"2021-10-28T16:55:59","modified_gmt":"2021-10-28T14:55:59","slug":"pour-aller-plus-loin","status":"publish","type":"page","link":"https:\/\/blogs.univ-tlse2.fr\/cartotrans\/pour-aller-plus-loin\/","title":{"rendered":"Bibliographie et table de presse"},"content":{"rendered":"\n<h1 class=\"wp-block-heading\">(en construction)<\/h1>\n\n\n\n<div class=\"wp-block-media-text alignwide has-media-on-the-right is-stacked-on-mobile\" style=\"grid-template-columns:auto 26%\"><figure class=\"wp-block-media-text__media\"><a href=\"http:\/\/librairie-floury.fr\"><img loading=\"lazy\" decoding=\"async\" width=\"150\" height=\"150\" src=\"https:\/\/blogs.univ-tlse2.fr\/cartotrans\/files\/2021\/10\/logo-RVB_Fond-transparent-bichrome-typo-vertical-30cm-150x150.png\" alt=\"\" class=\"wp-image-153 size-thumbnail\" \/><\/a><\/figure><div class=\"wp-block-media-text__content\">\n<p class=\"has-large-font-size\">Une s\u00e9lection d&rsquo;ouvrages sera propos\u00e9e \u00e0 la vente sur le lieu du colloque par la libraire ind\u00e9pendante toulousaine Floury Fr\u00e8res<\/p>\n\n\n\n<p>contact: Sofi Bord (s&#111;&#x66;&#x69;&#x2e;b&#111;&#x72;&#x64;&#x40;g&#109;&#x61;&#x69;&#x6c;&#46;&#99;&#x6f;&#x6d;)<\/p>\n<\/div><\/div>\n\n\n\n<h2 class=\"wp-block-heading\">Quelques r\u00e9f\u00e9rences des<strong> conf\u00e9renci\u00e8r\u00b7es<\/strong><\/h2>\n\n\n\n<p><strong>Sam Bourcier<\/strong><\/p>\n\n\n\n<ul class=\"wp-block-list\"><li><em>Queer Zones. La trilogie,<\/em> Amsterdam, 2018<\/li><li><em>Homo Inc.orporated. Le triangle et la licorne qui p\u00e8te<\/em>, Cambourakis, 2019.<\/li><\/ul>\n\n\n\n<p><strong>val flores<\/strong><\/p>\n\n\n\n<ul class=\"wp-block-list\"><li><em>Romper el coraz\u00f3n del mundo. Modos fugitivos de hacer teor\u00eda<\/em>, Continta me tienes, 2021 [Disponible ebook]<\/li><li>Blog: <a rel=\"noreferrer noopener\" href=\"http:\/\/escritoshereticos.blogspot.com\" data-type=\"URL\" data-id=\"http:\/\/escritoshereticos.blogspot.com\" target=\"_blank\">Escritos her\u00e9ticos<\/a><\/li><\/ul>\n\n\n\n<p><strong>Sayak Valencia<\/strong><\/p>\n\n\n\n<ul class=\"wp-block-list\"><li><em>Capitalismo gore<\/em>, Melusina, 2010 [Disponible ebook]<\/li><li>Blog: <a rel=\"noreferrer noopener\" href=\"http:\/\/sayakvalencia.blogspot.com\" target=\"_blank\">Sayak Valencia<\/a><\/li><\/ul>\n\n\n\n<h2 class=\"wp-block-heading\">Derniers ouvrages et num\u00e9ros de revue des participant\u00b7es<\/h2>\n\n\n\n<ul class=\"wp-block-list\"><li>Mariana Berlanga, <em>Una mirada al feminicidio<\/em>, Itaca, 2015.<\/li><li>Davy Desmas et Marie-Agn\u00e8s Palaisi, <em>Tendencias disidentes y minoritarias de la prosa mexicana actual (1996-2016)<\/em>, Mare&amp;Martin, 2018.<\/li><li>Karine Espineira, <em>Transidentit\u00e9s Ordre &amp; panique de Genre.&nbsp;Le r\u00e9el et ses interpr\u00e9tations<\/em>, L\u2019Harmattan, 2015.<\/li><li>Diego Falcon\u00ed Tr\u00e1vez (ed.), <em>Inflexi\u00f3n marica. Escrituras del descalabro gay en Am\u00e9rica Latina<\/em>, EGALES, 2018.<\/li><li>&nbsp;Claire Laguian et Anne-C\u00e9cile Druet (coord.), <a rel=\"noreferrer noopener\" href=\"https:\/\/www.upo.es\/revistas\/index.php\/ambigua\/issue\/view\/63\/showToc\" data-type=\"URL\" data-id=\"https:\/\/www.upo.es\/revistas\/index.php\/ambigua\/issue\/view\/63\/showToc\" target=\"_blank\"><em>Ambigua: revista de Investigaciones sobre G\u00e9nero y Estudios Culturales, <\/em>\u00ab\u00a0Seducciones literarias en la er\u00f3tica de la escritura. Aportaciones te\u00f3ricas desde el \u00e1mbito franc\u00e9s-espa\u00f1ol\u00a0\u00bb,&nbsp;n\u00b02, 2015<\/a>.<\/li><li>Sophie Large et Caroline Lepage (coord.), <a rel=\"noreferrer noopener\" href=\"http:\/\/crisol.parisnanterre.fr\/index.php\/crisol\/issue\/view\/72\" data-type=\"URL\" data-id=\"http:\/\/crisol.parisnanterre.fr\/index.php\/crisol\/issue\/view\/72\" target=\"_blank\"><em>Crisol<\/em>, \u00ab\u00a0F\u00e9minismes au XXIe si\u00e8cle. \u00c9critures et pratiques transgressives en Espagne et en Am\u00e9rique latine\u00a0\u00bb, n\u00b012, 2020<\/a>.<\/li><li>Daniel Link, <em>Suturas. Im\u00e1genes, escritura, vida<\/em>, Eterna cadencia, 2015.<\/li><li>Elena Madrigal, <em>Contarte en l\u00e9sbico<\/em>, Alondras, 2010.<\/li><li>Mercedes Ortega Gonz\u00e1lez-Rubio y Julio C\u00e9sar Penenrey Navarro (comp.),&nbsp;<em>Todos me miran. Am\u00e9rica Latina y el Caribe desde los Estudios de g\u00e9nero<\/em>, Universidad del Atl\u00e1ntico, 2017.<\/li><li>Marie-Agn\u00e8s Palaisi (coord.),&nbsp;<em>Entre textos y cr\u00edtica.&nbsp;Performatividad de g\u00e9nero en la literatura en lengua espa\u00f1ola del siglo xxi<\/em>, Mare&amp;Martin, 2021.<\/li><li>Muriel Plana, <em>Fictions queer. Esth\u00e9tique et politique de l&rsquo;imagination dans la litt\u00e9rature et les arts du spectacle<\/em>, EUD, 2018.<\/li><li>Lola Robles,&nbsp;<em>Identidades confinadas.&nbsp;La construcci\u00f3n de un conflicto entre feminismo, activismo trans y teor\u00eda queer<\/em>, Traficante de sue\u00f1os, 2021.<\/li><li>Facundo Saxe, <em>Disidencias sexuales. Un sistema de disturbios geoplanetarios sexo-subversivos-anales-contra-vitales<\/em>, Ediciones UNGS, 2021.<\/li><li>Mich\u00e8le Soriano (dir.),&nbsp;<em>F\u00e9minismes latino-am\u00e9ricains en traduction<\/em>, L&rsquo;Harmattan, 2020.<\/li><li>Meri Torras (ed.), <em>Cuerpo e identidad: estudios de g\u00e9nero y sexualidad<\/em>, Ediciones UAB, 2007.<\/li><li>Alexis Yannopoulos et Mercedes Ortega,  <a href=\"http:\/\/revues.univ-tlse2.fr\/sociocriticism\/\" data-type=\"URL\" data-id=\"http:\/\/revues.univ-tlse2.fr\/sociocriticism\/\" target=\"_blank\" rel=\"noreferrer noopener\"><em>Socio\/criticism<\/em>, \u00ab\u00a0Nuevas cartograf\u00edas decoloniales: el sujeto cultural en el caribe\u00a0\u00bb, XXXV-2, 2021<\/a>.<\/li><\/ul>\n\n\n\n<h2 class=\"wp-block-heading\">Retrouvez les publications des participant\u00b7es sur Academia &amp; HAL<\/h2>\n\n\n\n<p><\/p>\n\n\n\n<h2 class=\"wp-block-heading\">Revue <em>Socio\/criticism<\/em> (dir. Mich\u00e8le Soriano)<\/h2>\n\n\n\n<p><a href=\"http:\/\/revues.univ-tlse2.fr\/sociocriticism\/\" data-type=\"URL\" data-id=\"http:\/\/revues.univ-tlse2.fr\/sociocriticism\/\" target=\"_blank\" rel=\"noreferrer noopener\">XXXV-2 Nuevas cartograf\u00edas decoloniales: el sujeto cultural en el Caribe&nbsp;&nbsp;\/&nbsp;&nbsp;Nouvelles cartographies d\u00e9coloniales&nbsp;: le sujet culturel dans l\u2019aire carib\u00e9enne&nbsp;\/ New Decolonial Cartographies: The Cultural Subject in the Caribbean<\/a> (M. Ortega &amp; A. Yannopoulos coord.)<\/p>\n\n\n\n<p><a href=\"http:\/\/revues.univ-tlse2.fr\/sociocriticism\/index.php?id=2514\" data-type=\"URL\" data-id=\"http:\/\/revues.univ-tlse2.fr\/sociocriticism\/index.php?id=2514\" target=\"_blank\" rel=\"noreferrer noopener\">XXXV-1 Politiques des identit\u00e9s et des repr\u00e9sentations queer\/cuir. Performa(r)tivit\u00e9 et ar(t)chive \/ <em>Pol\u00edticas de las identitades y de las representaciones queer\/cuir. Performa(r)tividad y ar(t)chivo<\/em><\/a> (M-A Palaisi &amp; T. Courau coord.)&nbsp;<\/p>\n\n\n\n<p><a rel=\"noreferrer noopener\" href=\"http:\/\/revues.univ-tlse2.fr\/sociocriticism\/index.php?id=2713\" data-type=\"URL\" data-id=\"http:\/\/revues.univ-tlse2.fr\/sociocriticism\/index.php?id=2713\" target=\"_blank\">XX<\/a><a href=\"http:\/\/revues.univ-tlse2.fr\/sociocriticism\/index.php?id=2713\" data-type=\"URL\" data-id=\"http:\/\/revues.univ-tlse2.fr\/sociocriticism\/index.php?id=2713\" target=\"_blank\" rel=\"noreferrer noopener\">X<\/a><a rel=\"noreferrer noopener\" href=\"http:\/\/revues.univ-tlse2.fr\/sociocriticism\/index.php?id=2713\" data-type=\"URL\" data-id=\"http:\/\/revues.univ-tlse2.fr\/sociocriticism\/index.php?id=2713\" target=\"_blank\">IV-1\/2 La repr\u00e9sentation<\/a> (M. Soriano coord.)<\/p>\n","protected":false},"excerpt":{"rendered":"<p>(en construction) Une s\u00e9lection d&rsquo;ouvrages sera propos\u00e9e \u00e0 la vente sur le lieu du colloque par la libraire ind\u00e9pendante toulousaine Floury Fr\u00e8res contact: Sofi Bord (&#115;o&#x66;i&#x2e;b&#x6f;r&#x64;&#64;&#x67;m&#x61;i&#x6c;&#46;&#x63;o&#x6d;) Quelques r\u00e9f\u00e9rences des conf\u00e9renci\u00e8r\u00b7es Sam Bourcier Queer Zones. La trilogie, Amsterdam, 2018 Homo Inc.orporated. Le triangle et la licorne qui p\u00e8te, Cambourakis, 2019. val flores Romper el coraz\u00f3n del [&hellip;]<\/p>\n","protected":false},"author":533,"featured_media":0,"parent":0,"menu_order":0,"comment_status":"closed","ping_status":"closed","template":"","meta":{"footnotes":""},"class_list":["post-35","page","type-page","status-publish","hentry","post-preview"],"_links":{"self":[{"href":"https:\/\/blogs.univ-tlse2.fr\/cartotrans\/wp-json\/wp\/v2\/pages\/35","targetHints":{"allow":["GET"]}}],"collection":[{"href":"https:\/\/blogs.univ-tlse2.fr\/cartotrans\/wp-json\/wp\/v2\/pages"}],"about":[{"href":"https:\/\/blogs.univ-tlse2.fr\/cartotrans\/wp-json\/wp\/v2\/types\/page"}],"author":[{"embeddable":true,"href":"https:\/\/blogs.univ-tlse2.fr\/cartotrans\/wp-json\/wp\/v2\/users\/533"}],"replies":[{"embeddable":true,"href":"https:\/\/blogs.univ-tlse2.fr\/cartotrans\/wp-json\/wp\/v2\/comments?post=35"}],"version-history":[{"count":17,"href":"https:\/\/blogs.univ-tlse2.fr\/cartotrans\/wp-json\/wp\/v2\/pages\/35\/revisions"}],"predecessor-version":[{"id":157,"href":"https:\/\/blogs.univ-tlse2.fr\/cartotrans\/wp-json\/wp\/v2\/pages\/35\/revisions\/157"}],"wp:attachment":[{"href":"https:\/\/blogs.univ-tlse2.fr\/cartotrans\/wp-json\/wp\/v2\/media?parent=35"}],"curies":[{"name":"wp","href":"https:\/\/api.w.org\/{rel}","templated":true}]}}