 {"id":37,"date":"2021-10-01T22:05:16","date_gmt":"2021-10-01T20:05:16","guid":{"rendered":"https:\/\/blogs.univ-tlse2.fr\/cartotrans\/?page_id=37"},"modified":"2021-11-23T15:51:33","modified_gmt":"2021-11-23T14:51:33","slug":"retransmission-en-direct","status":"publish","type":"page","link":"https:\/\/blogs.univ-tlse2.fr\/cartotrans\/retransmission-en-direct\/","title":{"rendered":"Retransmission en direct"},"content":{"rendered":"\n<p>I<strong>MPORTANT<\/strong><\/p>\n\n\n\n<p>Pour avoir acc\u00e8s \u00e0 la vid\u00e9o, rafraichissez le lien apr\u00e8s l\u2019horaire de d\u00e9but de la conf\u00e9rence.<\/p>\n\n\n\n<p>Para acceder al video, actualice el enlace despu\u00e9s de la hora de inicio de la conferencia.&nbsp;<\/p>\n\n\n\n<h2 class=\"wp-block-heading\">J1 &#8211; Live du 24 novembre<\/h2>\n\n\n\n<iframe loading=\"lazy\" src=\"https:\/\/prismes.univ-toulouse.fr\/player.php?code=11TX89d8&#038;width=100%&#038;height=100%\" allowfullscreen webkitallowfullscreen mozallowfullscreen data-aspectratio=\"0.5625\" frameborder=\"0\" width=\"676px\" height=\"380,25px\" scrolling=\"no\"><\/iframe>\n\n\n\n<h2 class=\"wp-block-heading\">J2 &#8211; Live du 25 novembre<\/h2>\n\n\n\n<iframe loading=\"lazy\" src=\"https:\/\/prismes.univ-toulouse.fr\/player.php?code=4zstdBed&#038;width=100%&#038;height=100%\" allowfullscreen webkitallowfullscreen mozallowfullscreen data-aspectratio=\"0.5625\" frameborder=\"0\" width=\"676px\" height=\"380,25px\" scrolling=\"no\"><\/iframe>\n\n\n\n<h2 class=\"wp-block-heading\">J3 &#8211; Live du 26 novembre<\/h2>\n\n\n\n<iframe loading=\"lazy\" src=\"https:\/\/prismes.univ-toulouse.fr\/player.php?code=kp4noc1Q&#038;width=100%&#038;height=100%\" allowfullscreen webkitallowfullscreen mozallowfullscreen data-aspectratio=\"0.5625\" frameborder=\"0\" width=\"676px\" height=\"380,25px\" scrolling=\"no\"><\/iframe>\n\n\n\n<p><\/p>\n","protected":false},"excerpt":{"rendered":"<p>IMPORTANT Pour avoir acc\u00e8s \u00e0 la vid\u00e9o, rafraichissez le lien apr\u00e8s l\u2019horaire de d\u00e9but de la conf\u00e9rence. Para acceder al video, actualice el enlace despu\u00e9s de la hora de inicio de la conferencia.&nbsp; J1 &#8211; Live du 24 novembre J2 &#8211; Live du 25 novembre J3 &#8211; Live du 26 novembre<\/p>\n","protected":false},"author":533,"featured_media":0,"parent":0,"menu_order":0,"comment_status":"closed","ping_status":"closed","template":"","meta":{"footnotes":""},"class_list":["post-37","page","type-page","status-publish","hentry","post-preview"],"_links":{"self":[{"href":"https:\/\/blogs.univ-tlse2.fr\/cartotrans\/wp-json\/wp\/v2\/pages\/37","targetHints":{"allow":["GET"]}}],"collection":[{"href":"https:\/\/blogs.univ-tlse2.fr\/cartotrans\/wp-json\/wp\/v2\/pages"}],"about":[{"href":"https:\/\/blogs.univ-tlse2.fr\/cartotrans\/wp-json\/wp\/v2\/types\/page"}],"author":[{"embeddable":true,"href":"https:\/\/blogs.univ-tlse2.fr\/cartotrans\/wp-json\/wp\/v2\/users\/533"}],"replies":[{"embeddable":true,"href":"https:\/\/blogs.univ-tlse2.fr\/cartotrans\/wp-json\/wp\/v2\/comments?post=37"}],"version-history":[{"count":10,"href":"https:\/\/blogs.univ-tlse2.fr\/cartotrans\/wp-json\/wp\/v2\/pages\/37\/revisions"}],"predecessor-version":[{"id":201,"href":"https:\/\/blogs.univ-tlse2.fr\/cartotrans\/wp-json\/wp\/v2\/pages\/37\/revisions\/201"}],"wp:attachment":[{"href":"https:\/\/blogs.univ-tlse2.fr\/cartotrans\/wp-json\/wp\/v2\/media?parent=37"}],"curies":[{"name":"wp","href":"https:\/\/api.w.org\/{rel}","templated":true}]}}