 {"id":45,"date":"2021-10-03T21:25:03","date_gmt":"2021-10-03T19:25:03","guid":{"rendered":"https:\/\/blogs.univ-tlse2.fr\/cartotrans\/?page_id=45"},"modified":"2021-10-27T10:20:40","modified_gmt":"2021-10-27T08:20:40","slug":"contacts","status":"publish","type":"page","link":"https:\/\/blogs.univ-tlse2.fr\/cartotrans\/contacts\/","title":{"rendered":"Contacts et infos pratiques"},"content":{"rendered":"\n<p><strong>Comit\u00e9 d&rsquo;organisation<\/strong><\/p>\n\n\n\n<ul class=\"wp-block-list\"><li>Th\u00e9r\u00e8se Courau: &#x74;&#x68;&#101;re&#x73;&#x65;&#46;co&#x75;&#x72;&#97;u&#64;&#x75;&#x6e;&#x69;v-t&#x6c;&#x73;&#101;2&#46;&#x66;&#x72;<\/li><li>Marie-Agn\u00e8s Palaisi: &#x6d;&#x61;&#x2e;&#x70;&#x61;&#x6c;&#x61;&#x69;&#115;&#105;&#64;&#117;niv-tls&#x65;&#x32;&#x2e;&#x66;&#x72;<\/li><li>Sofi Bord: sof&#105;&#x2e;&#x62;&#x6f;rd&#64;&#103;&#x6d;&#x61;&#x69;&#x6c;&#46;co&#109;<\/li><li>Koamivi Mawulolo Aziagba: &#x6b;&#111;a&#x6d;&#105;v&#x69;&#x2e;a&#x7a;&#x69;&#97;g&#x62;&#97;&#64;&#x75;&#x6e;i&#x76;&#x2d;&#116;l&#x73;&#101;2&#x2e;&#x66;r<\/li><li>Ricardo Robles Rodriguez: r&#x69;&#x6b;k&#x79;&#x72;o&#x62;&#x6c;e&#115;&#x33;1&#64;&#x67;m&#97;&#x69;l&#46;&#x63;om<\/li><li>Sophia Sabl\u00e9: &#115;o&#x70;h&#x69;a&#x2e;s&#x61;&#98;&#x6c;&#101;2&#x40;g&#x6d;a&#x69;l&#x2e;c&#x6f;&#109;<\/li><\/ul>\n\n\n\n<p><strong>contact<\/strong>: &#x74;he&#x72;&#101;s&#x65;&#46;c&#x6f;&#117;r&#x61;&#117;&#64;&#x75;&#x6e;i&#x76;&#x2d;t&#x6c;&#x73;e&#x32;&#x2e;fr<\/p>\n\n\n\n<p><strong>Lieu du colloque<\/strong><\/p>\n\n\n\n<div class=\"wp-block-group\"><div class=\"wp-block-group__inner-container is-layout-flow wp-block-group-is-layout-flow\">\n<p>Universit\u00e9 Toulouse Jean Jaur\u00e8s<\/p>\n\n\n\n<p>5 All\u00e9e Antonio Machado <\/p>\n\n\n\n<p>31058 Toulouse<\/p>\n<\/div><\/div>\n\n\n\n<p><strong>M\u00e9tro: Ligne A &#8211; Mirail Universit\u00e9<\/strong><\/p>\n\n\n\n<p>Maison de la recherche, 4\u00e8me \u00e9tage, Amphi F417 et salle E 412<\/p>\n\n\n\n<p><a rel=\"noreferrer noopener\" href=\"https:\/\/www.univ-tlse2.fr\/accueil\/plan-et-contact\/plan-du-campus-mirail\" data-type=\"URL\" data-id=\"https:\/\/www.univ-tlse2.fr\/accueil\/plan-et-contact\/plan-du-campus-mirail\" target=\"_blank\">T\u00e9l\u00e9charger le Plan<\/a> <\/p>\n\n\n\n<p><\/p>\n\n\n\n<p><\/p>\n\n\n\n<p><\/p>\n","protected":false},"excerpt":{"rendered":"<p>Comit\u00e9 d&rsquo;organisation Th\u00e9r\u00e8se Courau: &#x74;&#x68;&#101;re&#x73;&#x65;&#46;co&#x75;&#x72;&#97;u&#64;&#x75;&#x6e;&#x69;v-t&#x6c;&#x73;&#101;2&#46;&#x66;&#x72; Marie-Agn\u00e8s Palaisi: ma&#46;&#x70;&#x61;lai&#115;&#x69;&#x40;uni&#118;&#x2d;&#x74;ls&#101;&#x32;&#x2e;&#x66;r Sofi Bord: so&#102;&#x69;&#x2e;bor&#100;&#x40;&#x67;mai&#108;&#x2e;&#x63;om Koamivi Mawulolo Aziagba: &#107;&#x6f;a&#x6d;&#x69;&#118;&#x69;&#46;&#x61;&#x7a;&#105;&#x61;g&#x62;&#x61;&#64;&#x75;n&#x69;&#x76;&#45;&#x74;l&#x73;&#x65;&#50;&#x2e;f&#x72; Ricardo Robles Rodriguez: r&#x69;k&#x6b;&#x79;r&#x6f;b&#108;&#x65;s&#x33;1&#64;&#x67;m&#x61;i&#108;&#x2e;c&#x6f;&#x6d; Sophia Sabl\u00e9: s&#x6f;p&#104;&#x69;a&#46;&#x73;a&#98;&#x6c;e&#50;&#x40;g&#x6d;&#x61;i&#x6c;&#x2e;c&#x6f;m contact: &#x74;&#x68;&#101;res&#x65;&#x2e;&#x63;&#111;ur&#x61;&#x75;&#x40;&#117;ni&#x76;&#x2d;&#x74;&#108;se&#x32;&#x2e;&#x66;&#114; Lieu du colloque Universit\u00e9 Toulouse Jean Jaur\u00e8s 5 All\u00e9e Antonio Machado 31058 Toulouse M\u00e9tro: Ligne A &#8211; Mirail Universit\u00e9 Maison de la recherche, 4\u00e8me \u00e9tage, Amphi F417 et salle E 412 [&hellip;]<\/p>\n","protected":false},"author":533,"featured_media":0,"parent":0,"menu_order":0,"comment_status":"closed","ping_status":"closed","template":"","meta":{"footnotes":""},"class_list":["post-45","page","type-page","status-publish","hentry","post-preview"],"_links":{"self":[{"href":"https:\/\/blogs.univ-tlse2.fr\/cartotrans\/wp-json\/wp\/v2\/pages\/45","targetHints":{"allow":["GET"]}}],"collection":[{"href":"https:\/\/blogs.univ-tlse2.fr\/cartotrans\/wp-json\/wp\/v2\/pages"}],"about":[{"href":"https:\/\/blogs.univ-tlse2.fr\/cartotrans\/wp-json\/wp\/v2\/types\/page"}],"author":[{"embeddable":true,"href":"https:\/\/blogs.univ-tlse2.fr\/cartotrans\/wp-json\/wp\/v2\/users\/533"}],"replies":[{"embeddable":true,"href":"https:\/\/blogs.univ-tlse2.fr\/cartotrans\/wp-json\/wp\/v2\/comments?post=45"}],"version-history":[{"count":14,"href":"https:\/\/blogs.univ-tlse2.fr\/cartotrans\/wp-json\/wp\/v2\/pages\/45\/revisions"}],"predecessor-version":[{"id":149,"href":"https:\/\/blogs.univ-tlse2.fr\/cartotrans\/wp-json\/wp\/v2\/pages\/45\/revisions\/149"}],"wp:attachment":[{"href":"https:\/\/blogs.univ-tlse2.fr\/cartotrans\/wp-json\/wp\/v2\/media?parent=45"}],"curies":[{"name":"wp","href":"https:\/\/api.w.org\/{rel}","templated":true}]}}

<p><strong>Comité d&rsquo;organisation</strong></p>



<ul class="wp-block-list"><li>Thérèse Courau: &#x74;&#x68;&#101;re&#x73;&#x65;&#46;co&#x75;&#x72;&#97;u&#64;&#x75;&#x6e;&#x69;v-t&#x6c;&#x73;&#101;2&#46;&#x66;&#x72;</li><li>Marie-Agnès Palaisi: &#x6d;&#x61;&#x2e;&#x70;&#x61;&#x6c;&#x61;&#x69;&#115;&#105;&#64;&#117;niv-tls&#x65;&#x32;&#x2e;&#x66;&#x72;</li><li>Sofi Bord: sof&#105;&#x2e;&#x62;&#x6f;rd&#64;&#103;&#x6d;&#x61;&#x69;&#x6c;&#46;co&#109;</li><li>Koamivi Mawulolo Aziagba: &#x6b;&#111;a&#x6d;&#105;v&#x69;&#x2e;a&#x7a;&#x69;&#97;g&#x62;&#97;&#64;&#x75;&#x6e;i&#x76;&#x2d;&#116;l&#x73;&#101;2&#x2e;&#x66;r</li><li>Ricardo Robles Rodriguez: r&#x69;&#x6b;k&#x79;&#x72;o&#x62;&#x6c;e&#115;&#x33;1&#64;&#x67;m&#97;&#x69;l&#46;&#x63;om</li><li>Sophia Sablé: &#115;o&#x70;h&#x69;a&#x2e;s&#x61;&#98;&#x6c;&#101;2&#x40;g&#x6d;a&#x69;l&#x2e;c&#x6f;&#109;</li></ul>



<p><strong>contact</strong>: &#x74;he&#x72;&#101;s&#x65;&#46;c&#x6f;&#117;r&#x61;&#117;&#64;&#x75;&#x6e;i&#x76;&#x2d;t&#x6c;&#x73;e&#x32;&#x2e;fr</p>



<p><strong>Lieu du colloque</strong></p>



<div class="wp-block-group"><div class="wp-block-group__inner-container is-layout-flow wp-block-group-is-layout-flow">
<p>Université Toulouse Jean Jaurès</p>



<p>5 Allée Antonio Machado </p>



<p>31058 Toulouse</p>
</div></div>



<p><strong>Métro: Ligne A &#8211; Mirail Université</strong></p>



<p>Maison de la recherche, 4ème étage, Amphi F417 et salle E 412</p>



<p><a rel="noreferrer noopener" href="https://www.univ-tlse2.fr/accueil/plan-et-contact/plan-du-campus-mirail" data-type="URL" data-id="https://www.univ-tlse2.fr/accueil/plan-et-contact/plan-du-campus-mirail" target="_blank">Télécharger le Plan</a> </p>



<p></p>



<p></p>



<p></p>

<p>Comité d&rsquo;organisation Thérèse Courau: &#x74;&#x68;&#101;re&#x73;&#x65;&#46;co&#x75;&#x72;&#97;u&#64;&#x75;&#x6e;&#x69;v-t&#x6c;&#x73;&#101;2&#46;&#x66;&#x72; Marie-Agnès Palaisi: ma&#46;&#x70;&#x61;lai&#115;&#x69;&#x40;uni&#118;&#x2d;&#x74;ls&#101;&#x32;&#x2e;&#x66;r Sofi Bord: so&#102;&#x69;&#x2e;bor&#100;&#x40;&#x67;mai&#108;&#x2e;&#x63;om Koamivi Mawulolo Aziagba: &#107;&#x6f;a&#x6d;&#x69;&#118;&#x69;&#46;&#x61;&#x7a;&#105;&#x61;g&#x62;&#x61;&#64;&#x75;n&#x69;&#x76;&#45;&#x74;l&#x73;&#x65;&#50;&#x2e;f&#x72; Ricardo Robles Rodriguez: r&#x69;k&#x6b;&#x79;r&#x6f;b&#108;&#x65;s&#x33;1&#64;&#x67;m&#x61;i&#108;&#x2e;c&#x6f;&#x6d; Sophia Sablé: s&#x6f;p&#104;&#x69;a&#46;&#x73;a&#98;&#x6c;e&#50;&#x40;g&#x6d;&#x61;i&#x6c;&#x2e;c&#x6f;m contact: &#x74;&#x68;&#101;res&#x65;&#x2e;&#x63;&#111;ur&#x61;&#x75;&#x40;&#117;ni&#x76;&#x2d;&#x74;&#108;se&#x32;&#x2e;&#x66;&#114; Lieu du colloque Université Toulouse Jean Jaurès 5 Allée Antonio Machado 31058 Toulouse Métro: Ligne A &#8211; Mirail Université Maison de la recherche, 4ème étage, Amphi F417 et salle E 412 [&hellip;]</p>
