 {"id":165,"date":"2015-07-01T08:00:28","date_gmt":"2015-07-01T07:00:28","guid":{"rendered":"https:\/\/blogs.univ-tlse2.fr\/ccu\/?page_id=165"},"modified":"2016-11-17T16:13:59","modified_gmt":"2016-11-17T15:13:59","slug":"ccu","status":"publish","type":"page","link":"https:\/\/blogs.univ-tlse2.fr\/ccu\/","title":{"rendered":"Pr\u00e9sentation"},"content":{"rendered":"<p>La plateforme technologique Cognition, Comportements et Usages (CCU) est d\u00e9di\u00e9e \u00e0 l\u2019\u00e9tude du comportement cognitif humain, mais \u00e9galement \u00e0 l\u2019\u00e9tude des usages dans diverses situations \u00e0 travers les r\u00e9ponses physiologiques et psychologiques de participants confront\u00e9s \u00e0 diff\u00e9rentes situations. Concr\u00e8tement, il s\u2019agit d\u2019observer ce qu\u2019une personne fait d\u2019un appareil, d\u2019un dispositif quelconque.<\/p>\n<p>La plateforme d\u00e9pend de la <a href=\"http:\/\/mshs.univ-toulouse.fr\/\">Maison des Sciences de l\u2019Homme et de la Soci\u00e9t\u00e9 de Toulouse (MSHS-T USR3414)<\/a>, rattach\u00e9e \u00e0 l\u2019Institut des Sciences Humaines et Sociales (InSHS) du CNRS et associe le CNRS \u00e0 l\u2019Universit\u00e9 F\u00e9d\u00e9rale de Toulouse (pour le compte des 3 universit\u00e9s toulousaines et \u00e0 l\u2019Institut d\u2019\u00c9tudes Politiques). La MSHS-T f\u00e9d\u00e8re 29 unit\u00e9s de recherche en sciences humaines et sociales du site toulousain.<\/p>\n<p>Elle a \u00e9t\u00e9 financ\u00e9e par un Contrat de Plan \u00c9tat-R\u00e9gion (CPER) obtenu en 2015, qui a permis de renouveler\u00a0 le mat\u00e9riel et cr\u00e9er de nouveaux plateaux techniques compl\u00e9mentaires de ceux d\u00e9j\u00e0 en place.<\/p>\n<p>L\u2019id\u00e9e d\u2019une plateforme polyvalente en cognition avait \u00e9t\u00e9 initi\u00e9e d\u00e8s 2003 par Jean-Marie Cellier, directeur d\u2019\u00e9tudes \u00e9m\u00e9rite de l\u2019\u00c9cole Pratique des Hautes Etudes (EPHE) et ancien vice-pr\u00e9sident du conseil scientifique de l\u2019Universit\u00e9 Toulouse &#8211; Jean Jaur\u00e8s.<\/p>\n<p>La r\u00e9installation de la plateforme dans les nouveaux locaux de la Maison de la recherche de l\u2019Universit\u00e9 Toulouse &#8211; Jean Jaur\u00e8s, ainsi que l\u2019achat de mat\u00e9riels nouveaux, ont \u00e9t\u00e9 financ\u00e9s \u00e0 hauteur de 410 000 \u20ac par le Centre National de la Recherche Scientifique (CNRS), la R\u00e9gion Midi-Pyr\u00e9n\u00e9es, la Collectivit\u00e9 Toulouse-M\u00e9tropole et le programme Initiatives d\u2019Excellence (IDEX). La construction d\u2019un nouveau b\u00e2timent a offert l\u2019opportunit\u00e9 de cr\u00e9er cet espace unique et a permis aux chercheurs d\u2019intervenir au moment de l\u2019\u00e9criture des cahiers des charges et concevoir en amont les plans de l\u2019espace accueillant la plateforme.<\/p>\n<p>Les chercheurs responsables de chaque plateau de la plateforme CCU sont issus du laboratoire Cognition, Langues, Langage, Ergonomie (CLLE UMR5263) et de la MSHS-T.<\/p>\n<p>La plateforme technologique CCU comporte 9 plateaux, chacun sp\u00e9cialis\u00e9 dans un domaine de recherche en cognition. Chaque plateau apporte un \u00e9l\u00e9ment diff\u00e9rent dans l\u2019observation des participants. Les syst\u00e8mes d\u2019observation des diff\u00e9rents plateaux peuvent se combiner\u00a0.<\/p>\n","protected":false},"excerpt":{"rendered":"<p>La plateforme technologique Cognition, Comportements et Usages (CCU) est d\u00e9di\u00e9e \u00e0 l\u2019\u00e9tude du comportement cognitif humain, mais \u00e9galement \u00e0 l\u2019\u00e9tude des usages dans diverses situations \u00e0 travers les r\u00e9ponses physiologiques et psychologiques de participants confront\u00e9s \u00e0 diff\u00e9rentes situations. Concr\u00e8tement, il s\u2019agit d\u2019observer ce qu\u2019une personne fait d\u2019un appareil, d\u2019un dispositif quelconque. La plateforme d\u00e9pend de [&hellip;]<\/p>\n","protected":false},"author":279,"featured_media":0,"parent":0,"menu_order":0,"comment_status":"open","ping_status":"open","template":"","meta":{"footnotes":""},"class_list":["post-165","page","type-page","status-publish","hentry"],"_links":{"self":[{"href":"https:\/\/blogs.univ-tlse2.fr\/ccu\/wp-json\/wp\/v2\/pages\/165","targetHints":{"allow":["GET"]}}],"collection":[{"href":"https:\/\/blogs.univ-tlse2.fr\/ccu\/wp-json\/wp\/v2\/pages"}],"about":[{"href":"https:\/\/blogs.univ-tlse2.fr\/ccu\/wp-json\/wp\/v2\/types\/page"}],"author":[{"embeddable":true,"href":"https:\/\/blogs.univ-tlse2.fr\/ccu\/wp-json\/wp\/v2\/users\/279"}],"replies":[{"embeddable":true,"href":"https:\/\/blogs.univ-tlse2.fr\/ccu\/wp-json\/wp\/v2\/comments?post=165"}],"version-history":[{"count":10,"href":"https:\/\/blogs.univ-tlse2.fr\/ccu\/wp-json\/wp\/v2\/pages\/165\/revisions"}],"predecessor-version":[{"id":193,"href":"https:\/\/blogs.univ-tlse2.fr\/ccu\/wp-json\/wp\/v2\/pages\/165\/revisions\/193"}],"wp:attachment":[{"href":"https:\/\/blogs.univ-tlse2.fr\/ccu\/wp-json\/wp\/v2\/media?parent=165"}],"curies":[{"name":"wp","href":"https:\/\/api.w.org\/{rel}","templated":true}]}}