 {"id":271,"date":"2016-11-24T11:48:43","date_gmt":"2016-11-24T10:48:43","guid":{"rendered":"https:\/\/blogs.univ-tlse2.fr\/ccu\/?page_id=271"},"modified":"2016-11-24T14:53:44","modified_gmt":"2016-11-24T13:53:44","slug":"petra","status":"publish","type":"page","link":"https:\/\/blogs.univ-tlse2.fr\/ccu\/les-plateaux-techniques\/petra\/","title":{"rendered":"PETRA"},"content":{"rendered":"<p>Ce plateau technique regroupe dans une cabine audiom\u00e9trique de 25m2 des comp\u00e9tences en perception et en design sonore et des mat\u00e9riels audio et informatiques permettant l\u2019acquisition, l\u2019analyse et le traitement du signal acoustique. L\u2019ensemble de reproduction sonore permet d\u2019envisager des tests auditifs complets (audiom\u00e9trie, tests psychoacoustiques, orientation horizontale, forts niveaux sonores, etc\u2026).<\/p>\n<p><strong>Responsable scientifique<\/strong>\u00a0:<\/p>\n<p><a class=\"spip_mail\" href=\"&#x6d;&#97;i&#x6c;&#116;o&#x3a;&#x70;a&#x73;&#x63;&#97;l&#x2e;&#103;a&#x69;&#x6c;l&#x61;&#x72;&#100;&#64;&#x75;&#110;i&#x76;&#x2d;t&#x6c;&#x73;&#101;2&#x2e;&#102;r\">Pascal Gaillard<\/a> (MCF, CLLE-LTC UMR5263)<\/p>\n<p><strong>Equipe scientifique<\/strong>\u00a0:<\/p>\n<p><a class=\"spip_mail\" href=\"mai&#108;&#116;&#x6f;&#x3a;&#x6a;&#x75;&#x6c;ien&#46;&#116;&#x61;&#x72;&#x64;&#x69;&#x65;u&#64;u&#110;&#105;&#x76;&#x2d;&#x74;&#x6c;&#x73;e2&#46;&#102;&#114;\">Julien Tardieu<\/a> (Chercheur CDD, CNRS, MSHS-T USR3414)<\/p>\n<p><a class=\"spip_mail\" href=\"m&#x61;i&#x6c;&#x74;o&#x3a;c&#121;&#x6e;t&#x68;i&#97;&#x2e;m&#x61;g&#110;&#x65;n&#x40;&#x75;n&#x69;v&#45;&#x74;l&#x73;e&#50;&#x2e;f&#x72;\">Cynthia Magnen<\/a> (Chercheur CDD, CNRS, MSHS-T USR3414)<\/p>\n<p>&nbsp;<\/p>\n<p><a href=\"https:\/\/blogs.univ-tlse2.fr\/ccu\/files\/2016\/11\/bandeau.jpg\"><img loading=\"lazy\" decoding=\"async\" class=\"wp-image-275 size-full\" src=\"https:\/\/blogs.univ-tlse2.fr\/ccu\/files\/2016\/11\/bandeau.jpg\" alt=\"Perceptrion, table permettant une t\u00e2che de tri libre, utilis\u00e9e pour \u00e9tudier la perception des sons (parole, musique, sons de l'environnement). Chaque objet pos\u00e9 sur la table joue un son et le participant doit cr\u00e9er des groupes de sons en d\u00e9pla\u00e7ant les objets. Une cam\u00e9ra est situ\u00e9e sous la table r\u00e9tro\u00e9clair\u00e9e par un vid\u00e9o projecteur afin d'adapter l'affichage en fonction de la position des objets, ainsi que la diffusion du son en fonction des actions effectu\u00e9es sur chaque objet. Cette interface tangible permet \u00e0 la t\u00e2che de tri libre d'\u00eatre plus intuitive et plus ludique que sur un \u00e9cran d'ordinateur. Plateau PETRA, de la plateforme technologique Cognition, comportements et usages (CCU). USR3414 Maison des Sciences de l'Homme et de la Soci\u00e9t\u00e9 de Toulouse 20160058_0013\" width=\"688\" height=\"152\" srcset=\"https:\/\/blogs.univ-tlse2.fr\/ccu\/files\/2016\/11\/bandeau.jpg 688w, https:\/\/blogs.univ-tlse2.fr\/ccu\/files\/2016\/11\/bandeau-300x66.jpg 300w\" sizes=\"auto, (max-width: 688px) 100vw, 688px\" \/><\/a><\/p>\n<p><a href=\"https:\/\/blogs.univ-tlse2.fr\/ccu\/files\/2016\/11\/bandeau2.jpg\"><img loading=\"lazy\" decoding=\"async\" class=\"wp-image-276 size-full\" src=\"https:\/\/blogs.univ-tlse2.fr\/ccu\/files\/2016\/11\/bandeau2.jpg\" alt=\"Objet sous lequel est dessin\u00e9e une forme, reconnue par la cam\u00e9ra infrarouge de l'interface du Perceptrion. Le Perceptrion, une table permettant une t\u00e2che de tri libre, est utilis\u00e9e pour \u00e9tudier la perception des sons (parole, musique, sons de l'environnement). Chaque objet pos\u00e9 sur la table joue un son et le participant doit cr\u00e9er des groupes de sons en d\u00e9pla\u00e7ant les objets. Une cam\u00e9ra est situ\u00e9e sous la table r\u00e9tro\u00e9clair\u00e9e par un vid\u00e9oprojecteur afin d'adapter l'affichage en fonction de la position des objets, ainsi que la diffusion du son en fonction des actions effectu\u00e9es sur chaque objet. Cette interface tangible permet \u00e0 la t\u00e2che de tri libre d'\u00eatre plus intuitive et plus ludique que sur un \u00e9cran d'ordinateur. Plateau PETRA, de la plateforme technologique Cognition, comportements et usages (CCU). USR3414 Maison des Sciences de l'Homme et de la Soci\u00e9t\u00e9 de Toulouse 20160058_0014\" width=\"688\" height=\"152\" srcset=\"https:\/\/blogs.univ-tlse2.fr\/ccu\/files\/2016\/11\/bandeau2.jpg 688w, https:\/\/blogs.univ-tlse2.fr\/ccu\/files\/2016\/11\/bandeau2-300x66.jpg 300w\" sizes=\"auto, (max-width: 688px) 100vw, 688px\" \/><\/a><\/p>\n<p>Perceptrion, un des outils du plateau PETRA, est une table permettant une t\u00e2che de tri libre, utilis\u00e9e pour \u00e9tudier la perception des sons (parole, musique, sons de l&rsquo;environnement). Chaque objet pos\u00e9 sur la table joue un son et le participant doit cr\u00e9er des groupes de sons en d\u00e9pla\u00e7ant les objets. Une cam\u00e9ra est situ\u00e9e sous la table r\u00e9tro\u00e9clair\u00e9e par un vid\u00e9o projecteur afin d&rsquo;adapter l&rsquo;affichage en fonction de la position des objets, ainsi que la diffusion du son en fonction des actions effectu\u00e9es sur chaque objet. Cette interface tangible permet \u00e0 la t\u00e2che de tri libre d&rsquo;\u00eatre plus intuitive et plus ludique que sur un \u00e9cran d&rsquo;ordinateur.<\/p>\n<p><em>Cr\u00e9dit photos : Fr\u00e9d\u00e9ric MALIGNE\/MSH Toulouse\/CNRS Phototh\u00e8que<\/em><\/p>\n<p>&nbsp;<\/p>\n","protected":false},"excerpt":{"rendered":"<p>Ce plateau technique regroupe dans une cabine audiom\u00e9trique de 25m2 des comp\u00e9tences en perception et en design sonore et des mat\u00e9riels audio et informatiques permettant l\u2019acquisition, l\u2019analyse et le traitement du signal acoustique. L\u2019ensemble de reproduction sonore permet d\u2019envisager des tests auditifs complets (audiom\u00e9trie, tests psychoacoustiques, orientation horizontale, forts niveaux sonores, etc\u2026). Responsable scientifique\u00a0: Pascal [&hellip;]<\/p>\n","protected":false},"author":279,"featured_media":0,"parent":11,"menu_order":0,"comment_status":"closed","ping_status":"closed","template":"","meta":{"footnotes":""},"class_list":["post-271","page","type-page","status-publish","hentry"],"_links":{"self":[{"href":"https:\/\/blogs.univ-tlse2.fr\/ccu\/wp-json\/wp\/v2\/pages\/271","targetHints":{"allow":["GET"]}}],"collection":[{"href":"https:\/\/blogs.univ-tlse2.fr\/ccu\/wp-json\/wp\/v2\/pages"}],"about":[{"href":"https:\/\/blogs.univ-tlse2.fr\/ccu\/wp-json\/wp\/v2\/types\/page"}],"author":[{"embeddable":true,"href":"https:\/\/blogs.univ-tlse2.fr\/ccu\/wp-json\/wp\/v2\/users\/279"}],"replies":[{"embeddable":true,"href":"https:\/\/blogs.univ-tlse2.fr\/ccu\/wp-json\/wp\/v2\/comments?post=271"}],"version-history":[{"count":5,"href":"https:\/\/blogs.univ-tlse2.fr\/ccu\/wp-json\/wp\/v2\/pages\/271\/revisions"}],"predecessor-version":[{"id":279,"href":"https:\/\/blogs.univ-tlse2.fr\/ccu\/wp-json\/wp\/v2\/pages\/271\/revisions\/279"}],"up":[{"embeddable":true,"href":"https:\/\/blogs.univ-tlse2.fr\/ccu\/wp-json\/wp\/v2\/pages\/11"}],"wp:attachment":[{"href":"https:\/\/blogs.univ-tlse2.fr\/ccu\/wp-json\/wp\/v2\/media?parent=271"}],"curies":[{"name":"wp","href":"https:\/\/api.w.org\/{rel}","templated":true}]}}