 {"id":296,"date":"2017-12-07T16:51:19","date_gmt":"2017-12-07T15:51:19","guid":{"rendered":"https:\/\/blogs.univ-tlse2.fr\/celine-vaguer\/?page_id=296"},"modified":"2024-03-16T23:24:31","modified_gmt":"2024-03-16T22:24:31","slug":"centres-interet","status":"publish","type":"page","link":"https:\/\/blogs.univ-tlse2.fr\/celine-vaguer\/parcours\/centres-interet\/","title":{"rendered":"Centres d&rsquo;int\u00e9r\u00eat"},"content":{"rendered":"<ul>\n<li><strong>Sports <\/strong>: arts martiaux (Judo, Karat\u00e9-Do), tennis, natation, training, volley\u2011ball, v\u00e9lo<br \/>\n.2009- : Pratique du <strong>Karat\u00e9-Do Shotokai<\/strong> (\u00c9cole Mushinkai &#8211; CN 2eDan FFKDA) au sein du <a href=\"https:\/\/karate-dojo-unionais.clubeo.com\/\">Karat\u00e9 Dojo Unionais<\/a><br \/>\n.2024- : Formation PSC1 (Pr\u00e9vention et secours civiques de niveau 1 &#8211; FFSS) &#8211; recyclage<br \/>\n.2022- : Responsable de la communication du <a href=\"_wp_link_placeholder\" data-wplink-edit=\"true\">Dojo Unionais<\/a> (31240 L&rsquo;Union)<br \/>\n.2020- : Formation DIF (Dipl\u00f4me d&rsquo;Instructeur F\u00e9d\u00e9ral &#8211; FFKDA)<br \/>\n.2019-2022 : Responsable de la communication de l\u2019\u00c9cole Mushinkai (Facebook : <a href=\"http:\/\/www.facebook.com\/shotokai.mushinkai\" target=\"_blank\" rel=\"noopener noreferrer\">Shotokai Mushinkai<\/a> ; <a href=\"http:\/\/www.mushinkai.net\/\" target=\"_blank\" rel=\"noopener noreferrer\">www.mushinkai.net<\/a>)<br \/>\n.2017-2019 : Responsable de la communication de l&rsquo;Association Shotokai Murakami<br \/>\n.2017 : \u00c9ditrice scientifique du livre-coffret \u00ab\u00a0<a href=\"https:\/\/blogs.univ-tlse2.fr\/celine-vaguer\/2017\/12\/15\/katas-tetsuji-murakami\/\" target=\"_blank\" rel=\"noopener noreferrer\">Katas de Ma\u00eetre Tetsuji Murakami<\/a>\u00a0\u00bb (\u00e9d. Niyonkai)<\/li>\n<li><strong>Voyages <\/strong>: Europe, Afrique du Nord, Am\u00e9rique du Nord, Am\u00e9rique du Sud, Asie<\/li>\n<\/ul>\n","protected":false},"excerpt":{"rendered":"<p>Sports : arts martiaux (Judo, Karat\u00e9-Do), tennis, natation, training, volley\u2011ball, v\u00e9lo .2009- : Pratique du Karat\u00e9-Do Shotokai (\u00c9cole Mushinkai &#8211; CN 2eDan FFKDA) au sein du Karat\u00e9 Dojo Unionais .2024- : Formation PSC1 (Pr\u00e9vention et secours civiques de niveau 1 &#8211; FFSS) &#8211; recyclage .2022- : Responsable de la communication du Dojo Unionais (31240 L&rsquo;Union) [&hellip;]<\/p>\n","protected":false},"author":442,"featured_media":0,"parent":41,"menu_order":0,"comment_status":"closed","ping_status":"closed","template":"page-templates\/template-full-width.php","meta":{"footnotes":""},"class_list":["post-296","page","type-page","status-publish","hentry"],"_links":{"self":[{"href":"https:\/\/blogs.univ-tlse2.fr\/celine-vaguer\/wp-json\/wp\/v2\/pages\/296","targetHints":{"allow":["GET"]}}],"collection":[{"href":"https:\/\/blogs.univ-tlse2.fr\/celine-vaguer\/wp-json\/wp\/v2\/pages"}],"about":[{"href":"https:\/\/blogs.univ-tlse2.fr\/celine-vaguer\/wp-json\/wp\/v2\/types\/page"}],"author":[{"embeddable":true,"href":"https:\/\/blogs.univ-tlse2.fr\/celine-vaguer\/wp-json\/wp\/v2\/users\/442"}],"replies":[{"embeddable":true,"href":"https:\/\/blogs.univ-tlse2.fr\/celine-vaguer\/wp-json\/wp\/v2\/comments?post=296"}],"version-history":[{"count":7,"href":"https:\/\/blogs.univ-tlse2.fr\/celine-vaguer\/wp-json\/wp\/v2\/pages\/296\/revisions"}],"predecessor-version":[{"id":1013,"href":"https:\/\/blogs.univ-tlse2.fr\/celine-vaguer\/wp-json\/wp\/v2\/pages\/296\/revisions\/1013"}],"up":[{"embeddable":true,"href":"https:\/\/blogs.univ-tlse2.fr\/celine-vaguer\/wp-json\/wp\/v2\/pages\/41"}],"wp:attachment":[{"href":"https:\/\/blogs.univ-tlse2.fr\/celine-vaguer\/wp-json\/wp\/v2\/media?parent=296"}],"curies":[{"name":"wp","href":"https:\/\/api.w.org\/{rel}","templated":true}]}}