 {"id":69,"date":"2017-11-16T15:50:50","date_gmt":"2017-11-16T14:50:50","guid":{"rendered":"https:\/\/blogs.univ-tlse2.fr\/celine-vaguer\/?page_id=69"},"modified":"2023-03-06T18:33:11","modified_gmt":"2023-03-06T17:33:11","slug":"experiences-professionnelles","status":"publish","type":"page","link":"https:\/\/blogs.univ-tlse2.fr\/celine-vaguer\/parcours\/experiences-professionnelles\/","title":{"rendered":"Exp\u00e9riences professionnelles"},"content":{"rendered":"<p><strong>Depuis 2010<\/strong><br \/>\n<a href=\"https:\/\/blogs.univ-tlse2.fr\/celine-vaguer\/expertise\/edition\/\"><strong>Responsable \u00e9ditoriale<\/strong><\/a> (Larousse\/Armand Colin\/Dunod) des revues internationales de linguistique <em>Langages<\/em> et <em>Langue fran\u00e7aise<\/em>.<\/p>\n<p><strong>Depuis 2008<br \/>\nMa\u00eetresse de conf\u00e9rences<\/strong>, <a href=\"https:\/\/blogs.univ-tlse2.fr\/celine-vaguer\/enseignement\/licence\/\">Universit\u00e9 de Toulouse \u2013 Jean Jaur\u00e8s<\/a> (D\u00e9partement de Lettres modernes) &amp; <a href=\"https:\/\/blogs.univ-tlse2.fr\/celine-vaguer\/recherche\/\">Laboratoire CLLE<\/a> (ERSS &gt; VaSt | CNRS UMR 5263).<\/p>\n<p><strong>Depuis 2002<\/strong><br \/>\n\u2022\u00a0<a href=\"https:\/\/blogs.univ-tlse2.fr\/celine-vaguer\/expertise\/conseil\/\"><strong>Consultante e-business<\/strong><\/a>: Conseil et Assistance \u00e0 la Ma\u00eetrise d\u2019ouvrage de projets Internet\/Intranet.<\/p>\n<p><strong>\u2022\u00a0Prestations de service<\/strong><br \/>\n&#8211; Conception et d\u00e9veloppement de sites Internet institutionnels; Webmaster<br \/>\n&#8211; Accompagnement \u00e9ditorial pour la conception de sites Internet; R\u00e9f\u00e9rencement &amp; enrichissement de sites Internet<br \/>\n&#8211; <strong>R\u00e9daction de contenu \u00e9ditorial<\/strong>, documents techniques (relecture, r\u00e9\u00e9criture, mise en page\u2026).<br \/>\n&#8211; Consultations linguistiques (services juridiques, avocats, entreprises)<br \/>\n&#8211; <strong>Coaching en orthographe<\/strong> (institutions, entreprises). Permettre \u00e0 toute personne de faire un point sur sa ma\u00eetrise de la langue fran\u00e7aise et avec pour principal objectif de lui apprendre \u00e0 utiliser la langue fran\u00e7aise, \u00e0 la manipuler afin de disposer des cl\u00e9s permettant de rem\u00e9dier \u00e0 bien des erreurs commun\u00e9ment observ\u00e9es de nos jours. Toutefois, il \u00e9tait n\u00e9cessaire de conna\u00eetre les besoins de la prestation sollicit\u00e9e (attentes du commanditaire) pour pouvoir l\u2019adapter au mieux au public vis\u00e9.<\/p>\n<p><strong>2007-2008<\/strong><br \/>\n\u2022\u00a0<strong>Chef de Projet<\/strong> | Universit\u00e9 Paris X &#8211; Nanterre &gt; <strong>Vice-Pr\u00e9sident charg\u00e9 du CEVU<\/strong> &gt; <strong>projet ACORDIX<\/strong>: projet d&rsquo;accompagnement \u00e0 la r\u00e9ussite dans les \u00e9tudes sup\u00e9rieures qui doit permettre, \u00e0 des jeunes issus de milieux qualifi\u00e9s de sensibles, d&rsquo;acc\u00e9der et de r\u00e9ussir, \u00e0 la suite d&rsquo;\u00e9tudes sup\u00e9rieures, une insertion professionnelle de qualit\u00e9.<\/p>\n<p style=\"padding-left: 40px\">=&gt; <strong>Vaguer C. (2008), <a href=\"https:\/\/blogs.univ-tlse2.fr\/celine-vaguer\/files\/2023\/02\/ACORDIX_Rapport-Etape-5_2008_V2.pdf\">Rapport annuel d&rsquo;activit\u00e9s (2006, 2007, 2008)<\/a>, 29 ao\u00fbt 2008, 48p. [bilan du Projet ACORDIX, r\u00e9dig\u00e9 en fin de mission &amp; diffus\u00e9 \u00e0 la Pr\u00e9sidence de l&rsquo;UPX]<\/strong><\/p>\n<p>\u2022<strong> Charg\u00e9e de mission<\/strong> | Universit\u00e9 Paris X &#8211; Nanterre: <strong>charg\u00e9e d&rsquo;orientation et d&rsquo;insertion professionnelle<\/strong> au sein de la Mission \u00ab\u00a0Professionnalisation des doctorants\u00a0\u00bb, rattach\u00e9e au Service de l&rsquo;Administration de la Recherche.<\/p>\n<p><strong>2006-2007 (9 mois)<\/strong><br \/>\n<strong>Agent Contractuel<\/strong> | Centre National de la Recherche Scientifique (<strong>CNRS<\/strong>) &gt;\u00a0<strong>projet ANR CONIQUE<\/strong> (dir.Jean-Luc Minel): d\u00e9veloppement de transducteurs permettant le rep\u00e9rage, l&rsquo;annotation et l&rsquo;extraction automatique d&rsquo;unit\u00e9s langagi\u00e8res en vue d&rsquo;applications en navigation textuelle, r\u00e9sum\u00e9 biographique, veille, gestion documentaire (GED).<\/p>\n<p style=\"padding-left: 40px\">=&gt; <strong>Vaguer C. (2007), <a href=\"https:\/\/blogs.univ-tlse2.fr\/celine-vaguer\/files\/2023\/02\/2007_VAGUER_ANR-Conique_Bilan_48p.pdf\"><em>Bilan sur les transducteurs d\u00e9velopp\u00e9s pour le rep\u00e9rage, l\u2019annotation et l\u2019extraction d\u2019expressions temporelles de type calendaire (ETC)<\/em><\/a>, 31 mai 2007, 48p. [r\u00e9dig\u00e9 \u00e0 la fin de la mission &amp; diffus\u00e9 aux responsables de l&rsquo;ANR]<\/strong><\/p>\n<p style=\"padding-left: 40px\">=&gt; Schwer R.S., Battistelli D., Vaguer C. &amp; Minel J.-L. (2007), \u00ab\u00a0Ordonnancement des expressions calendaires dans les textes\u00a0\u00bb, <em>TALN 2007<\/em> (Toulouse, 12-15 juin 2007), 11p. [<a href=\"https:\/\/blogs.univ-tlse2.fr\/celine-vaguer\/files\/2023\/02\/TALN07_versionFinaleDB31_CV2.pdf\"><strong>manuscrit<\/strong><\/a>]<\/p>\n<p><strong>2004-2006<\/strong><br \/>\n<strong>ATER<\/strong> (1\/2 temps) | Universit\u00e9 Paris X &#8211; Nanterre.<\/p>\n<p><strong>2005-2006 (2 mois)<\/strong><br \/>\n<strong>Charg\u00e9e de mission<\/strong> | Universit\u00e9 Paris X &#8211; Nanterre &gt; <strong>Vice-Pr\u00e9sidence de la Recherche<\/strong> (Michel Kreutzer): r\u00e9daction de comptes rendus tant pour le Conseil Scientifique que pour diverses commissions, et participation \u00e0 la vie du Service de l&rsquo;Administration de la Recherche et de la Valorisation de la Recherche.<\/p>\n<p><strong>2000-2004<\/strong><br \/>\n<strong>Vacataire<\/strong> (charg\u00e9e de cours) | Universit\u00e9 Paris X &#8211; Nanterre.<\/p>\n<p><strong>2002-2003 (9 mois)<\/strong><br \/>\n<strong>Collaboratrice scientifique en linguistique fran\u00e7aise<\/strong> | Universit\u00e9 d&rsquo;Anvers (U.I.A.) &#8211; Belgique (02-2003\/10-2003).<\/p>\n<p><strong>2000-2002<\/strong><br \/>\n<strong>Ing\u00e9nieur linguiste<\/strong> | <strong>Technologies-gid<\/strong> (84-88 Bd de la Mission Marchand 92411 Courbevoie Cedex)<br \/>\n&#8211; D\u00e9veloppement &amp; Maintenance de ressources lexicales<br \/>\n&#8211; Conception &amp; Animation de formations<br \/>\n&#8211; D\u00e9veloppement de terminologie (dictionnaire m\u00e9tier)<br \/>\n&#8211; Assistance linguistique aupr\u00e8s des clients (banque, assurance, organisme juridique, industrie &amp; service, audiovisuel, communication, service public&#8230;) en France et \u00e0 l&rsquo;\u00e9tranger<\/p>\n<p><strong>1996-2000<\/strong><br \/>\n<strong>Ma\u00eetre d\u2019Internat \/ Surveillante d\u2019Externat<\/strong> (MI\/SE) | Lyc\u00e9e Toulouse-Lautrec (92420 Vaucresson).<\/p>\n<p><strong>1996-1997<\/strong><br \/>\n<strong>Stagiaire<\/strong> en \u00e9cole \u00e9l\u00e9mentaire | Lyc\u00e9e Toulouse-Lautrec (92420 Vaucresson)<br \/>\nRapport de stage: <em>Probl\u00e8me de l&rsquo;acquisition de la g\u00e9om\u00e9trie chez des enfants IMC<\/em>.<\/p>\n","protected":false},"excerpt":{"rendered":"<p>Depuis 2010 Responsable \u00e9ditoriale (Larousse\/Armand Colin\/Dunod) des revues internationales de linguistique Langages et Langue fran\u00e7aise. Depuis 2008 Ma\u00eetresse de conf\u00e9rences, Universit\u00e9 de Toulouse \u2013 Jean Jaur\u00e8s (D\u00e9partement de Lettres modernes) &amp; Laboratoire CLLE (ERSS &gt; VaSt | CNRS UMR 5263). Depuis 2002 \u2022\u00a0Consultante e-business: Conseil et Assistance \u00e0 la Ma\u00eetrise d\u2019ouvrage de projets Internet\/Intranet. \u2022\u00a0Prestations [&hellip;]<\/p>\n","protected":false},"author":442,"featured_media":0,"parent":41,"menu_order":3,"comment_status":"closed","ping_status":"closed","template":"page-templates\/template-full-width.php","meta":{"footnotes":""},"class_list":["post-69","page","type-page","status-publish","hentry"],"_links":{"self":[{"href":"https:\/\/blogs.univ-tlse2.fr\/celine-vaguer\/wp-json\/wp\/v2\/pages\/69","targetHints":{"allow":["GET"]}}],"collection":[{"href":"https:\/\/blogs.univ-tlse2.fr\/celine-vaguer\/wp-json\/wp\/v2\/pages"}],"about":[{"href":"https:\/\/blogs.univ-tlse2.fr\/celine-vaguer\/wp-json\/wp\/v2\/types\/page"}],"author":[{"embeddable":true,"href":"https:\/\/blogs.univ-tlse2.fr\/celine-vaguer\/wp-json\/wp\/v2\/users\/442"}],"replies":[{"embeddable":true,"href":"https:\/\/blogs.univ-tlse2.fr\/celine-vaguer\/wp-json\/wp\/v2\/comments?post=69"}],"version-history":[{"count":17,"href":"https:\/\/blogs.univ-tlse2.fr\/celine-vaguer\/wp-json\/wp\/v2\/pages\/69\/revisions"}],"predecessor-version":[{"id":989,"href":"https:\/\/blogs.univ-tlse2.fr\/celine-vaguer\/wp-json\/wp\/v2\/pages\/69\/revisions\/989"}],"up":[{"embeddable":true,"href":"https:\/\/blogs.univ-tlse2.fr\/celine-vaguer\/wp-json\/wp\/v2\/pages\/41"}],"wp:attachment":[{"href":"https:\/\/blogs.univ-tlse2.fr\/celine-vaguer\/wp-json\/wp\/v2\/media?parent=69"}],"curies":[{"name":"wp","href":"https:\/\/api.w.org\/{rel}","templated":true}]}}