 {"id":708,"date":"2020-11-16T07:21:41","date_gmt":"2020-11-16T06:21:41","guid":{"rendered":"https:\/\/blogs.univ-tlse2.fr\/celine-vaguer\/?page_id=708"},"modified":"2020-11-16T07:29:04","modified_gmt":"2020-11-16T06:29:04","slug":"universite-du-temps-libre","status":"publish","type":"page","link":"https:\/\/blogs.univ-tlse2.fr\/celine-vaguer\/enseignement\/universite-du-temps-libre\/","title":{"rendered":"Universit\u00e9 du Temps Libre"},"content":{"rendered":"\n<p><span class=\"has-inline-color has-vivid-cyan-blue-color\">Cycles de conf\u00e9rences | Universit\u00e9 Toulouse &#8211; Jean Jaur\u00e8s | ForCo<\/span><\/p>\n\n\n\n<p><strong><span class=\"has-inline-color has-black-color\">[2020-2021] D\u00e9crypter la langue fran\u00e7aise : les expressions fig\u00e9es<\/span><\/strong><br>.D\u00e9crypter la langue : caract\u00e9risation linguistiques des expressions fig\u00e9es<br>.Classement des expressions fig\u00e9es selon les mots (animaux, aliments&#8230;)<br>.Classement des expressions fig\u00e9es selon leur sens (joie, peine, col\u00e8re, d\u00e9c\u00e8s&#8230;)<br>.Expressions fig\u00e9es et culture<br><br><strong><span class=\"has-inline-color has-black-color\">[2019-2020] Histoire de la langue fran\u00e7aise (3) : la langue fran\u00e7aise d\u00e9crypt\u00e9e<\/span><\/strong><br>.Le fran\u00e7ais, langue du monde<br>.L&rsquo;alphabet, syst\u00e8me d&rsquo;\u00e9criture majoritaire ?<br>.Une fable de La Fontaine \u00e9tudi\u00e9e par un linguiste, \u00e7a donne quoi ?<br>.Moyen de transport : vous d\u00e9placez-vous \u00e0 v\u00e9lo ou \u00e0 bicyclette ?<br>.<em>Equestre<\/em>, <em>hippique<\/em> : des adjectifs synonymes ?<br>.Question de genre : comment la langue d\u00e9signe-t-elle la femme ?<\/p>\n\n\n\n<p><strong><span class=\"has-inline-color has-black-color\">[2018-2019] Histoire de la langue fran\u00e7aise (2) : regards sur la langue fran\u00e7aise<\/span><\/strong><br>.Les expressions fig\u00e9es du fran\u00e7ais<br>.Plaidoyer pour l&rsquo;\u00e9tude des interjections : saisir l&rsquo;interjection en langue et ses enjeux pour l&rsquo;enseignement, la sauvegarde du patrimoine culturel et le traitement des donn\u00e9es<\/p>\n","protected":false},"excerpt":{"rendered":"<p>Cycles de conf\u00e9rences | Universit\u00e9 Toulouse &#8211; Jean Jaur\u00e8s | ForCo [2020-2021] D\u00e9crypter la langue fran\u00e7aise : les expressions fig\u00e9es.D\u00e9crypter la langue : caract\u00e9risation linguistiques des expressions fig\u00e9es.Classement des expressions fig\u00e9es selon les mots (animaux, aliments&#8230;).Classement des expressions fig\u00e9es selon leur sens (joie, peine, col\u00e8re, d\u00e9c\u00e8s&#8230;).Expressions fig\u00e9es et culture [2019-2020] Histoire de la langue fran\u00e7aise [&hellip;]<\/p>\n","protected":false},"author":442,"featured_media":0,"parent":87,"menu_order":0,"comment_status":"closed","ping_status":"closed","template":"page-templates\/template-full-width.php","meta":{"footnotes":""},"class_list":["post-708","page","type-page","status-publish","hentry"],"_links":{"self":[{"href":"https:\/\/blogs.univ-tlse2.fr\/celine-vaguer\/wp-json\/wp\/v2\/pages\/708","targetHints":{"allow":["GET"]}}],"collection":[{"href":"https:\/\/blogs.univ-tlse2.fr\/celine-vaguer\/wp-json\/wp\/v2\/pages"}],"about":[{"href":"https:\/\/blogs.univ-tlse2.fr\/celine-vaguer\/wp-json\/wp\/v2\/types\/page"}],"author":[{"embeddable":true,"href":"https:\/\/blogs.univ-tlse2.fr\/celine-vaguer\/wp-json\/wp\/v2\/users\/442"}],"replies":[{"embeddable":true,"href":"https:\/\/blogs.univ-tlse2.fr\/celine-vaguer\/wp-json\/wp\/v2\/comments?post=708"}],"version-history":[{"count":4,"href":"https:\/\/blogs.univ-tlse2.fr\/celine-vaguer\/wp-json\/wp\/v2\/pages\/708\/revisions"}],"predecessor-version":[{"id":713,"href":"https:\/\/blogs.univ-tlse2.fr\/celine-vaguer\/wp-json\/wp\/v2\/pages\/708\/revisions\/713"}],"up":[{"embeddable":true,"href":"https:\/\/blogs.univ-tlse2.fr\/celine-vaguer\/wp-json\/wp\/v2\/pages\/87"}],"wp:attachment":[{"href":"https:\/\/blogs.univ-tlse2.fr\/celine-vaguer\/wp-json\/wp\/v2\/media?parent=708"}],"curies":[{"name":"wp","href":"https:\/\/api.w.org\/{rel}","templated":true}]}}