 {"id":460,"date":"2014-11-19T12:44:50","date_gmt":"2014-11-19T11:44:50","guid":{"rendered":"https:\/\/blogs.univ-tlse2.fr\/ceragas\/?page_id=460"},"modified":"2024-09-02T08:06:43","modified_gmt":"2024-09-02T07:06:43","slug":"adherer","status":"publish","type":"page","link":"https:\/\/blogs.univ-tlse2.fr\/ceragas\/adherer\/","title":{"rendered":"Adh\u00e9rer"},"content":{"rendered":"<p>Pour adh\u00e9rer \u00e0 l&rsquo;association, remplir le bulletin suivant et l&rsquo;adresser \u00e0 :<\/p>\n<p>CERAGAS, Chez Pauline Mounier, 7 Puyarnaout, 31190 MAUVAISIN<\/p>\n<p><a href=\"https:\/\/blogs.univ-tlse2.fr\/ceragas\/files\/2024\/09\/Adhesion-CERAGas.pdf\">T\u00e9l\u00e9charger le bulletin d&rsquo;adh\u00e9sion<\/a><\/p>\n","protected":false},"excerpt":{"rendered":"<p>Pour adh\u00e9rer \u00e0 l&rsquo;association, remplir le bulletin suivant et l&rsquo;adresser \u00e0 : CERAGAS, Chez Pauline Mounier, 7 Puyarnaout, 31190 MAUVAISIN T\u00e9l\u00e9charger le bulletin d&rsquo;adh\u00e9sion<\/p>\n","protected":false},"author":182,"featured_media":0,"parent":0,"menu_order":0,"comment_status":"closed","ping_status":"closed","template":"","meta":{"footnotes":""},"class_list":["post-460","page","type-page","status-publish","hentry"],"_links":{"self":[{"href":"https:\/\/blogs.univ-tlse2.fr\/ceragas\/wp-json\/wp\/v2\/pages\/460","targetHints":{"allow":["GET"]}}],"collection":[{"href":"https:\/\/blogs.univ-tlse2.fr\/ceragas\/wp-json\/wp\/v2\/pages"}],"about":[{"href":"https:\/\/blogs.univ-tlse2.fr\/ceragas\/wp-json\/wp\/v2\/types\/page"}],"author":[{"embeddable":true,"href":"https:\/\/blogs.univ-tlse2.fr\/ceragas\/wp-json\/wp\/v2\/users\/182"}],"replies":[{"embeddable":true,"href":"https:\/\/blogs.univ-tlse2.fr\/ceragas\/wp-json\/wp\/v2\/comments?post=460"}],"version-history":[{"count":7,"href":"https:\/\/blogs.univ-tlse2.fr\/ceragas\/wp-json\/wp\/v2\/pages\/460\/revisions"}],"predecessor-version":[{"id":837,"href":"https:\/\/blogs.univ-tlse2.fr\/ceragas\/wp-json\/wp\/v2\/pages\/460\/revisions\/837"}],"wp:attachment":[{"href":"https:\/\/blogs.univ-tlse2.fr\/ceragas\/wp-json\/wp\/v2\/media?parent=460"}],"curies":[{"name":"wp","href":"https:\/\/api.w.org\/{rel}","templated":true}]}}