 {"id":467,"date":"2015-03-25T09:04:12","date_gmt":"2015-03-25T08:04:12","guid":{"rendered":"https:\/\/blogs.univ-tlse2.fr\/ceragas\/?page_id=467"},"modified":"2019-02-09T13:48:49","modified_gmt":"2019-02-09T12:48:49","slug":"projet-archeoleze","status":"publish","type":"page","link":"https:\/\/blogs.univ-tlse2.fr\/ceragas\/projet-archeoleze\/","title":{"rendered":"projet ArcheoL\u00e8ze"},"content":{"rendered":"<h1 style=\"text-align: center\">Description du projet de prospection-inventaire sur la vall\u00e9e de la L\u00e8ze<\/h1>\n<p><em>-Organigramme<br \/>\n<\/em><\/p>\n<p style=\"text-align: justify\">Responsable d\u2019Op\u00e9ration\u00a0: Matthieu Soler, docteur \u00e8s Sciences de l\u2019Antiquit\u00e9 de l\u2019universit\u00e9 de Toulouse II, membre associ\u00e9 aux laboratoires TRACES, PLH, FRAMESPA<\/p>\n<p style=\"text-align: justify\">Charg\u00e9e du traitement de donn\u00e9e (SIG) et co-organisatrice de la prospection\u00a0: \u00c9lodie Guillon, docteur \u00e8s Sciences de l\u2019Antiquit\u00e9 de l\u2019Universit\u00e9 Toulouse II, membre associ\u00e9 aux laboratoires GEODE et PLH<\/p>\n<p style=\"text-align: justify\">Charg\u00e9 de l\u2019organisation de la prospection et des contacts locaux\u00a0: Joris Ufkes, master 2 en Sciences de l\u2019Antiquit\u00e9 de l\u2019Universit\u00e9 Toulouse II, sous la direction de C. Rico.<\/p>\n<p style=\"text-align: justify\">Contact local\u00a0: Mr Salem Tlemsani, association de L\u00e9zat.<\/p>\n<p style=\"text-align: justify\">Les \u00e9quipes de travail sur le terrain seront fournies par les associations APAREA et CERAGas.<\/p>\n<p>Le traitement du mobilier se fera en collaboration avec le laboratoire TRACES et dans les locaux de ce dernier.<\/p>\n<p>Soutien logistique\u00a0: CERAGas.<\/p>\n<p><em>\u00a0<\/em><\/p>\n<p><em>-Pr\u00e9sentation de la zone d\u2019\u00e9tude et des probl\u00e9matiques<\/em><\/p>\n<p style=\"text-align: justify\">L\u2019aire d\u2019\u00e9tude envisag\u00e9e est situ\u00e9e dans une zone o\u00f9 l\u2019\u00e9conomie de la montagne est ouverte sur le pi\u00e9mont et la plaine<a href=\"#_ftn1\" name=\"_ftnref1\">[1]<\/a>. C\u2019est une zone de transition relativement m\u00e9connue puisque \u00e9loign\u00e9e des grands axes que sont le Salat, l\u2019Ari\u00e8ge et \u00e0 plus forte raison la Garonne. Arize et L\u00e8ze sont pourtant les d\u00e9bouch\u00e9s du Plantaurel central. Le paysage est vallonn\u00e9, interm\u00e9diaire entre l\u2019est et l\u2019ouest du d\u00e9partement de l\u2019Ari\u00e8ge avec\u00a0: l\u2019Arize tourn\u00e9e, en amont, vers le Couserans et, en aval, vers la Garonne\u00a0; la L\u00e8ze tourn\u00e9e vers l\u2019Ari\u00e8ge, elle-m\u00eame orient\u00e9e, en aval, vers la Garonne dans laquelle elle d\u00e9bouche. De plus, au niveau du peuplement et des cultures modernes, nous sommes dans un espace de contacts avec Saint-Girons tourn\u00e9 vers Saint-Bertrand et Foix tourn\u00e9e vers Toulouse. La preuve en est le d\u00e9coupage des \u00e9v\u00each\u00e9s, la zone appartenant \u00e0 l\u2019\u00e9v\u00each\u00e9 de Rieux depuis le XIV<sup>e<\/sup> s., donc vraisemblablement au dioc\u00e8se de Toulouse avant cette date.<\/p>\n<p style=\"text-align: justify\"><a href=\"https:\/\/blogs.univ-tlse2.fr\/ceragas\/files\/2015\/03\/grde-\u00e9chelle-ArcheoL\u00e8ze.jpg\"><img loading=\"lazy\" decoding=\"async\" class=\" size-full wp-image-469 alignright\" src=\"https:\/\/blogs.univ-tlse2.fr\/ceragas\/files\/2015\/03\/grde-\u00e9chelle-ArcheoL\u00e8ze.jpg\" alt=\"grde \u00e9chelle ArcheoL\u00e8ze\" width=\"325\" height=\"336\" srcset=\"https:\/\/blogs.univ-tlse2.fr\/ceragas\/files\/2015\/03\/grde-\u00e9chelle-ArcheoL\u00e8ze.jpg 325w, https:\/\/blogs.univ-tlse2.fr\/ceragas\/files\/2015\/03\/grde-\u00e9chelle-ArcheoL\u00e8ze-290x300.jpg 290w, https:\/\/blogs.univ-tlse2.fr\/ceragas\/files\/2015\/03\/grde-\u00e9chelle-ArcheoL\u00e8ze-300x310.jpg 300w\" sizes=\"auto, (max-width: 325px) 100vw, 325px\" \/><\/a><\/p>\n<p style=\"text-align: justify\"><a href=\"https:\/\/blogs.univ-tlse2.fr\/ceragas\/files\/2015\/03\/plan-relief-ArcheoL\u00e8ze.jpg\"><img loading=\"lazy\" decoding=\"async\" class=\"alignnone size-large wp-image-468\" src=\"https:\/\/blogs.univ-tlse2.fr\/ceragas\/files\/2015\/03\/plan-relief-ArcheoL\u00e8ze-869x1024.jpg\" alt=\"plan relief ArcheoL\u00e8ze\" width=\"640\" height=\"754\" srcset=\"https:\/\/blogs.univ-tlse2.fr\/ceragas\/files\/2015\/03\/plan-relief-ArcheoL\u00e8ze-869x1024.jpg 869w, https:\/\/blogs.univ-tlse2.fr\/ceragas\/files\/2015\/03\/plan-relief-ArcheoL\u00e8ze-255x300.jpg 255w, https:\/\/blogs.univ-tlse2.fr\/ceragas\/files\/2015\/03\/plan-relief-ArcheoL\u00e8ze-300x353.jpg 300w, https:\/\/blogs.univ-tlse2.fr\/ceragas\/files\/2015\/03\/plan-relief-ArcheoL\u00e8ze.jpg 1056w\" sizes=\"auto, (max-width: 640px) 100vw, 640px\" \/><\/a><\/p>\n<p style=\"text-align: justify\">Au niveau antique, ce pays est situ\u00e9 entre la cit\u00e9 des <em>Consoranni<\/em>, connue par les textes anciens, et la vall\u00e9e de l\u2019Ari\u00e8ge, bien moins connue. Les auteurs de la <em>CAG 09<\/em> insistent sur la n\u00e9cessit\u00e9 de reprendre l\u2019\u00e9tude de ces aires peu prospect\u00e9es. \u00c0 en croire Pline (<em>N.H.<\/em>, III, 32), il est possible que les <em>Consoranni<\/em> soient pour partie int\u00e9gr\u00e9s \u00e0 l\u2019Aquitaine sous domination de Saint Bertrand, et pour partie sous domination de Toulouse, en Narbonnaise<a href=\"#_ftn2\" name=\"_ftnref2\">[2]<\/a>, avant la r\u00e9forme de Diocl\u00e9tien. La fronti\u00e8re occidentale de la Transalpine et de l\u2019Aquitaine n\u2019est pas bien d\u00e9finie dans cette zone, notre \u00e9tude pourrait aider \u00e0 pr\u00e9ciser les choses. Ausonne (<em>Ordo urbium nobilium<\/em>, XIX, 102-102) laisse supposer qu\u2019\u00e0 son \u00e9poque la vall\u00e9e de l\u2019Ari\u00e8ge devait relever de l\u2019administration toulousaine, ce qui pouvait tout aussi bien \u00eatre le cas de la vall\u00e9e de la L\u00e8ze, si ce n\u2019est celui de la vall\u00e9e de l\u2019Arize. La limite entre Consoranni, Conv\u00e8nes et Tolosates serait une ligne His-Hitte-C\u00e9risol<a href=\"#_ftn3\" name=\"_ftnref3\">[3]<\/a>. Mais dans l\u2019\u00e9tat actuel de la documentation, la limite entre cit\u00e9 des Consoranni et des Tolosates dans la r\u00e9gion de notre \u00e9tude est malheureusement inconnue. Nous sommes donc dans une zone d\u2019interface tant g\u00e9ographique que culturelle et m\u00eame \u00e9conomique.<\/p>\n<p style=\"text-align: justify\">En effet, \u00e0 l\u2019\u00e2ge du Fer, les mines de fer, de cuivre (en particulier pour le Plantaurel) et de plomb-argent de la montagne sont un enjeu majeur. L\u2019abandon des sites de hauteur de l\u2019\u00e2ge du Fer fin du I<sup>er<\/sup> av. J.-C. tout d\u00e9but du I<sup>er<\/sup> ap. J.-C. inaugure une recomposition m\u00e9connue du territoire dans cet espace. Arize et L\u00e8ze sont des d\u00e9bouch\u00e9s naturels de certaines zones d\u2019extraction du Plantaurel. Cela \u00e9tant, l\u2019organisation de l\u2019habitat dans ces deux vall\u00e9es et leurs rapports avec le commerce des m\u00e9taux n\u2019a jamais \u00e9t\u00e9 \u00e9tudi\u00e9. Seuls les travaux de l\u2019\u00e9rudit Urbain Gondal sur le territoire de la commune de L\u00e9zat, entre autres, nous donnent quelques \u00e9l\u00e9ments d\u2019occupation romaine mal caract\u00e9ris\u00e9e \u00e0 <em>Malsang<\/em> (L\u00e9zat), <em>Villaret-Carrou<\/em> (L\u00e9zat) et <em>Castagnac <\/em>(Sainte-Suzanne) o\u00f9 il suppose la pr\u00e9sence de <em>villae<\/em>. Des premiers contacts avec les agriculteurs et quelques observations de surface nous ont d\u00e9j\u00e0 montr\u00e9 la richesse insoup\u00e7onn\u00e9e des sites ruraux de cette r\u00e9gion, en particulier en termes de quantit\u00e9, mais aussi en terme de qualit\u00e9\u00a0: grandes <em>villae<\/em> et importantes installations rurales construites en brique et mortier. Nous souhaitons caract\u00e9riser l\u2019habitat, son organisation, sa hi\u00e9rarchisation, ses r\u00e9seaux dans la vall\u00e9e de la L\u00e8ze pour l\u2019ann\u00e9e 2015, afin d\u2019\u00e9tablir un \u00e9talon de r\u00e9f\u00e9rence qui nous permettra de comparer avec les r\u00e9sultats de campagnes ult\u00e9rieures sur la zone L\u00e9zat-Labarthe, pour mieux voir la relation avec Toulouse. L\u2019objectif est aussi de construire un mod\u00e8le de r\u00e9f\u00e9rence qui sera compar\u00e9 avec l\u2019\u00e9tude de la vall\u00e9e de l\u2019Arize, pour l\u2019instant vierge de sites dans la carte arch\u00e9ologique. Quelle \u00e9conomie pour cet espace, quels \u00e9changes pour ces sites\u00a0? Une telle \u00e9tude devrait permettre de mieux comprendre cet espace des confins de la cit\u00e9 de Toulouse et mieux cerner l\u2019organisation spatiale et \u00e9conomique de cette derni\u00e8re.<\/p>\n<p><em>-\u00c9tapes de la recherche<\/em><\/p>\n<ul>\n<li style=\"text-align: justify\">Prospection p\u00e9destre\u00a0: v\u00e9rifier les informations sur les sites cit\u00e9s dans la carte arch\u00e9ologique, augmenter le nombre de site connus, les caract\u00e9riser, proposer des hypoth\u00e8ses de hi\u00e9rarchisation, et t\u00e2cher de d\u00e9tecter de possibles voies et chemins. Chaque site sera enregistr\u00e9 dans une base de donn\u00e9e.<\/li>\n<li style=\"text-align: justify\">Analyse des mobiliers rep\u00e9r\u00e9s en surface\u00a0: pr\u00e9ciser les datations, la hi\u00e9rarchisation et les fonctions des sites.<\/li>\n<li style=\"text-align: justify\">Analyse des compoix et cadastres et des parcellaires gr\u00e2ce aux quelques donn\u00e9es fournies par les photographies a\u00e9riennes et les vues satellites<a href=\"#_ftn1\" name=\"_ftnref1\"><\/a>. Des donn\u00e9es que nous confronterons aux r\u00e9sultats qui \u00e9mergeront de la cr\u00e9ation d\u2019une mod\u00e9lisation spatiale \u00e0 base gravitaire utilisant un SIG. Objectif\u00a0: d\u00e9terminer ou supposer les principaux axes de communication et mettre en r\u00e9seau.<\/li>\n<li style=\"text-align: justify\">Cartographie d\u00e9taill\u00e9e des recherches\u00a0: Carte des zones prospect\u00e9es (avec diff\u00e9rencitation ponctuelle\/syst\u00e9matique)\u00a0; Carte du parcellaire par commune (en distinguant les zones bois\u00e9es et habit\u00e9es non prospectables)\u00a0; Carte de distribution des d\u00e9couvertes par communes\u00a0; Carte de distribution g\u00e9n\u00e9rale\u00a0; Carte de distribution sur fond g\u00e9ologique\u00a0; Carte des voies et des hypoth\u00e8ses de mise en r\u00e9seau.<\/li>\n<\/ul>\n<hr \/>\n<p><a href=\"#_ftnref1\" name=\"_ftn1\">[1]<\/a> CAG, 09, p. 35<\/p>\n<p><a href=\"#_ftnref2\" name=\"_ftn2\">[2]<\/a> <em>Ibid<\/em>., p. 42<\/p>\n<p><a href=\"#_ftnref3\" name=\"_ftn3\">[3]<\/a> Carte de la cit\u00e9 de Tolosa, dans Pailler, 2002.<\/p>\n<hr \/>\n<p><em>Bibliographie pr\u00e9liminaire succincte<\/em><\/p>\n<p><strong>ASTRE 1970-1971 :<\/strong> Astre G., \u00ab\u00a0Mulettes quaternaires de sables anciens de la L\u00e8ze\u00a0\u00bb, <em>Bull. Soc. Ari\u00e9geoise des sciences<\/em>, 26, 1970-1971, p. 5-15.<\/p>\n<p><strong>ESCUD\u00c9-QUILLET, MAISSANT 1996 :<\/strong> Escud\u00e9-Quillet J.-M., Maissant, C., <em>CAG 09<\/em>, Acad\u00e9mie des Inscriptions et Belles Lettres, CNRS, Paris, 1996.<\/p>\n<p><strong>GONDAL 1969 :<\/strong> Gondal U., \u00ab\u00a0Les fouilles de l\u2019\u00e9glise abbatiale Saint-Pierre de L\u00e9zat (Ari\u00e8ge)\u00a0\u00bb, <em>Actes du 19<sup>e<\/sup> congr\u00e8s Soc. Acad. Sav. Languedoc \u2013 Pyr\u00e9n\u00e9es \u2013 Gascogne, Moissac, 5-6 mai 1963<\/em>, Albi, 1964, p. 88-93. et \u00ab\u00a0Essai d\u2019inventaire des sites gallo-romains de L\u00e9zat sur L\u00e8ze\u00a0\u00bb, <em>Bull. Soc. Ari\u00e9geoise des sciences<\/em>, 1968 et <em>annales du midi<\/em>, 81, 1969, p. 245-261.<\/p>\n<p><strong>MIROUSE 2007 :<\/strong> Mirouse D., \u00ab Une Voie romaine en Couserans ? Monographie historique et g\u00e9ographique d&rsquo;un axe transversal en pi\u00e9mont ari\u00e9geois \u00bb, Revue de Comminges, n\u00b0123, fasc. 1 et 2, p. 7-40, 2007.<\/p>\n<p><strong>PAILLER (dir.) 2002<\/strong>\u00a0: Pailler J.-M. (dir.), <em>Tolosa\u00a0: nouvelles recherches sur Toulouse et son territoire dans l\u2019Antiquit\u00e9<\/em>, Ecole Fran\u00e7aise de Rome, Rome, 2002, 601 p.<\/p>\n","protected":false},"excerpt":{"rendered":"<p>Description du projet de prospection-inventaire sur la vall\u00e9e de la L\u00e8ze -Organigramme Responsable d\u2019Op\u00e9ration\u00a0: Matthieu Soler, docteur \u00e8s Sciences de l\u2019Antiquit\u00e9 de l\u2019universit\u00e9 de Toulouse II, membre associ\u00e9 aux laboratoires TRACES, PLH, FRAMESPA Charg\u00e9e du traitement de donn\u00e9e (SIG) et &hellip; <a href=\"https:\/\/blogs.univ-tlse2.fr\/ceragas\/projet-archeoleze\/\">Continuer la lecture <span class=\"meta-nav\">&rarr;<\/span><\/a><\/p>\n","protected":false},"author":182,"featured_media":0,"parent":0,"menu_order":0,"comment_status":"closed","ping_status":"closed","template":"","meta":{"footnotes":""},"class_list":["post-467","page","type-page","status-publish","hentry"],"_links":{"self":[{"href":"https:\/\/blogs.univ-tlse2.fr\/ceragas\/wp-json\/wp\/v2\/pages\/467","targetHints":{"allow":["GET"]}}],"collection":[{"href":"https:\/\/blogs.univ-tlse2.fr\/ceragas\/wp-json\/wp\/v2\/pages"}],"about":[{"href":"https:\/\/blogs.univ-tlse2.fr\/ceragas\/wp-json\/wp\/v2\/types\/page"}],"author":[{"embeddable":true,"href":"https:\/\/blogs.univ-tlse2.fr\/ceragas\/wp-json\/wp\/v2\/users\/182"}],"replies":[{"embeddable":true,"href":"https:\/\/blogs.univ-tlse2.fr\/ceragas\/wp-json\/wp\/v2\/comments?post=467"}],"version-history":[{"count":4,"href":"https:\/\/blogs.univ-tlse2.fr\/ceragas\/wp-json\/wp\/v2\/pages\/467\/revisions"}],"predecessor-version":[{"id":549,"href":"https:\/\/blogs.univ-tlse2.fr\/ceragas\/wp-json\/wp\/v2\/pages\/467\/revisions\/549"}],"wp:attachment":[{"href":"https:\/\/blogs.univ-tlse2.fr\/ceragas\/wp-json\/wp\/v2\/media?parent=467"}],"curies":[{"name":"wp","href":"https:\/\/api.w.org\/{rel}","templated":true}]}}