 {"id":70,"date":"2013-02-20T18:24:29","date_gmt":"2013-02-20T17:24:29","guid":{"rendered":"https:\/\/blogs.univ-tlse2.fr\/ceragas\/?page_id=70"},"modified":"2013-03-11T18:03:04","modified_gmt":"2013-03-11T17:03:04","slug":"presentation-2","status":"publish","type":"page","link":"https:\/\/blogs.univ-tlse2.fr\/ceragas\/presentation-2\/","title":{"rendered":"Pr\u00e9sentation"},"content":{"rendered":"<p style=\"text-align: justify\"><a href=\"https:\/\/blogs.univ-tlse2.fr\/ceragas\/files\/2013\/02\/DSC_02102.jpg\"><img loading=\"lazy\" decoding=\"async\" class=\"alignnone size-large wp-image-88\" alt=\"DSC_0210\" src=\"https:\/\/blogs.univ-tlse2.fr\/ceragas\/files\/2013\/02\/DSC_02102-1024x680.jpg\" width=\"640\" height=\"425\" srcset=\"https:\/\/blogs.univ-tlse2.fr\/ceragas\/files\/2013\/02\/DSC_02102-1024x680.jpg 1024w, https:\/\/blogs.univ-tlse2.fr\/ceragas\/files\/2013\/02\/DSC_02102-300x199.jpg 300w\" sizes=\"auto, (max-width: 640px) 100vw, 640px\" \/><\/a>L&rsquo;\u00e9tablissement protohistorique et antique de La Sioutat \u00e0 Roquelaure (Gers) se situe \u00e0 8 kms au nord d&rsquo;Auch, sur un promontoire dominant largement les vall\u00e9es du Gers et du Talouch. Il correspond \u00e0 un \u00e9peron barr\u00e9 par un talus, en grande partie d\u00e9truit par une carri\u00e8re, enfermant une surface de 7 ha environ. Signal\u00e9 probablement d\u00e8s le XVIIIe s., le site a fait l&rsquo;objet d&rsquo;une rapide exploration dans les ann\u00e9es 1960. Un b\u00e2timent antique, d\u00e9fini par une s\u00e9rie de pi\u00e8ces en enfilade, fut alors mis au jour, de m\u00eame qu&rsquo;un abondant mobilier parmi lequel des \u00e9l\u00e9ments protohistoriques r\u00e9siduels. Mais, au terme de plusieurs campagnes, les fouilleurs avaient conclu \u00e0 la destruction compl\u00e8te des niveaux arch\u00e9ologiques. L&rsquo;\u00e9tude du site a tout de m\u00eame \u00e9t\u00e9 relanc\u00e9e r\u00e9cemment \u00e0 travers des prospections (1998-2002) et des sondages (2006) qui ont r\u00e9v\u00e9l\u00e9, contre toute attente, un potentiel arch\u00e9ologique remarquable \u00e0 l&rsquo;\u00e9chelle r\u00e9gionale. La fouille programm\u00e9e, entam\u00e9e en 2007, vise \u00e0 mieux caract\u00e9riser l&rsquo;occupation et \u00e0 \u00e9talonner la stratigraphie du site.<\/p>\n<p style=\"text-align: justify\"><a href=\"https:\/&#x2f;bl&#x6f;gs&#x2e;u&#110;&#x69;v&#45;&#x74;l&#115;&#x65;2&#46;&#x66;r&#47;&#x63;e&#114;&#x61;g&#97;&#x73;\/&#102;&#x69;l&#x65;&#x73;\/&#x32;&#x30;1&#x33;&#x2f;0&#x32;&#x2f;F&#x69;&#x67;&#46;&#x2d;&#x36;-&#x50;la&#x6e;-g\u00e9&#110;\u00e9&#114;&#x61;l&#45;&#x64;e&#45;&#x6c;a&#45;&#x66;o&#117;&#x69;l&#108;&#x65;-&#64;&#x4f;&#46;&#x2d;&#x4f;n&#x65;&#x7a;i&#x6d;&#x65;&#46;&#x70;&#x6e;g\"><img loading=\"lazy\" decoding=\"async\" class=\"alignnone size-large wp-image-115\" alt=\"Fig. 6 Plan g\u00e9n\u00e9ral de la fouille (@O. Onezime)\" src=\"https:\/\/b&#108;&#x6f;&#x67;&#x73;&#46;un&#105;&#x76;&#x2d;&#x74;&#x6c;se2&#46;&#x66;&#x72;&#x2f;&#x63;era&#103;&#x61;&#x73;&#x2f;fil&#101;&#115;&#x2f;&#x32;&#x30;13\/&#48;&#x32;&#x2f;&#x46;&#x69;g&#46;-&#54;&#x2d;&#x50;&#x6c;an-&#103;\u00e9&#x6e;\u00e9ra&#108;&#x2d;&#x64;&#x65;&#x2d;la-&#102;&#x6f;&#x75;&#x69;lle&#45;&#64;&#x4f;&#x2e;&#x2d;One&#122;&#x69;&#x6d;&#x65;&#x2d;102&#52;&#x78;&#x38;&#x34;&#x33;&#46;pn&#103;\" width=\"640\" height=\"526\" srcset=\"https:&#x2f;\/&#x62;&#x6c;o&#x67;&#115;&#46;&#x75;&#110;i&#x76;&#45;t&#x6c;&#115;e&#x32;&#46;&#x66;&#x72;\/&#x63;&#x65;r&#x61;&#103;a&#x73;&#47;f&#x69;&#108;e&#x73;&#47;2&#x30;1&#x33;&#x2f;0&#x32;&#x2f;F&#x69;&#103;&#46;&#x2d;&#54;-&#x50;&#108;a&#x6e;&#45;g\u00e9&#x6e;\u00e9&#x72;&#x61;l&#x2d;&#100;e&#x2d;&#108;a&#x2d;&#102;o&#x75;&#105;l&#x6c;e&#x2d;&#x40;O&#x2e;&#x2d;O&#x6e;&#101;z&#x69;&#109;e&#x2d;&#49;0&#x32;&#52;x&#x38;4&#x33;&#x2e;p&#x6e;&#x67; 1024w, https:&#47;&#x2f;b&#x6c;o&#103;&#x73;&#46;&#x75;n&#x69;v&#45;&#x74;l&#x73;e&#x32;&#x2e;&#102;&#x72;\/&#x63;e&#114;&#x61;g&#x61;s&#x2f;f&#105;&#x6c;e&#x73;\/&#50;&#x30;1&#x33;\/&#x30;2&#47;&#x46;i&#x67;&#46;&#x2d;&#x36;&#45;&#x50;l&#x61;n&#45;&#x67;\u00e9n\u00e9&#114;&#x61;l&#x2d;d&#x65;&#x2d;&#108;&#x61;-&#x66;o&#117;&#x69;l&#x6c;e&#x2d;&#64;&#79;&#x2e;-&#x4f;n&#101;&#x7a;i&#x6d;e&#x2d;3&#48;&#x30;x&#x32;4&#x37;&#x2e;&#112;&#x6e;g 300w, https:&#x2f;\/&#x62;&#108;&#x6f;&#x67;s&#x2e;&#117;&#x6e;&#x69;v&#x2d;&#116;&#x6c;&#x73;e&#x32;&#46;&#x66;&#x72;\/&#x63;&#101;&#x72;&#x61;g&#x61;&#115;&#x2f;&#x66;i&#x6c;&#101;&#x73;&#x2f;2&#x30;&#49;&#x33;&#x2f;0&#x32;&#47;&#x46;&#x69;g&#x2e;&#45;&#x36;&#x2d;P&#x6c;&#97;&#x6e;&#x2d;g\u00e9&#x6e;\u00e9&#x72;&#97;&#x6c;&#x2d;d&#x65;&#45;&#x6c;&#x61;-&#x66;&#111;&#x75;&#x69;l&#x6c;&#101;&#x2d;&#x40;O&#x2e;&#45;&#x4f;&#x6e;e&#x7a;&#105;&#x6d;&#x65;&#46;&#x70;&#110;&#x67; 1327w\" sizes=\"auto, (max-width: 640px) 100vw, 640px\" \/><\/a><\/p>\n<p>&nbsp;<\/p>\n","protected":false},"excerpt":{"rendered":"<p>L&rsquo;\u00e9tablissement protohistorique et antique de La Sioutat \u00e0 Roquelaure (Gers) se situe \u00e0 8 kms au nord d&rsquo;Auch, sur un promontoire dominant largement les vall\u00e9es du Gers et du Talouch. Il correspond \u00e0 un \u00e9peron barr\u00e9 par un talus, en &hellip; <a href=\"https:\/\/blogs.univ-tlse2.fr\/ceragas\/presentation-2\/\">Continuer la lecture <span class=\"meta-nav\">&rarr;<\/span><\/a><\/p>\n","protected":false},"author":182,"featured_media":0,"parent":0,"menu_order":1,"comment_status":"closed","ping_status":"closed","template":"","meta":{"footnotes":""},"class_list":["post-70","page","type-page","status-publish","hentry"],"_links":{"self":[{"href":"https:\/\/blogs.univ-tlse2.fr\/ceragas\/wp-json\/wp\/v2\/pages\/70","targetHints":{"allow":["GET"]}}],"collection":[{"href":"https:\/\/blogs.univ-tlse2.fr\/ceragas\/wp-json\/wp\/v2\/pages"}],"about":[{"href":"https:\/\/blogs.univ-tlse2.fr\/ceragas\/wp-json\/wp\/v2\/types\/page"}],"author":[{"embeddable":true,"href":"https:\/\/blogs.univ-tlse2.fr\/ceragas\/wp-json\/wp\/v2\/users\/182"}],"replies":[{"embeddable":true,"href":"https:\/\/blogs.univ-tlse2.fr\/ceragas\/wp-json\/wp\/v2\/comments?post=70"}],"version-history":[{"count":9,"href":"https:\/\/blogs.univ-tlse2.fr\/ceragas\/wp-json\/wp\/v2\/pages\/70\/revisions"}],"predecessor-version":[{"id":82,"href":"https:\/\/blogs.univ-tlse2.fr\/ceragas\/wp-json\/wp\/v2\/pages\/70\/revisions\/82"}],"wp:attachment":[{"href":"https:\/\/blogs.univ-tlse2.fr\/ceragas\/wp-json\/wp\/v2\/media?parent=70"}],"curies":[{"name":"wp","href":"https:\/\/api.w.org\/{rel}","templated":true}]}}