 {"id":1007,"date":"2013-01-17T11:45:38","date_gmt":"2013-01-17T10:45:38","guid":{"rendered":"https:\/\/blogs.univ-tlse2.fr\/cerises\/?page_id=1007"},"modified":"2014-02-06T10:31:23","modified_gmt":"2014-02-06T09:31:23","slug":"exclusions-sociales-et-propriete","status":"publish","type":"page","link":"https:\/\/blogs.univ-tlse2.fr\/cerises\/formation\/master-et-doctorat-deconomie-sociale\/enseignements\/exclusions-sociales-et-propriete\/","title":{"rendered":"Exclusions sociales et propri\u00e9t\u00e9"},"content":{"rendered":"<p style=\"text-align: right\"><em>Fondamentaux &#8211; ECO350A &#8211; 25h<\/em><\/p>\n<p><strong>\u00a0Jacques PRADES &#8211; &#x70;&#x72;&#x61;&#x64;&#x65;&#x73;&#x40;&#x75;&#110;&#105;&#118;&#45;tlse2&#46;f&#x72;<\/strong><\/p>\n<p><!--more--><\/p>\n<h1>OBJECTIF<\/h1>\n<p>L\u2019\u00e9conomie sociale repose sur deux piliers : une lutte contre les diff\u00e9rentes formes de l\u2019exclusion sociale et l\u2019adh\u00e9sion \u00e0 des valeurs communes. Dans une premi\u00e8re partie, on cherche \u00e0 lister les structures relevant d\u2019une lutte contre l\u2019exclusion sociale ; dans une deuxi\u00e8me partie, on parcourt les utopies qui ont particip\u00e9 de valeurs de groupes.<\/p>\n<h1>PLAN DU COURS<\/h1>\n<p><strong>1 \u2013 Classement des diff\u00e9rentes structures<\/strong><\/p>\n<p><strong>\u2013 Les ressources informationnelles<\/strong><\/p>\n<p>La chambre r\u00e9gionale<br \/>\nLes boutiques de gestion, les centres de ressource<\/p>\n<p><strong>\u2013 Les ressources financi\u00e8res<\/strong><\/p>\n<p>En fonction du porteur du projet<br \/>\nEn fonction de la nature du projet<br \/>\nEn fonction du territoire<\/p>\n<p><strong>\u2013 Les entreprises sociales<\/strong><\/p>\n<p>EI, AI, ETTI, chantiers d\u2019insertion<br \/>\nLes SCOP, GEIQ, SCIC<\/p>\n<p><strong>\u2013 Les initiatives solidaires<\/strong><\/p>\n<p>Cr\u00eaches, jardins familiaux, SELS, RES<\/p>\n<p><strong>2 \u2013 Les utopies<\/strong><\/p>\n<p><strong>Th More, Owen, Fourrier, etc.<\/strong><\/p>\n<h1>BIBLIOGRAPHIE<\/h1>\n<p>J. Prades \u2013 B. Costa-Prades L\u2019\u00e9conomie solidaire, prendre sa vie en main, \u00e9ditions Milan Collection Les Essentiels.<\/p>\n<h2>Consultez aussi les modules d&rsquo;enseignements suivants :<\/h2>\n\n<!-- Page-list plugin v.5.9 wordpress.org\/plugins\/page-list\/ -->\n<ul class=\"page-list \">\n<li class=\"page_item page-item-1012\"><a href=\"https:\/\/blogs.univ-tlse2.fr\/cerises\/formation\/master-et-doctorat-deconomie-sociale\/enseignements\/histoire-de-leconomie-sociale\/\">Histoire de l&rsquo;\u00e9conomie sociale<\/a><\/li>\n<li class=\"page_item page-item-1014\"><a href=\"https:\/\/blogs.univ-tlse2.fr\/cerises\/formation\/master-et-doctorat-deconomie-sociale\/enseignements\/les-formes-democratiques\/\">Les formes d\u00e9mocratiques<\/a><\/li>\n<li class=\"page_item page-item-1019\"><a href=\"https:\/\/blogs.univ-tlse2.fr\/cerises\/formation\/master-et-doctorat-deconomie-sociale\/enseignements\/microfinance-et-appui-aux-initiatives-entrepreneuriales-locales\/\">Microfinance et appui aux initiatives entrepreneuriales locales<\/a><\/li>\n<li class=\"page_item page-item-1021\"><a href=\"https:\/\/blogs.univ-tlse2.fr\/cerises\/formation\/master-et-doctorat-deconomie-sociale\/enseignements\/etudes-de-cas\/\">Etudes de cas<\/a><\/li>\n<li class=\"page_item page-item-1023\"><a href=\"https:\/\/blogs.univ-tlse2.fr\/cerises\/formation\/master-et-doctorat-deconomie-sociale\/enseignements\/methodologie-de-projet\/\">M\u00e9thodologie de projet<\/a><\/li>\n<li class=\"page_item page-item-1025\"><a href=\"https:\/\/blogs.univ-tlse2.fr\/cerises\/formation\/master-et-doctorat-deconomie-sociale\/enseignements\/comptabilite\/\">Comptabilit\u00e9<\/a><\/li>\n<li class=\"page_item page-item-1027\"><a href=\"https:\/\/blogs.univ-tlse2.fr\/cerises\/formation\/master-et-doctorat-deconomie-sociale\/enseignements\/droit-des-groupements\/\">Droit des groupements<\/a><\/li>\n<li class=\"page_item page-item-1029\"><a href=\"https:\/\/blogs.univ-tlse2.fr\/cerises\/formation\/master-et-doctorat-deconomie-sociale\/enseignements\/methodologie-de-projet-2\/\">M\u00e9thodologie de projet<\/a><\/li>\n<li class=\"page_item page-item-1031\"><a href=\"https:\/\/blogs.univ-tlse2.fr\/cerises\/formation\/master-et-doctorat-deconomie-sociale\/enseignements\/langue-vivante\/\">Langue vivante<\/a><\/li>\n<li class=\"page_item page-item-1033\"><a href=\"https:\/\/blogs.univ-tlse2.fr\/cerises\/formation\/master-et-doctorat-deconomie-sociale\/enseignements\/des-destins-communs\/\">Des destins communs<\/a><\/li>\n<li class=\"page_item page-item-1035\"><a href=\"https:\/\/blogs.univ-tlse2.fr\/cerises\/formation\/master-et-doctorat-deconomie-sociale\/enseignements\/developpement-et-organisation\/\">D\u00e9veloppement et organisation<\/a><\/li>\n<li class=\"page_item page-item-1037\"><a href=\"https:\/\/blogs.univ-tlse2.fr\/cerises\/formation\/master-et-doctorat-deconomie-sociale\/enseignements\/gestion\/\">Gestion<\/a><\/li>\n<li class=\"page_item page-item-1039\"><a href=\"https:\/\/blogs.univ-tlse2.fr\/cerises\/formation\/master-et-doctorat-deconomie-sociale\/enseignements\/informatique\/\">Informatique<\/a><\/li>\n\n<\/ul>\n","protected":false},"excerpt":{"rendered":"<p>Fondamentaux &#8211; ECO350A &#8211; 25h \u00a0Jacques PRADES &#8211; &#112;r&#x61;d&#x65;s&#x40;u&#x6e;i&#x76;-&#x74;&#108;&#x73;&#101;2&#46;f&#x72;<\/p>\n","protected":false},"author":157,"featured_media":0,"parent":193,"menu_order":1,"comment_status":"closed","ping_status":"open","template":"","meta":{"footnotes":""},"class_list":["post-1007","page","type-page","status-publish","hentry"],"_links":{"self":[{"href":"https:\/\/blogs.univ-tlse2.fr\/cerises\/wp-json\/wp\/v2\/pages\/1007","targetHints":{"allow":["GET"]}}],"collection":[{"href":"https:\/\/blogs.univ-tlse2.fr\/cerises\/wp-json\/wp\/v2\/pages"}],"about":[{"href":"https:\/\/blogs.univ-tlse2.fr\/cerises\/wp-json\/wp\/v2\/types\/page"}],"author":[{"embeddable":true,"href":"https:\/\/blogs.univ-tlse2.fr\/cerises\/wp-json\/wp\/v2\/users\/157"}],"replies":[{"embeddable":true,"href":"https:\/\/blogs.univ-tlse2.fr\/cerises\/wp-json\/wp\/v2\/comments?post=1007"}],"version-history":[{"count":10,"href":"https:\/\/blogs.univ-tlse2.fr\/cerises\/wp-json\/wp\/v2\/pages\/1007\/revisions"}],"predecessor-version":[{"id":2838,"href":"https:\/\/blogs.univ-tlse2.fr\/cerises\/wp-json\/wp\/v2\/pages\/1007\/revisions\/2838"}],"up":[{"embeddable":true,"href":"https:\/\/blogs.univ-tlse2.fr\/cerises\/wp-json\/wp\/v2\/pages\/193"}],"wp:attachment":[{"href":"https:\/\/blogs.univ-tlse2.fr\/cerises\/wp-json\/wp\/v2\/media?parent=1007"}],"curies":[{"name":"wp","href":"https:\/\/api.w.org\/{rel}","templated":true}]}}