 {"id":1019,"date":"2013-01-17T12:01:33","date_gmt":"2013-01-17T11:01:33","guid":{"rendered":"https:\/\/blogs.univ-tlse2.fr\/cerises\/?page_id=1019"},"modified":"2014-02-06T10:31:23","modified_gmt":"2014-02-06T09:31:23","slug":"microfinance-et-appui-aux-initiatives-entrepreneuriales-locales","status":"publish","type":"page","link":"https:\/\/blogs.univ-tlse2.fr\/cerises\/formation\/master-et-doctorat-deconomie-sociale\/enseignements\/microfinance-et-appui-aux-initiatives-entrepreneuriales-locales\/","title":{"rendered":"Microfinance et appui aux initiatives entrepreneuriales locales"},"content":{"rendered":"<p style=\"text-align: right\"><em>Fondamentaux &#8211; ECO351A &#8211; 25h<\/em><\/p>\n<p><strong>Fran\u00e7ois FALL<\/strong><\/p>\n<p><!--more--><\/p>\n<h1>PLAN DU COURS<\/h1>\n<p><strong>Introduction g\u00e9n\u00e9rale<\/strong><\/p>\n<p>I. D\u00e9finition des concepts de base de la microfinance<\/p>\n<p>II. Les principes cl\u00e9s de la microfinance<\/p>\n<p>III. La microfinance et les objectifs de d\u00e9veloppement du mill\u00e9naire<\/p>\n<p><strong>Chapitre 1. Panorama de la microfinance \u00e0 travers le monde<\/strong><\/p>\n<p>I. L\u2019\u00e9mergence plan\u00e9taire du ph\u00e9nom\u00e8ne de microfinancement<\/p>\n<p>II. Les principaux mod\u00e8les de microfinance \u00e0 travers le monde<\/p>\n<p><strong>Chapitre 2. La responsabilit\u00e9 sociale et l\u2019imp\u00e9ratif de viabilit\u00e9 financi\u00e8re des IMF<\/strong><\/p>\n<p>I. La double mission financi\u00e8re et sociale en microfinance<\/p>\n<p>II. La question des taux d\u2019int\u00e9r\u00eat exorbitants<\/p>\n<p><strong>Chapitre 3 : La demande de services de microfinance<\/strong><\/p>\n<p>I. Les caract\u00e9ristiques des clients de la microfinance<\/p>\n<p>II. La mani\u00e8re dont les pauvres g\u00e8rent leur argent<\/p>\n<p>III. Les besoins exprim\u00e9s par les pauvres en services financiers<\/p>\n<p><strong>Chapitre 4 : Les prestataires de services et les sources de financement<\/strong><\/p>\n<p>I. Les principaux fournisseurs de services de microfinance<\/p>\n<p>II. Les principales sources de financement<\/p>\n<p><strong>Chapitre 5. L\u2019industrie fran\u00e7aise de la microfinance<\/strong><\/p>\n<p>I. Une approche de lutte contre l\u2019exclusion et le ch\u00f4mage<\/p>\n<p>II. Les principaux acteurs de la microfinance en France<\/p>\n<p><strong>Chapitre 6 : Micro-assurance et vuln\u00e9rabilit\u00e9 des populations pauvres<\/strong><\/p>\n<p>I. La d\u00e9finition de la microassurance<\/p>\n<p>II. Risques et vuln\u00e9rabilit\u00e9 chez les populations \u00e0 faible revenu<\/p>\n<p>III. Le march\u00e9 de la micro-assurance dans les pays en d\u00e9veloppement<\/p>\n<p><strong>Conclusion g\u00e9n\u00e9rale<\/strong><\/p>\n<h2>Consultez aussi les modules d&rsquo;enseignements suivants :<\/h2>\n\n<!-- Page-list plugin v.5.9 wordpress.org\/plugins\/page-list\/ -->\n<ul class=\"page-list \">\n<li class=\"page_item page-item-1007\"><a href=\"https:\/\/blogs.univ-tlse2.fr\/cerises\/formation\/master-et-doctorat-deconomie-sociale\/enseignements\/exclusions-sociales-et-propriete\/\">Exclusions sociales et propri\u00e9t\u00e9<\/a><\/li>\n<li class=\"page_item page-item-1012\"><a href=\"https:\/\/blogs.univ-tlse2.fr\/cerises\/formation\/master-et-doctorat-deconomie-sociale\/enseignements\/histoire-de-leconomie-sociale\/\">Histoire de l&rsquo;\u00e9conomie sociale<\/a><\/li>\n<li class=\"page_item page-item-1014\"><a href=\"https:\/\/blogs.univ-tlse2.fr\/cerises\/formation\/master-et-doctorat-deconomie-sociale\/enseignements\/les-formes-democratiques\/\">Les formes d\u00e9mocratiques<\/a><\/li>\n<li class=\"page_item page-item-1021\"><a href=\"https:\/\/blogs.univ-tlse2.fr\/cerises\/formation\/master-et-doctorat-deconomie-sociale\/enseignements\/etudes-de-cas\/\">Etudes de cas<\/a><\/li>\n<li class=\"page_item page-item-1023\"><a href=\"https:\/\/blogs.univ-tlse2.fr\/cerises\/formation\/master-et-doctorat-deconomie-sociale\/enseignements\/methodologie-de-projet\/\">M\u00e9thodologie de projet<\/a><\/li>\n<li class=\"page_item page-item-1025\"><a href=\"https:\/\/blogs.univ-tlse2.fr\/cerises\/formation\/master-et-doctorat-deconomie-sociale\/enseignements\/comptabilite\/\">Comptabilit\u00e9<\/a><\/li>\n<li class=\"page_item page-item-1027\"><a href=\"https:\/\/blogs.univ-tlse2.fr\/cerises\/formation\/master-et-doctorat-deconomie-sociale\/enseignements\/droit-des-groupements\/\">Droit des groupements<\/a><\/li>\n<li class=\"page_item page-item-1029\"><a href=\"https:\/\/blogs.univ-tlse2.fr\/cerises\/formation\/master-et-doctorat-deconomie-sociale\/enseignements\/methodologie-de-projet-2\/\">M\u00e9thodologie de projet<\/a><\/li>\n<li class=\"page_item page-item-1031\"><a href=\"https:\/\/blogs.univ-tlse2.fr\/cerises\/formation\/master-et-doctorat-deconomie-sociale\/enseignements\/langue-vivante\/\">Langue vivante<\/a><\/li>\n<li class=\"page_item page-item-1033\"><a href=\"https:\/\/blogs.univ-tlse2.fr\/cerises\/formation\/master-et-doctorat-deconomie-sociale\/enseignements\/des-destins-communs\/\">Des destins communs<\/a><\/li>\n<li class=\"page_item page-item-1035\"><a href=\"https:\/\/blogs.univ-tlse2.fr\/cerises\/formation\/master-et-doctorat-deconomie-sociale\/enseignements\/developpement-et-organisation\/\">D\u00e9veloppement et organisation<\/a><\/li>\n<li class=\"page_item page-item-1037\"><a href=\"https:\/\/blogs.univ-tlse2.fr\/cerises\/formation\/master-et-doctorat-deconomie-sociale\/enseignements\/gestion\/\">Gestion<\/a><\/li>\n<li class=\"page_item page-item-1039\"><a href=\"https:\/\/blogs.univ-tlse2.fr\/cerises\/formation\/master-et-doctorat-deconomie-sociale\/enseignements\/informatique\/\">Informatique<\/a><\/li>\n\n<\/ul>\n<p>&nbsp;<\/p>\n","protected":false},"excerpt":{"rendered":"<p>Fondamentaux &#8211; ECO351A &#8211; 25h Fran\u00e7ois FALL<\/p>\n","protected":false},"author":157,"featured_media":0,"parent":193,"menu_order":4,"comment_status":"closed","ping_status":"open","template":"","meta":{"footnotes":""},"class_list":["post-1019","page","type-page","status-publish","hentry"],"_links":{"self":[{"href":"https:\/\/blogs.univ-tlse2.fr\/cerises\/wp-json\/wp\/v2\/pages\/1019","targetHints":{"allow":["GET"]}}],"collection":[{"href":"https:\/\/blogs.univ-tlse2.fr\/cerises\/wp-json\/wp\/v2\/pages"}],"about":[{"href":"https:\/\/blogs.univ-tlse2.fr\/cerises\/wp-json\/wp\/v2\/types\/page"}],"author":[{"embeddable":true,"href":"https:\/\/blogs.univ-tlse2.fr\/cerises\/wp-json\/wp\/v2\/users\/157"}],"replies":[{"embeddable":true,"href":"https:\/\/blogs.univ-tlse2.fr\/cerises\/wp-json\/wp\/v2\/comments?post=1019"}],"version-history":[{"count":4,"href":"https:\/\/blogs.univ-tlse2.fr\/cerises\/wp-json\/wp\/v2\/pages\/1019\/revisions"}],"predecessor-version":[{"id":2841,"href":"https:\/\/blogs.univ-tlse2.fr\/cerises\/wp-json\/wp\/v2\/pages\/1019\/revisions\/2841"}],"up":[{"embeddable":true,"href":"https:\/\/blogs.univ-tlse2.fr\/cerises\/wp-json\/wp\/v2\/pages\/193"}],"wp:attachment":[{"href":"https:\/\/blogs.univ-tlse2.fr\/cerises\/wp-json\/wp\/v2\/media?parent=1019"}],"curies":[{"name":"wp","href":"https:\/\/api.w.org\/{rel}","templated":true}]}}