 {"id":1029,"date":"2013-01-17T12:11:25","date_gmt":"2013-01-17T11:11:25","guid":{"rendered":"https:\/\/blogs.univ-tlse2.fr\/cerises\/?page_id=1029"},"modified":"2014-02-06T10:31:24","modified_gmt":"2014-02-06T09:31:24","slug":"methodologie-de-projet-2","status":"publish","type":"page","link":"https:\/\/blogs.univ-tlse2.fr\/cerises\/formation\/master-et-doctorat-deconomie-sociale\/enseignements\/methodologie-de-projet-2\/","title":{"rendered":"M\u00e9thodologie de projet"},"content":{"rendered":"<p style=\"text-align: right\"><em>Outils &#8211; UE354 &#8211; 25h<\/em><\/p>\n<p><strong>St\u00e9phane H\u00e9nin<\/strong> <!--more--><\/p>\n<h1>OBJECTIFS<\/h1>\n<p>Accompagner les \u00e9tudiants dans l\u2019\u00e9laboration, la mise en \u0153uvre et le d\u00e9veloppement de leur projet \u00e0 partir d\u2019apports th\u00e9oriques, de r\u00e9flexions et d&rsquo;outils sur la conduite d&rsquo;un projet de cr\u00e9ation d&rsquo;activit\u00e9s dans le champs de l\u2019\u00e9conomie sociale et solidaire.<\/p>\n<h1>PLAN DU COURS<\/h1>\n<p><strong>La conduite d&rsquo;un projet d&rsquo;\u00e9conomie sociale et solidaire<\/strong><\/p>\n<ol>\n<li><strong>D\u00e9finir une strat\u00e9gie et produire un plan d&rsquo;affaires :<\/strong> anticiper les risques et passer les obstacles<\/li>\n<li><strong>Construire son plan de financement :<\/strong> fonds propres, emprunts, aides publiques et priv\u00e9es<\/li>\n<li><strong>S&rsquo;accorder sur le partage du pouvoir avec toutes les parties prenantes :<\/strong> gouvernance, partenariats, charte d&rsquo;associ\u00e9s, statuts<\/li>\n<li><strong>Manager le projet :<\/strong> veiller \u00e0 ma\u00eetrise des co\u00fbts, des d\u00e9lais et de la r\u00e9alisation des objectifs<\/li>\n<li><strong>Le r\u00f4le du chef de projet :<\/strong> animation, communication, facilitation, prise de d\u00e9cision, gestion de conflits<\/li>\n<li><strong>\u00c9valuer le projet :<\/strong> mesure des \u00e9carts, tableaux de bords \u00e9conomiques, financiers et sociaux<\/li>\n<\/ol>\n<h1>BIBLIOGRAPHIE<\/h1>\n<p>Patrick Alonso, Ma\u00eetriser la conduite de projet, m\u00e9th\u00e9dologie, outils, \u00e9tudes de cas, 2006, 188 Pages. Edition Ellipses.<\/p>\n<p>Alexander Osterwalder &amp; Yves Pigneur, Business Model Generation, 2010, 280 Pages. John Willey &amp; Sons,Inc. <a href=\"http:\/\/www.businessmodelgeneration.com\/book\" target=\"_blank\">http:\/\/www.businessmodelgeneration.com\/book<\/a><\/p>\n<p>Jean-Pierre Boutinet, Anthropologie du projet, 1990, 405 pages. Presses Universitaires de France.<\/p>\n<h2>Consultez aussi les modules d&rsquo;enseignements suivants :<\/h2>\n\n<!-- Page-list plugin v.5.9 wordpress.org\/plugins\/page-list\/ -->\n<ul class=\"page-list \">\n<li class=\"page_item page-item-1007\"><a href=\"https:\/\/blogs.univ-tlse2.fr\/cerises\/formation\/master-et-doctorat-deconomie-sociale\/enseignements\/exclusions-sociales-et-propriete\/\">Exclusions sociales et propri\u00e9t\u00e9<\/a><\/li>\n<li class=\"page_item page-item-1012\"><a href=\"https:\/\/blogs.univ-tlse2.fr\/cerises\/formation\/master-et-doctorat-deconomie-sociale\/enseignements\/histoire-de-leconomie-sociale\/\">Histoire de l&rsquo;\u00e9conomie sociale<\/a><\/li>\n<li class=\"page_item page-item-1014\"><a href=\"https:\/\/blogs.univ-tlse2.fr\/cerises\/formation\/master-et-doctorat-deconomie-sociale\/enseignements\/les-formes-democratiques\/\">Les formes d\u00e9mocratiques<\/a><\/li>\n<li class=\"page_item page-item-1019\"><a href=\"https:\/\/blogs.univ-tlse2.fr\/cerises\/formation\/master-et-doctorat-deconomie-sociale\/enseignements\/microfinance-et-appui-aux-initiatives-entrepreneuriales-locales\/\">Microfinance et appui aux initiatives entrepreneuriales locales<\/a><\/li>\n<li class=\"page_item page-item-1021\"><a href=\"https:\/\/blogs.univ-tlse2.fr\/cerises\/formation\/master-et-doctorat-deconomie-sociale\/enseignements\/etudes-de-cas\/\">Etudes de cas<\/a><\/li>\n<li class=\"page_item page-item-1023\"><a href=\"https:\/\/blogs.univ-tlse2.fr\/cerises\/formation\/master-et-doctorat-deconomie-sociale\/enseignements\/methodologie-de-projet\/\">M\u00e9thodologie de projet<\/a><\/li>\n<li class=\"page_item page-item-1025\"><a href=\"https:\/\/blogs.univ-tlse2.fr\/cerises\/formation\/master-et-doctorat-deconomie-sociale\/enseignements\/comptabilite\/\">Comptabilit\u00e9<\/a><\/li>\n<li class=\"page_item page-item-1027\"><a href=\"https:\/\/blogs.univ-tlse2.fr\/cerises\/formation\/master-et-doctorat-deconomie-sociale\/enseignements\/droit-des-groupements\/\">Droit des groupements<\/a><\/li>\n<li class=\"page_item page-item-1031\"><a href=\"https:\/\/blogs.univ-tlse2.fr\/cerises\/formation\/master-et-doctorat-deconomie-sociale\/enseignements\/langue-vivante\/\">Langue vivante<\/a><\/li>\n<li class=\"page_item page-item-1033\"><a href=\"https:\/\/blogs.univ-tlse2.fr\/cerises\/formation\/master-et-doctorat-deconomie-sociale\/enseignements\/des-destins-communs\/\">Des destins communs<\/a><\/li>\n<li class=\"page_item page-item-1035\"><a href=\"https:\/\/blogs.univ-tlse2.fr\/cerises\/formation\/master-et-doctorat-deconomie-sociale\/enseignements\/developpement-et-organisation\/\">D\u00e9veloppement et organisation<\/a><\/li>\n<li class=\"page_item page-item-1037\"><a href=\"https:\/\/blogs.univ-tlse2.fr\/cerises\/formation\/master-et-doctorat-deconomie-sociale\/enseignements\/gestion\/\">Gestion<\/a><\/li>\n<li class=\"page_item page-item-1039\"><a href=\"https:\/\/blogs.univ-tlse2.fr\/cerises\/formation\/master-et-doctorat-deconomie-sociale\/enseignements\/informatique\/\">Informatique<\/a><\/li>\n\n<\/ul>\n","protected":false},"excerpt":{"rendered":"<p>Outils &#8211; UE354 &#8211; 25h St\u00e9phane H\u00e9nin<\/p>\n","protected":false},"author":157,"featured_media":0,"parent":193,"menu_order":9,"comment_status":"closed","ping_status":"open","template":"","meta":{"footnotes":""},"class_list":["post-1029","page","type-page","status-publish","hentry"],"_links":{"self":[{"href":"https:\/\/blogs.univ-tlse2.fr\/cerises\/wp-json\/wp\/v2\/pages\/1029","targetHints":{"allow":["GET"]}}],"collection":[{"href":"https:\/\/blogs.univ-tlse2.fr\/cerises\/wp-json\/wp\/v2\/pages"}],"about":[{"href":"https:\/\/blogs.univ-tlse2.fr\/cerises\/wp-json\/wp\/v2\/types\/page"}],"author":[{"embeddable":true,"href":"https:\/\/blogs.univ-tlse2.fr\/cerises\/wp-json\/wp\/v2\/users\/157"}],"replies":[{"embeddable":true,"href":"https:\/\/blogs.univ-tlse2.fr\/cerises\/wp-json\/wp\/v2\/comments?post=1029"}],"version-history":[{"count":4,"href":"https:\/\/blogs.univ-tlse2.fr\/cerises\/wp-json\/wp\/v2\/pages\/1029\/revisions"}],"predecessor-version":[{"id":2846,"href":"https:\/\/blogs.univ-tlse2.fr\/cerises\/wp-json\/wp\/v2\/pages\/1029\/revisions\/2846"}],"up":[{"embeddable":true,"href":"https:\/\/blogs.univ-tlse2.fr\/cerises\/wp-json\/wp\/v2\/pages\/193"}],"wp:attachment":[{"href":"https:\/\/blogs.univ-tlse2.fr\/cerises\/wp-json\/wp\/v2\/media?parent=1029"}],"curies":[{"name":"wp","href":"https:\/\/api.w.org\/{rel}","templated":true}]}}